{"id":321,"date":"2020-10-17T20:38:44","date_gmt":"2020-10-17T22:38:44","guid":{"rendered":"https:\/\/sites.usp.br\/niephe\/?page_id=321"},"modified":"2020-10-20T15:13:12","modified_gmt":"2020-10-20T17:13:12","slug":"25-anos","status":"publish","type":"page","link":"https:\/\/sites.usp.br\/niephe\/25-anos\/","title":{"rendered":"Mem\u00f3ria"},"content":{"rendered":"<p>O NIEPHE surgiu em 1996, com a reuni\u00e3o de pesquisadores da Faculdade de Educa\u00e7\u00e3o e do Departamento de Hist\u00f3ria da USP, no Instituto de Estudos Brasileiros da USP, a partir de Projeto Jovem Pesquisador FAPESP, concedido \u00e0 Diana Vidal, para tratamento dos 16 mil documentos do Fundo Fernando de Azevedo. Nestes <strong>25 anos<\/strong>,\u00a0 o grupo cresceu e muitas hist\u00f3rias foram tramadas na conviv\u00eancia acad\u00eamica. Conte a sua! Use o formul\u00e1rio abaixo. Vamos comemorar junt@s este anivers\u00e1rio!<\/p>\n[wpforms id=&#8221;410&#8243;]\n<p>&nbsp;<\/p>\n<p>&nbsp;<\/p>\n","protected":false},"excerpt":{"rendered":"<p>O NIEPHE surgiu em 1996, com a reuni\u00e3o de pesquisadores da Faculdade de Educa\u00e7\u00e3o e do Departamento de Hist\u00f3ria da USP, no Instituto de Estudos Brasileiros da USP, a partir de Projeto Jovem Pesquisador FAPESP, concedido \u00e0 Diana Vidal, para tratamento dos 16 mil documentos do Fundo Fernando de Azevedo. Nestes 25 anos,\u00a0 o grupo&hellip;<\/p>\n","protected":false},"author":21860,"featured_media":0,"parent":0,"menu_order":26,"comment_status":"closed","ping_status":"closed","template":"","meta":{"footnotes":"","_links_to":"","_links_to_target":""},"class_list":["post-321","page","type-page","status-publish","hentry","post"],"_links":{"self":[{"href":"https:\/\/sites.usp.br\/niephe\/wp-json\/wp\/v2\/pages\/321","targetHints":{"allow":["GET"]}}],"collection":[{"href":"https:\/\/sites.usp.br\/niephe\/wp-json\/wp\/v2\/pages"}],"about":[{"href":"https:\/\/sites.usp.br\/niephe\/wp-json\/wp\/v2\/types\/page"}],"author":[{"embeddable":true,"href":"https:\/\/sites.usp.br\/niephe\/wp-json\/wp\/v2\/users\/21860"}],"replies":[{"embeddable":true,"href":"https:\/\/sites.usp.br\/niephe\/wp-json\/wp\/v2\/comments?post=321"}],"version-history":[{"count":4,"href":"https:\/\/sites.usp.br\/niephe\/wp-json\/wp\/v2\/pages\/321\/revisions"}],"predecessor-version":[{"id":460,"href":"https:\/\/sites.usp.br\/niephe\/wp-json\/wp\/v2\/pages\/321\/revisions\/460"}],"wp:attachment":[{"href":"https:\/\/sites.usp.br\/niephe\/wp-json\/wp\/v2\/media?parent=321"}],"curies":[{"name":"wp","href":"https:\/\/api.w.org\/{rel}","templated":true}]}}