{"id":334,"date":"2020-10-17T20:46:58","date_gmt":"2020-10-17T22:46:58","guid":{"rendered":"https:\/\/sites.usp.br\/niephe\/?page_id=334"},"modified":"2020-10-18T11:30:03","modified_gmt":"2020-10-18T13:30:03","slug":"publicacoes-2","status":"publish","type":"page","link":"https:\/\/sites.usp.br\/niephe\/publicacoes-2\/","title":{"rendered":"Publica\u00e7\u00f5es"},"content":{"rendered":"<div id='gallery-1' class='gallery galleryid-334 gallery-columns-3 gallery-size-medium'><figure class='gallery-item'>\n\t\t\t<div class='gallery-icon portrait'>\n\t\t\t\t<a href='https:\/\/sites.usp.br\/niephe\/publicacoes-2\/culturas\/'><img loading=\"lazy\" decoding=\"async\" width=\"195\" height=\"293\" src=\"https:\/\/sites.usp.br\/niephe\/wp-content\/uploads\/sites\/840\/2020\/10\/culturas.jpg\" class=\"attachment-medium size-medium\" alt=\"\" aria-describedby=\"gallery-1-381\" \/><\/a>\n\t\t\t<\/div>\n\t\t\t\t<figcaption class='wp-caption-text gallery-caption' id='gallery-1-381'>\n\t\t\t\tCulturas Escolares: Estudo Sobre Pr\u00e1ticas de Leitura e Escrita na Escola P\u00fablica Prim\u00e1ria (Brasil e Fran\u00e7a, Final do S\u00e9culo XIX)\n\t\t\t\t<\/figcaption><\/figure><figure class='gallery-item'>\n\t\t\t<div class='gallery-icon portrait'>\n\t\t\t\t<a href='https:\/\/sites.usp.br\/niephe\/publicacoes-2\/inconstancia\/'><img loading=\"lazy\" decoding=\"async\" width=\"200\" height=\"300\" src=\"https:\/\/sites.usp.br\/niephe\/wp-content\/uploads\/sites\/840\/2020\/10\/inconstancia-200x300.jpg\" class=\"attachment-medium size-medium\" alt=\"\" aria-describedby=\"gallery-1-379\" srcset=\"https:\/\/sites.usp.br\/niephe\/wp-content\/uploads\/sites\/840\/2020\/10\/inconstancia-200x300.jpg 200w, https:\/\/sites.usp.br\/niephe\/wp-content\/uploads\/sites\/840\/2020\/10\/inconstancia.jpg 240w\" sizes=\"auto, (max-width: 200px) 100vw, 200px\" \/><\/a>\n\t\t\t<\/div>\n\t\t\t\t<figcaption class='wp-caption-text gallery-caption' id='gallery-1-379'>\n\t\t\t\tNa (in)const\u00e2ncia da Palavra: Deslocamentos de uma Professora e Pesquisadora\n\t\t\t\t<\/figcaption><\/figure><figure class='gallery-item'>\n\t\t\t<div class='gallery-icon portrait'>\n\t\t\t\t<a href='https:\/\/sites.usp.br\/niephe\/publicacoes-2\/reformas\/'><img loading=\"lazy\" decoding=\"async\" width=\"193\" height=\"300\" src=\"https:\/\/sites.usp.br\/niephe\/wp-content\/uploads\/sites\/840\/2020\/10\/reformas-193x300.jpg\" class=\"attachment-medium size-medium\" alt=\"\" aria-describedby=\"gallery-1-377\" srcset=\"https:\/\/sites.usp.br\/niephe\/wp-content\/uploads\/sites\/840\/2020\/10\/reformas-193x300.jpg 193w, https:\/\/sites.usp.br\/niephe\/wp-content\/uploads\/sites\/840\/2020\/10\/reformas-386x600.jpg 386w, https:\/\/sites.usp.br\/niephe\/wp-content\/uploads\/sites\/840\/2020\/10\/reformas.jpg 514w\" sizes=\"auto, (max-width: 193px) 100vw, 193px\" \/><\/a>\n\t\t\t<\/div>\n\t\t\t\t<figcaption class='wp-caption-text gallery-caption' id='gallery-1-377'>\n\t\t\t\tReformas Educacionais: as Manifesta\u00e7\u00f5es da Escola Nova no Brasil (1920 a 1946)\n\t\t\t\t<\/figcaption><\/figure><figure class='gallery-item'>\n\t\t\t<div class='gallery-icon portrait'>\n\t\t\t\t<a href='https:\/\/sites.usp.br\/niephe\/publicacoes-2\/capalivro_madeirasartesflechas\/'><img loading=\"lazy\" decoding=\"async\" width=\"228\" height=\"300\" src=\"https:\/\/sites.usp.br\/niephe\/wp-content\/uploads\/sites\/840\/2020\/10\/CapaLivro_MadeirasArtesFlechas-228x300.jpg\" class=\"attachment-medium size-medium\" alt=\"\" aria-describedby=\"gallery-1-347\" srcset=\"https:\/\/sites.usp.br\/niephe\/wp-content\/uploads\/sites\/840\/2020\/10\/CapaLivro_MadeirasArtesFlechas-228x300.jpg 228w, https:\/\/sites.usp.br\/niephe\/wp-content\/uploads\/sites\/840\/2020\/10\/CapaLivro_MadeirasArtesFlechas-777x1024.jpg 777w, https:\/\/sites.usp.br\/niephe\/wp-content\/uploads\/sites\/840\/2020\/10\/CapaLivro_MadeirasArtesFlechas-768x1013.jpg 768w, https:\/\/sites.usp.br\/niephe\/wp-content\/uploads\/sites\/840\/2020\/10\/CapaLivro_MadeirasArtesFlechas-1165x1536.jpg 1165w, https:\/\/sites.usp.br\/niephe\/wp-content\/uploads\/sites\/840\/2020\/10\/CapaLivro_MadeirasArtesFlechas-1553x2048.jpg 1553w, https:\/\/sites.usp.br\/niephe\/wp-content\/uploads\/sites\/840\/2020\/10\/CapaLivro_MadeirasArtesFlechas-400x527.jpg 400w, https:\/\/sites.usp.br\/niephe\/wp-content\/uploads\/sites\/840\/2020\/10\/CapaLivro_MadeirasArtesFlechas-scaled.jpg 1942w\" sizes=\"auto, (max-width: 228px) 100vw, 228px\" \/><\/a>\n\t\t\t<\/div>\n\t\t\t\t<figcaption class='wp-caption-text gallery-caption' id='gallery-1-347'>\n\t\t\t\tDe madeiras e artes de fazer flechas: apontamentos te\u00f3rico-metodol\u00f3gicos em hist\u00f3ria da educa\u00e7\u00e3o\n\t\t\t\t<\/figcaption><\/figure><figure class='gallery-item'>\n\t\t\t<div class='gallery-icon portrait'>\n\t\t\t\t<a href='https:\/\/sites.usp.br\/niephe\/publicacoes-2\/educacao-nova\/'><img loading=\"lazy\" decoding=\"async\" width=\"197\" height=\"300\" src=\"https:\/\/sites.usp.br\/niephe\/wp-content\/uploads\/sites\/840\/2020\/10\/educa\u00e7\u00e3o-nova-197x300.jpg\" class=\"attachment-medium size-medium\" alt=\"\" aria-describedby=\"gallery-1-348\" srcset=\"https:\/\/sites.usp.br\/niephe\/wp-content\/uploads\/sites\/840\/2020\/10\/educa\u00e7\u00e3o-nova-197x300.jpg 197w, https:\/\/sites.usp.br\/niephe\/wp-content\/uploads\/sites\/840\/2020\/10\/educa\u00e7\u00e3o-nova.jpg 336w\" sizes=\"auto, (max-width: 197px) 100vw, 197px\" \/><\/a>\n\t\t\t<\/div>\n\t\t\t\t<figcaption class='wp-caption-text gallery-caption' id='gallery-1-348'>\n\t\t\t\tMovimento internacional da educa\u00e7\u00e3o nova\n\t\t\t\t<\/figcaption><\/figure><figure class='gallery-item'>\n\t\t\t<div class='gallery-icon portrait'>\n\t\t\t\t<a href='https:\/\/sites.usp.br\/niephe\/publicacoes-2\/fernando-2-2\/'><img loading=\"lazy\" decoding=\"async\" width=\"198\" height=\"300\" src=\"https:\/\/sites.usp.br\/niephe\/wp-content\/uploads\/sites\/840\/2020\/10\/fernando-2-198x300.png\" class=\"attachment-medium size-medium\" alt=\"\" aria-describedby=\"gallery-1-385\" srcset=\"https:\/\/sites.usp.br\/niephe\/wp-content\/uploads\/sites\/840\/2020\/10\/fernando-2-198x300.png 198w, https:\/\/sites.usp.br\/niephe\/wp-content\/uploads\/sites\/840\/2020\/10\/fernando-2.png 324w\" sizes=\"auto, (max-width: 198px) 100vw, 198px\" \/><\/a>\n\t\t\t<\/div>\n\t\t\t\t<figcaption class='wp-caption-text gallery-caption' id='gallery-1-385'>\n\t\t\t\tFernando de Azevedo em Releituras: Sobre Lutas Travadas, Investiga\u00e7\u00f5es Realizadas e Documentos Guardados\n\t\t\t\t<\/figcaption><\/figure><figure class='gallery-item'>\n\t\t\t<div class='gallery-icon portrait'>\n\t\t\t\t<a href='https:\/\/sites.usp.br\/niephe\/reforma\/'><img loading=\"lazy\" decoding=\"async\" width=\"200\" height=\"300\" src=\"https:\/\/sites.usp.br\/niephe\/wp-content\/uploads\/sites\/840\/2020\/10\/reforma-200x300.jpg\" class=\"attachment-medium size-medium\" alt=\"\" aria-describedby=\"gallery-1-352\" srcset=\"https:\/\/sites.usp.br\/niephe\/wp-content\/uploads\/sites\/840\/2020\/10\/reforma-200x300.jpg 200w, https:\/\/sites.usp.br\/niephe\/wp-content\/uploads\/sites\/840\/2020\/10\/reforma.jpg 240w\" sizes=\"auto, (max-width: 200px) 100vw, 200px\" \/><\/a>\n\t\t\t<\/div>\n\t\t\t\t<figcaption class='wp-caption-text gallery-caption' id='gallery-1-352'>\n\t\t\t\tEducacao E Reforma &#8211; O Rio De Janeiro Nos Anos 1920-1930\n\t\t\t\t<\/figcaption><\/figure><figure class='gallery-item'>\n\t\t\t<div class='gallery-icon portrait'>\n\t\t\t\t<a href='https:\/\/sites.usp.br\/niephe\/publicacoes-2\/ascolani\/'><img loading=\"lazy\" decoding=\"async\" width=\"200\" height=\"300\" src=\"https:\/\/sites.usp.br\/niephe\/wp-content\/uploads\/sites\/840\/2020\/10\/ascolani-200x300.jpg\" class=\"attachment-medium size-medium\" alt=\"\" aria-describedby=\"gallery-1-380\" srcset=\"https:\/\/sites.usp.br\/niephe\/wp-content\/uploads\/sites\/840\/2020\/10\/ascolani-200x300.jpg 200w, https:\/\/sites.usp.br\/niephe\/wp-content\/uploads\/sites\/840\/2020\/10\/ascolani.jpg 240w\" sizes=\"auto, (max-width: 200px) 100vw, 200px\" \/><\/a>\n\t\t\t<\/div>\n\t\t\t\t<figcaption class='wp-caption-text gallery-caption' id='gallery-1-380'>\n\t\t\t\tReformas educativas no Brasil e na Argentina: ensaios de hist\u00f3ria comparada da educa\u00e7\u00e3o (1820-2000) \n\t\t\t\t<\/figcaption><\/figure><figure class='gallery-item'>\n\t\t\t<div class='gallery-icon portrait'>\n\t\t\t\t<a href='https:\/\/sites.usp.br\/niephe\/publicacoes-2\/mulheres\/'><img loading=\"lazy\" decoding=\"async\" width=\"197\" height=\"300\" src=\"https:\/\/sites.usp.br\/niephe\/wp-content\/uploads\/sites\/840\/2020\/10\/mulheres-197x300.jpg\" class=\"attachment-medium size-medium\" alt=\"\" aria-describedby=\"gallery-1-351\" srcset=\"https:\/\/sites.usp.br\/niephe\/wp-content\/uploads\/sites\/840\/2020\/10\/mulheres-197x300.jpg 197w, https:\/\/sites.usp.br\/niephe\/wp-content\/uploads\/sites\/840\/2020\/10\/mulheres.jpg 336w\" sizes=\"auto, (max-width: 197px) 100vw, 197px\" \/><\/a>\n\t\t\t<\/div>\n\t\t\t\t<figcaption class='wp-caption-text gallery-caption' id='gallery-1-351'>\n\t\t\t\tMULHERES INOVADORAS NO ENSINO (S\u00c3O PAULO, S\u00c9CULOS XIX E XX)\n\t\t\t\t<\/figcaption><\/figure>\n\t\t<\/div>\n\n<p>&nbsp;<\/p>\n<p>&nbsp;<\/p>\n<p>&nbsp;<\/p>\n<p>&nbsp;<\/p>\n<p>&nbsp;<\/p>\n<p>&nbsp;<\/p>\n<p>&nbsp;<\/p>\n","protected":false},"excerpt":{"rendered":"<p>&nbsp; &nbsp; &nbsp; &nbsp; &nbsp; &nbsp; &nbsp;<\/p>\n","protected":false},"author":21860,"featured_media":0,"parent":0,"menu_order":26,"comment_status":"closed","ping_status":"closed","template":"","meta":{"footnotes":"","_links_to":"","_links_to_target":""},"class_list":["post-334","page","type-page","status-publish","hentry","post"],"_links":{"self":[{"href":"https:\/\/sites.usp.br\/niephe\/wp-json\/wp\/v2\/pages\/334","targetHints":{"allow":["GET"]}}],"collection":[{"href":"https:\/\/sites.usp.br\/niephe\/wp-json\/wp\/v2\/pages"}],"about":[{"href":"https:\/\/sites.usp.br\/niephe\/wp-json\/wp\/v2\/types\/page"}],"author":[{"embeddable":true,"href":"https:\/\/sites.usp.br\/niephe\/wp-json\/wp\/v2\/users\/21860"}],"replies":[{"embeddable":true,"href":"https:\/\/sites.usp.br\/niephe\/wp-json\/wp\/v2\/comments?post=334"}],"version-history":[{"count":6,"href":"https:\/\/sites.usp.br\/niephe\/wp-json\/wp\/v2\/pages\/334\/revisions"}],"predecessor-version":[{"id":1090,"href":"https:\/\/sites.usp.br\/niephe\/wp-json\/wp\/v2\/pages\/334\/revisions\/1090"}],"wp:attachment":[{"href":"https:\/\/sites.usp.br\/niephe\/wp-json\/wp\/v2\/media?parent=334"}],"curies":[{"name":"wp","href":"https:\/\/api.w.org\/{rel}","templated":true}]}}

Publicações

<div id='gallery-1' class='gallery galleryid-334 gallery-columns-3 gallery-size-medium'><figure class='gallery-item'>
			<div class='gallery-icon portrait'>
				<a href='https://sites.usp.br/niephe/publicacoes-2/culturas/'><img loading="lazy" decoding="async" width="195" height="293" src="https://sites.usp.br/niephe/wp-content/uploads/sites/840/2020/10/culturas.jpg" class="attachment-medium size-medium" alt="" aria-describedby="gallery-1-381" /></a>
			</div>
				<figcaption class='wp-caption-text gallery-caption' id='gallery-1-381'>
				Culturas Escolares: Estudo Sobre Práticas de Leitura e Escrita na Escola Pública Primária (Brasil e França, Final do Século XIX)
				</figcaption></figure><figure class='gallery-item'>
			<div class='gallery-icon portrait'>
				<a href='https://sites.usp.br/niephe/publicacoes-2/inconstancia/'><img loading="lazy" decoding="async" width="200" height="300" src="https://sites.usp.br/niephe/wp-content/uploads/sites/840/2020/10/inconstancia-200x300.jpg" class="attachment-medium size-medium" alt="" aria-describedby="gallery-1-379" srcset="https://sites.usp.br/niephe/wp-content/uploads/sites/840/2020/10/inconstancia-200x300.jpg 200w, https://sites.usp.br/niephe/wp-content/uploads/sites/840/2020/10/inconstancia.jpg 240w" sizes="auto, (max-width: 200px) 100vw, 200px" /></a>
			</div>
				<figcaption class='wp-caption-text gallery-caption' id='gallery-1-379'>
				Na (in)constância da Palavra: Deslocamentos de uma Professora e Pesquisadora
				</figcaption></figure><figure class='gallery-item'>
			<div class='gallery-icon portrait'>
				<a href='https://sites.usp.br/niephe/publicacoes-2/reformas/'><img loading="lazy" decoding="async" width="193" height="300" src="https://sites.usp.br/niephe/wp-content/uploads/sites/840/2020/10/reformas-193x300.jpg" class="attachment-medium size-medium" alt="" aria-describedby="gallery-1-377" srcset="https://sites.usp.br/niephe/wp-content/uploads/sites/840/2020/10/reformas-193x300.jpg 193w, https://sites.usp.br/niephe/wp-content/uploads/sites/840/2020/10/reformas-386x600.jpg 386w, https://sites.usp.br/niephe/wp-content/uploads/sites/840/2020/10/reformas.jpg 514w" sizes="auto, (max-width: 193px) 100vw, 193px" /></a>
			</div>
				<figcaption class='wp-caption-text gallery-caption' id='gallery-1-377'>
				Reformas Educacionais: as Manifestações da Escola Nova no Brasil (1920 a 1946)
				</figcaption></figure><figure class='gallery-item'>
			<div class='gallery-icon portrait'>
				<a href='https://sites.usp.br/niephe/publicacoes-2/capalivro_madeirasartesflechas/'><img loading="lazy" decoding="async" width="228" height="300" src="https://sites.usp.br/niephe/wp-content/uploads/sites/840/2020/10/CapaLivro_MadeirasArtesFlechas-228x300.jpg" class="attachment-medium size-medium" alt="" aria-describedby="gallery-1-347" srcset="https://sites.usp.br/niephe/wp-content/uploads/sites/840/2020/10/CapaLivro_MadeirasArtesFlechas-228x300.jpg 228w, https://sites.usp.br/niephe/wp-content/uploads/sites/840/2020/10/CapaLivro_MadeirasArtesFlechas-777x1024.jpg 777w, https://sites.usp.br/niephe/wp-content/uploads/sites/840/2020/10/CapaLivro_MadeirasArtesFlechas-768x1013.jpg 768w, https://sites.usp.br/niephe/wp-content/uploads/sites/840/2020/10/CapaLivro_MadeirasArtesFlechas-1165x1536.jpg 1165w, https://sites.usp.br/niephe/wp-content/uploads/sites/840/2020/10/CapaLivro_MadeirasArtesFlechas-1553x2048.jpg 1553w, https://sites.usp.br/niephe/wp-content/uploads/sites/840/2020/10/CapaLivro_MadeirasArtesFlechas-400x527.jpg 400w, https://sites.usp.br/niephe/wp-content/uploads/sites/840/2020/10/CapaLivro_MadeirasArtesFlechas-scaled.jpg 1942w" sizes="auto, (max-width: 228px) 100vw, 228px" /></a>
			</div>
				<figcaption class='wp-caption-text gallery-caption' id='gallery-1-347'>
				De madeiras e artes de fazer flechas: apontamentos teórico-metodológicos em história da educação
				</figcaption></figure><figure class='gallery-item'>
			<div class='gallery-icon portrait'>
				<a href='https://sites.usp.br/niephe/publicacoes-2/educacao-nova/'><img loading="lazy" decoding="async" width="197" height="300" src="https://sites.usp.br/niephe/wp-content/uploads/sites/840/2020/10/educação-nova-197x300.jpg" class="attachment-medium size-medium" alt="" aria-describedby="gallery-1-348" srcset="https://sites.usp.br/niephe/wp-content/uploads/sites/840/2020/10/educação-nova-197x300.jpg 197w, https://sites.usp.br/niephe/wp-content/uploads/sites/840/2020/10/educação-nova.jpg 336w" sizes="auto, (max-width: 197px) 100vw, 197px" /></a>
			</div>
				<figcaption class='wp-caption-text gallery-caption' id='gallery-1-348'>
				Movimento internacional da educação nova
				</figcaption></figure><figure class='gallery-item'>
			<div class='gallery-icon portrait'>
				<a href='https://sites.usp.br/niephe/publicacoes-2/fernando-2-2/'><img loading="lazy" decoding="async" width="198" height="300" src="https://sites.usp.br/niephe/wp-content/uploads/sites/840/2020/10/fernando-2-198x300.png" class="attachment-medium size-medium" alt="" aria-describedby="gallery-1-385" srcset="https://sites.usp.br/niephe/wp-content/uploads/sites/840/2020/10/fernando-2-198x300.png 198w, https://sites.usp.br/niephe/wp-content/uploads/sites/840/2020/10/fernando-2.png 324w" sizes="auto, (max-width: 198px) 100vw, 198px" /></a>
			</div>
				<figcaption class='wp-caption-text gallery-caption' id='gallery-1-385'>
				Fernando de Azevedo em Releituras: Sobre Lutas Travadas, Investigações Realizadas e Documentos Guardados
				</figcaption></figure><figure class='gallery-item'>
			<div class='gallery-icon portrait'>
				<a href='https://sites.usp.br/niephe/reforma/'><img loading="lazy" decoding="async" width="200" height="300" src="https://sites.usp.br/niephe/wp-content/uploads/sites/840/2020/10/reforma-200x300.jpg" class="attachment-medium size-medium" alt="" aria-describedby="gallery-1-352" srcset="https://sites.usp.br/niephe/wp-content/uploads/sites/840/2020/10/reforma-200x300.jpg 200w, https://sites.usp.br/niephe/wp-content/uploads/sites/840/2020/10/reforma.jpg 240w" sizes="auto, (max-width: 200px) 100vw, 200px" /></a>
			</div>
				<figcaption class='wp-caption-text gallery-caption' id='gallery-1-352'>
				Educacao E Reforma &#8211; O Rio De Janeiro Nos Anos 1920-1930
				</figcaption></figure><figure class='gallery-item'>
			<div class='gallery-icon portrait'>
				<a href='https://sites.usp.br/niephe/publicacoes-2/ascolani/'><img loading="lazy" decoding="async" width="200" height="300" src="https://sites.usp.br/niephe/wp-content/uploads/sites/840/2020/10/ascolani-200x300.jpg" class="attachment-medium size-medium" alt="" aria-describedby="gallery-1-380" srcset="https://sites.usp.br/niephe/wp-content/uploads/sites/840/2020/10/ascolani-200x300.jpg 200w, https://sites.usp.br/niephe/wp-content/uploads/sites/840/2020/10/ascolani.jpg 240w" sizes="auto, (max-width: 200px) 100vw, 200px" /></a>
			</div>
				<figcaption class='wp-caption-text gallery-caption' id='gallery-1-380'>
				Reformas educativas no Brasil e na Argentina: ensaios de história comparada da educação (1820-2000) 
				</figcaption></figure><figure class='gallery-item'>
			<div class='gallery-icon portrait'>
				<a href='https://sites.usp.br/niephe/publicacoes-2/mulheres/'><img loading="lazy" decoding="async" width="197" height="300" src="https://sites.usp.br/niephe/wp-content/uploads/sites/840/2020/10/mulheres-197x300.jpg" class="attachment-medium size-medium" alt="" aria-describedby="gallery-1-351" srcset="https://sites.usp.br/niephe/wp-content/uploads/sites/840/2020/10/mulheres-197x300.jpg 197w, https://sites.usp.br/niephe/wp-content/uploads/sites/840/2020/10/mulheres.jpg 336w" sizes="auto, (max-width: 197px) 100vw, 197px" /></a>
			</div>
				<figcaption class='wp-caption-text gallery-caption' id='gallery-1-351'>
				MULHERES INOVADORAS NO ENSINO (SÃO PAULO, SÉCULOS XIX E XX)
				</figcaption></figure>
		</div>

<p>&nbsp;</p>
<p>&nbsp;</p>
<p>&nbsp;</p>
<p>&nbsp;</p>
<p>&nbsp;</p>
<p>&nbsp;</p>
<p>&nbsp;</p>
