{"id":539,"date":"2020-10-30T16:39:32","date_gmt":"2020-10-30T18:39:32","guid":{"rendered":"https:\/\/sites.usp.br\/niephe\/?page_id=539"},"modified":"2020-10-30T18:45:53","modified_gmt":"2020-10-30T20:45:53","slug":"mathilde-salomon","status":"publish","type":"page","link":"https:\/\/sites.usp.br\/niephe\/mulher-inovadoras\/mathilde-salomon\/","title":{"rendered":"Mathilde Salomon"},"content":{"rendered":"<h3 class=\"font_2\">(1837 \u00e0 Phalsbourg- 1909 \u00e0 Paris) <a href=\"https:\/\/sites.usp.br\/niephe\/mulher-inovadoras\/mathilde-salomon\/mathilde-salomon-texte-en-francais\/\"><span style=\"color: #000080;\">(Cliquez ici pour voir la version fran\u00e7aise)<\/span><\/a><\/h3>\n","protected":false},"excerpt":{"rendered":"<p>(1837 \u00e0 Phalsbourg- 1909 \u00e0 Paris) (Cliquez ici pour voir la version fran\u00e7aise)<\/p>\n","protected":false},"author":22153,"featured_media":0,"parent":238,"menu_order":54,"comment_status":"closed","ping_status":"closed","template":"","meta":{"footnotes":"","_links_to":"","_links_to_target":""},"class_list":["post-539","page","type-page","status-publish","hentry","post"],"_links":{"self":[{"href":"https:\/\/sites.usp.br\/niephe\/wp-json\/wp\/v2\/pages\/539","targetHints":{"allow":["GET"]}}],"collection":[{"href":"https:\/\/sites.usp.br\/niephe\/wp-json\/wp\/v2\/pages"}],"about":[{"href":"https:\/\/sites.usp.br\/niephe\/wp-json\/wp\/v2\/types\/page"}],"author":[{"embeddable":true,"href":"https:\/\/sites.usp.br\/niephe\/wp-json\/wp\/v2\/users\/22153"}],"replies":[{"embeddable":true,"href":"https:\/\/sites.usp.br\/niephe\/wp-json\/wp\/v2\/comments?post=539"}],"version-history":[{"count":3,"href":"https:\/\/sites.usp.br\/niephe\/wp-json\/wp\/v2\/pages\/539\/revisions"}],"predecessor-version":[{"id":662,"href":"https:\/\/sites.usp.br\/niephe\/wp-json\/wp\/v2\/pages\/539\/revisions\/662"}],"up":[{"embeddable":true,"href":"https:\/\/sites.usp.br\/niephe\/wp-json\/wp\/v2\/pages\/238"}],"wp:attachment":[{"href":"https:\/\/sites.usp.br\/niephe\/wp-json\/wp\/v2\/media?parent=539"}],"curies":[{"name":"wp","href":"https:\/\/api.w.org\/{rel}","templated":true}]}}