{"id":936,"date":"2021-04-19T12:38:40","date_gmt":"2021-04-19T14:38:40","guid":{"rendered":"https:\/\/sites.usp.br\/niephe\/?page_id=936"},"modified":"2021-04-20T12:17:40","modified_gmt":"2021-04-20T14:17:40","slug":"tematicas-2","status":"publish","type":"page","link":"https:\/\/sites.usp.br\/niephe\/tematicas-2\/","title":{"rendered":"Tem\u00e1ticas"},"content":{"rendered":"<p class=\"font_2\" style=\"text-align: center;\"><strong><a href=\"https:\/\/sites.usp.br\/niephe\/tematicas-2\/tematicas\/\">Ascens\u00e3o na carreira docente<\/a> \/\u00a0<\/strong><strong><a href=\"https:\/\/sites.usp.br\/niephe\/tematicas-2\/tematicas\/lascension-dans-la-carriere\/\">L\u2019Ascension dans la carri\u00e8re<\/a><\/strong><\/p>\n<p class=\"font_2\" style=\"text-align: center;\"><strong><a href=\"https:\/\/sites.usp.br\/niephe\/tematicas-2\/bibliotecas-escolares\/\">Bibliotecas Escolares \/ <\/a><\/strong><strong><a href=\"https:\/\/sites.usp.br\/niephe\/tematicas-2\/bibliotecas-escolares\/bibliotheques-scolaires\/\">Biblioth\u00e8ques Scolaires<\/a><\/strong><\/p>\n<p class=\"font_2\" style=\"text-align: center;\"><strong><a href=\"https:\/\/sites.usp.br\/niephe\/tematicas-2\/cinema-educativo\/\">Cinema Educativo \/ <\/a><\/strong><strong><a href=\"https:\/\/sites.usp.br\/niephe\/tematicas-2\/cinema-educativo\/cinema-educatif\/\">Cin\u00e9ma \u00c9ducatif<\/a><\/strong><\/p>\n<p class=\"font_2\" style=\"text-align: center;\"><strong><a href=\"https:\/\/sites.usp.br\/niephe\/tematicas-2\/igreja-catolica-congregacoes-femininas-e-escola\/\">Congrega\u00e7\u00f5es \/ <\/a><\/strong><strong><a href=\"https:\/\/sites.usp.br\/niephe\/tematicas-2\/igreja-catolica-congregacoes-femininas-e-escola\/congregations\/\">Congr\u00e9gations<\/a><\/strong><\/p>\n<p class=\"font_2\" style=\"text-align: center;\"><strong><a href=\"https:\/\/sites.usp.br\/niephe\/tematicas-2\/ensino-rural-paulista\/\">Ensino Rural Paulista \/ <\/a><\/strong><strong><a href=\"https:\/\/sites.usp.br\/niephe\/tematicas-2\/ensino-rural-paulista\/lenseignement-rural\/\">L&#8217;Enseignement Rural<\/a><\/strong><\/p>\n<p class=\"font_2\" style=\"text-align: center;\"><strong><a href=\"https:\/\/sites.usp.br\/niephe\/tematicas-2\/mulheres-e-ensino-superior-no-brasil\/\">Ensino Superior<\/a> \/\u00a0<\/strong><strong><a href=\"https:\/\/sites.usp.br\/niephe\/tematicas-2\/mulheres-e-ensino-superior-no-brasil\/lenseignement-superieur\/\">L\u2019Enseignement Sup\u00e9rieur<\/a><\/strong><\/p>\n<p class=\"font_2\" style=\"text-align: center;\"><strong><a href=\"https:\/\/sites.usp.br\/niephe\/tematicas-2\/escolas-normais-livres\/\">Escolas Normais Livres \/ <\/a><\/strong><strong><a href=\"https:\/\/sites.usp.br\/niephe\/tematicas-2\/escolas-normais-livres\/ecoles-normales-libres\/\">\u00c9coles Normales Libres<\/a><\/strong><\/p>\n<p class=\"font_2\" style=\"text-align: center;\"><strong><a href=\"https:\/\/sites.usp.br\/niephe\/tematicas-2\/psicologia-educacional\/\">Psicologia Educacional \/\u00a0<\/a><\/strong><strong><a href=\"https:\/\/sites.usp.br\/niephe\/tematicas-2\/psicologia-educacional\/psychologie-educationnelle\/\">Psychologie \u00c9ducationnelle<\/a><\/strong><\/p>\n<p class=\"font_2\" style=\"text-align: center;\"><strong><a href=\"https:\/\/sites.usp.br\/niephe\/tematicas-2\/sanitarismo\/\">Sanitarismo<\/a> \/\u00a0<\/strong><strong><a href=\"https:\/\/sites.usp.br\/niephe\/tematicas-2\/sanitarismo\/politique-sanitaire\/\">Politique sanitaire<\/a><\/strong><\/p>\n","protected":false},"excerpt":{"rendered":"<p>Ascens\u00e3o na carreira docente \/\u00a0L\u2019Ascension dans la carri\u00e8re Bibliotecas Escolares \/ Biblioth\u00e8ques Scolaires Cinema Educativo \/ Cin\u00e9ma \u00c9ducatif Congrega\u00e7\u00f5es \/ Congr\u00e9gations Ensino Rural Paulista \/ L&#8217;Enseignement Rural Ensino Superior \/\u00a0L\u2019Enseignement Sup\u00e9rieur Escolas Normais Livres \/ \u00c9coles Normales Libres Psicologia Educacional \/\u00a0Psychologie \u00c9ducationnelle Sanitarismo \/\u00a0Politique sanitaire<\/p>\n","protected":false},"author":22153,"featured_media":0,"parent":0,"menu_order":6,"comment_status":"closed","ping_status":"closed","template":"","meta":{"footnotes":"","_links_to":"","_links_to_target":""},"class_list":["post-936","page","type-page","status-publish","hentry","post"],"_links":{"self":[{"href":"https:\/\/sites.usp.br\/niephe\/wp-json\/wp\/v2\/pages\/936","targetHints":{"allow":["GET"]}}],"collection":[{"href":"https:\/\/sites.usp.br\/niephe\/wp-json\/wp\/v2\/pages"}],"about":[{"href":"https:\/\/sites.usp.br\/niephe\/wp-json\/wp\/v2\/types\/page"}],"author":[{"embeddable":true,"href":"https:\/\/sites.usp.br\/niephe\/wp-json\/wp\/v2\/users\/22153"}],"replies":[{"embeddable":true,"href":"https:\/\/sites.usp.br\/niephe\/wp-json\/wp\/v2\/comments?post=936"}],"version-history":[{"count":5,"href":"https:\/\/sites.usp.br\/niephe\/wp-json\/wp\/v2\/pages\/936\/revisions"}],"predecessor-version":[{"id":1023,"href":"https:\/\/sites.usp.br\/niephe\/wp-json\/wp\/v2\/pages\/936\/revisions\/1023"}],"wp:attachment":[{"href":"https:\/\/sites.usp.br\/niephe\/wp-json\/wp\/v2\/media?parent=936"}],"curies":[{"name":"wp","href":"https:\/\/api.w.org\/{rel}","templated":true}]}}