{"id":209,"date":"2026-02-12T13:11:02","date_gmt":"2026-02-12T15:11:02","guid":{"rendered":"https:\/\/sites.usp.br\/ninalab\/?page_id=209"},"modified":"2026-03-06T18:45:11","modified_gmt":"2026-03-06T20:45:11","slug":"conecta","status":"publish","type":"page","link":"https:\/\/sites.usp.br\/ninalab\/conecta\/","title":{"rendered":"Conecta Autismo"},"content":{"rendered":"<p><span style=\"font-size: 14pt;\"><span style=\"font-weight: 400;\">Um estudo h\u00edbrido de implementa\u00e7\u00e3o e efetividade da <strong>Paediatric Autism Communication Therapy (PACT)<\/strong> no Sistema \u00danico de Sa\u00fade, liderado pela <strong>Dra. Priscilla Godoy<\/strong> (o lado de implementa\u00e7\u00e3o) e <strong>Profa. Dra. Lizzie Shephard<\/strong> (o aspecto de efetividade) em colabora\u00e7\u00e3o com uma rede de pesquisadores internacionais &#8211; Professor Jonathan Green e Professora Kathy Leadbitter na University of Manchester, Professora Erica Salomone na University of Milan-Biccoca, Professora Daniela Molini-Avejonas na FMUSP e Professor Rog\u00e9rio Lerner no IP-USP, al\u00e9m do Instituto J\u00f4 Clemente. Financiado por um aux\u00edlio de pesquisa da <strong>FAPESP<\/strong> e do<strong> Instituto J\u00f4 Clemente<\/strong> (2025\/01306-1).<\/span><\/span><\/p>\n<p style=\"text-align: center;\"><strong>OS<span style=\"color: #000000;\">F<\/span><\/strong><span style=\"color: #000000;\">:<a style=\"color: #000000;\" href=\"https:\/\/osf.io\/ec6s4\/overview\"> https:\/\/osf.io\/ec6s4\/overview<\/a><\/span><\/p>\n<p style=\"text-align: center;\"><strong>INSTAGRAM:\u00a0<\/strong><span style=\"color: #000000;\"><a style=\"color: #000000;\" href=\"https:\/\/www.instagram.com\/pact_brasil\/\">https:\/\/www.instagram.com\/pact_brasil\/<\/a><\/span><a href=\"https:\/\/sites.usp.br\/ninalab\/wp-content\/uploads\/sites\/1686\/2026\/02\/CONECTA-AUTISMO-LOGO.png\"><img loading=\"lazy\" decoding=\"async\" class=\"size-medium wp-image-183 aligncenter\" src=\"https:\/\/sites.usp.br\/ninalab\/wp-content\/uploads\/sites\/1686\/2026\/02\/CONECTA-AUTISMO-LOGO-300x300.png\" alt=\"\" width=\"300\" height=\"300\" srcset=\"https:\/\/sites.usp.br\/ninalab\/wp-content\/uploads\/sites\/1686\/2026\/02\/CONECTA-AUTISMO-LOGO-300x300.png 300w, https:\/\/sites.usp.br\/ninalab\/wp-content\/uploads\/sites\/1686\/2026\/02\/CONECTA-AUTISMO-LOGO-150x150.png 150w, https:\/\/sites.usp.br\/ninalab\/wp-content\/uploads\/sites\/1686\/2026\/02\/CONECTA-AUTISMO-LOGO-200x200.png 200w, https:\/\/sites.usp.br\/ninalab\/wp-content\/uploads\/sites\/1686\/2026\/02\/CONECTA-AUTISMO-LOGO-400x399.png 400w, https:\/\/sites.usp.br\/ninalab\/wp-content\/uploads\/sites\/1686\/2026\/02\/CONECTA-AUTISMO-LOGO.png 565w\" sizes=\"auto, (max-width: 300px) 100vw, 300px\" \/><\/a><\/p>\n","protected":false},"excerpt":{"rendered":"<p>Um estudo h\u00edbrido de implementa\u00e7\u00e3o e efetividade da Paediatric Autism Communication Therapy (PACT) no Sistema \u00danico de Sa\u00fade, liderado pela Dra. Priscilla Godoy (o lado de implementa\u00e7\u00e3o) e Profa. Dra. Lizzie Shephard (o aspecto de efetividade) em colabora\u00e7\u00e3o com uma rede de pesquisadores internacionais &#8211; Professor Jonathan Green e Professora Kathy Leadbitter na University of [&hellip;]<\/p>\n","protected":false},"author":24780,"featured_media":0,"parent":0,"menu_order":0,"comment_status":"closed","ping_status":"closed","template":"","meta":{"footnotes":"","_links_to":"","_links_to_target":""},"class_list":["post-209","page","type-page","status-publish","hentry"],"_links":{"self":[{"href":"https:\/\/sites.usp.br\/ninalab\/wp-json\/wp\/v2\/pages\/209","targetHints":{"allow":["GET"]}}],"collection":[{"href":"https:\/\/sites.usp.br\/ninalab\/wp-json\/wp\/v2\/pages"}],"about":[{"href":"https:\/\/sites.usp.br\/ninalab\/wp-json\/wp\/v2\/types\/page"}],"author":[{"embeddable":true,"href":"https:\/\/sites.usp.br\/ninalab\/wp-json\/wp\/v2\/users\/24780"}],"replies":[{"embeddable":true,"href":"https:\/\/sites.usp.br\/ninalab\/wp-json\/wp\/v2\/comments?post=209"}],"version-history":[{"count":4,"href":"https:\/\/sites.usp.br\/ninalab\/wp-json\/wp\/v2\/pages\/209\/revisions"}],"predecessor-version":[{"id":537,"href":"https:\/\/sites.usp.br\/ninalab\/wp-json\/wp\/v2\/pages\/209\/revisions\/537"}],"wp:attachment":[{"href":"https:\/\/sites.usp.br\/ninalab\/wp-json\/wp\/v2\/media?parent=209"}],"curies":[{"name":"wp","href":"https:\/\/api.w.org\/{rel}","templated":true}]}}