{"id":547,"date":"2026-03-20T14:03:08","date_gmt":"2026-03-20T16:03:08","guid":{"rendered":"https:\/\/sites.usp.br\/ninalab\/?page_id=547"},"modified":"2026-03-20T19:54:59","modified_gmt":"2026-03-20T21:54:59","slug":"mestrado","status":"publish","type":"page","link":"https:\/\/sites.usp.br\/ninalab\/mestrado\/","title":{"rendered":"Mestrado"},"content":{"rendered":"<div dir=\"ltr\">\n<div dir=\"ltr\">\n<div><span style=\"font-size: 18.6667px;\"><b><a href=\"https:\/\/sites.usp.br\/ninalab\/wp-content\/uploads\/sites\/1686\/2026\/02\/gabrielly-e1771966938558.jpeg\"><img loading=\"lazy\" decoding=\"async\" class=\"alignleft wp-image-353 \" src=\"https:\/\/sites.usp.br\/ninalab\/wp-content\/uploads\/sites\/1686\/2026\/02\/gabrielly-e1771968208849-222x300.jpeg\" alt=\"\" width=\"214\" height=\"289\" srcset=\"https:\/\/sites.usp.br\/ninalab\/wp-content\/uploads\/sites\/1686\/2026\/02\/gabrielly-e1771968208849-222x300.jpeg 222w, https:\/\/sites.usp.br\/ninalab\/wp-content\/uploads\/sites\/1686\/2026\/02\/gabrielly-e1771968208849-400x540.jpeg 400w, https:\/\/sites.usp.br\/ninalab\/wp-content\/uploads\/sites\/1686\/2026\/02\/gabrielly-e1771968208849.jpeg 430w\" sizes=\"auto, (max-width: 214px) 100vw, 214px\" \/><\/a>Gabrielly Menegate<\/b><\/span><\/div>\n<div><span style=\"font-size: 18.6667px; color: #3366ff;\"><b>Mestranda<\/b><\/span><\/div>\n<\/div>\n<div dir=\"ltr\"><span style=\"font-size: 12pt;\">Psic\u00f3loga com \u00eanfase cl\u00ednica voltada especialmente \u00e0 inf\u00e2ncia e juventude e mestranda na linha de pesquisa em Psicologia Escolar e do Desenvolvimento. Minha trajet\u00f3ria acad\u00eamica e profissional \u00e9 orientada pela investiga\u00e7\u00e3o das rela\u00e7\u00f5es entre v\u00ednculos afetivos, desenvolvimento emocional e funcionamento neuropsicol\u00f3gico.\u00a0 <\/span><span style=\"font-size: 12pt;\">Acredito na import\u00e2ncia do cuidado preventivo e de interven\u00e7\u00f5es iniciais, especialmente na primeira inf\u00e2ncia, como forma de promover sa\u00fade mental. Por isso, procuro contribuir com pesquisas e projetos que valorizem o afeto, o ambiente relacional e a qualidade dos contextos de cuidado como fatores fundamentais para o desenvolvimento humano.<\/span><\/div>\n<\/div>\n<div dir=\"ltr\">\n<div dir=\"ltr\"><div class=\"su-divider su-divider-style-dotted\" style=\"margin:5px 0;border-width:1px;border-color:#999999\"><\/div><\/div>\n<\/div>\n<div dir=\"ltr\">\n<div>\n<div>\n<div id=\"q_173\"><a href=\"https:\/\/sites.usp.br\/ninalab\/wp-content\/uploads\/sites\/1686\/2026\/02\/beatriz-prado-e1771968501713.jpeg\"><img loading=\"lazy\" decoding=\"async\" class=\"size-medium wp-image-407 alignleft\" src=\"https:\/\/sites.usp.br\/ninalab\/wp-content\/uploads\/sites\/1686\/2026\/02\/beatriz-prado-e1771968501713-215x300.jpeg\" alt=\"\" width=\"215\" height=\"300\" srcset=\"https:\/\/sites.usp.br\/ninalab\/wp-content\/uploads\/sites\/1686\/2026\/02\/beatriz-prado-e1771968501713-215x300.jpeg 215w, https:\/\/sites.usp.br\/ninalab\/wp-content\/uploads\/sites\/1686\/2026\/02\/beatriz-prado-e1771968501713-734x1024.jpeg 734w, https:\/\/sites.usp.br\/ninalab\/wp-content\/uploads\/sites\/1686\/2026\/02\/beatriz-prado-e1771968501713-768x1072.jpeg 768w, https:\/\/sites.usp.br\/ninalab\/wp-content\/uploads\/sites\/1686\/2026\/02\/beatriz-prado-e1771968501713-400x558.jpeg 400w, https:\/\/sites.usp.br\/ninalab\/wp-content\/uploads\/sites\/1686\/2026\/02\/beatriz-prado-e1771968501713.jpeg 910w\" sizes=\"auto, (max-width: 215px) 100vw, 215px\" \/><\/a><\/div>\n<\/div>\n<\/div>\n<\/div>\n<div dir=\"ltr\">\n<div><b style=\"font-size: 18.6667px;\">Beatriz Prado<\/b><\/div>\n<\/div>\n<div dir=\"ltr\">\n<div><span style=\"font-size: 18.6667px; color: #3366ff;\"><b>Mestranda<\/b><\/span><\/div>\n<div>Psic\u00f3loga de Londrina-PR. Trabalho com psicoterapia e avalia\u00e7\u00e3o neuropsicol\u00f3gica de crian\u00e7as e adolescentes.<br \/>\nSou especialista em Neuropsicologia, Psicomotricidade e Tecnologias educacionais. Iniciei o mestrado em Psicologia Escolar e do Desenvolvimento Humano no IP-USP com uma pesquisa que foca em melhorar a sa\u00fade mental de cuidadores de crian\u00e7as autistas no Brasil.<\/div>\n<\/div>\n<div dir=\"ltr\"><\/div>\n<div dir=\"ltr\"><\/div>\n<div dir=\"ltr\"><\/div>\n<div dir=\"ltr\"><div class=\"su-divider su-divider-style-dotted\" style=\"margin:5px 0;border-width:1px;border-color:#999999\"><\/div><\/div>\n<div dir=\"ltr\">\n<p><a href=\"https:\/\/sites.usp.br\/ninalab\/wp-content\/uploads\/sites\/1686\/2026\/02\/andressa-e1771966010138.jpeg\"><img loading=\"lazy\" decoding=\"async\" class=\"alignleft wp-image-347 \" src=\"https:\/\/sites.usp.br\/ninalab\/wp-content\/uploads\/sites\/1686\/2026\/02\/andressa-e1771967721922-233x300.jpeg\" alt=\"\" width=\"217\" height=\"279\" srcset=\"https:\/\/sites.usp.br\/ninalab\/wp-content\/uploads\/sites\/1686\/2026\/02\/andressa-e1771967721922-233x300.jpeg 233w, https:\/\/sites.usp.br\/ninalab\/wp-content\/uploads\/sites\/1686\/2026\/02\/andressa-e1771967721922-400x514.jpeg 400w, https:\/\/sites.usp.br\/ninalab\/wp-content\/uploads\/sites\/1686\/2026\/02\/andressa-e1771967721922.jpeg 665w\" sizes=\"auto, (max-width: 217px) 100vw, 217px\" \/><\/a><\/p>\n<div style=\"text-align: left;\"><span style=\"font-size: 14pt;\"><strong>Andressa Fernandes<\/strong><\/span><\/div>\n<div style=\"text-align: left;\"><span style=\"font-size: 18.6667px; color: #3366ff;\"><b>Mestranda<\/b><\/span><\/div>\n<div style=\"text-align: left;\">Psic\u00f3loga, mestranda em Psiquiatria pela FMUSP em estudo sobre Sinais Precoces Preditores de TDAH em beb\u00eas com hist\u00f3rico familiar de TDAH e autismo, sob orienta\u00e7\u00e3o da Prof. Dra. Elizabeth Shephard; e bolsista no Conecta Autismo, com orienta\u00e7\u00e3o da Prof. Dra. Elizabeth e co-orienta\u00e7\u00e3o da Dra. Priscilla Godoy.<\/div>\n<div style=\"text-align: left;\">Tem interesse por temas como sincronia cuidador-beb\u00ea; interven\u00e7\u00f5es precoces e desenvolvimento psicomotor.<\/div>\n<\/div>\n<div dir=\"ltr\"><\/div>\n<div dir=\"ltr\"><div class=\"su-divider su-divider-style-dotted\" style=\"margin:5px 0;border-width:1px;border-color:#999999\"><\/div><\/div>\n<div dir=\"ltr\"><a href=\"https:\/\/sites.usp.br\/ninalab\/wp-content\/uploads\/sites\/1686\/2026\/03\/luara-e1772472745131.jpg\"><img loading=\"lazy\" decoding=\"async\" class=\"alignleft wp-image-443 \" src=\"https:\/\/sites.usp.br\/ninalab\/wp-content\/uploads\/sites\/1686\/2026\/03\/luara-e1772472830281-221x300.jpg\" alt=\"\" width=\"215\" height=\"292\" srcset=\"https:\/\/sites.usp.br\/ninalab\/wp-content\/uploads\/sites\/1686\/2026\/03\/luara-e1772472830281-221x300.jpg 221w, https:\/\/sites.usp.br\/ninalab\/wp-content\/uploads\/sites\/1686\/2026\/03\/luara-e1772472830281-400x542.jpg 400w, https:\/\/sites.usp.br\/ninalab\/wp-content\/uploads\/sites\/1686\/2026\/03\/luara-e1772472830281.jpg 744w\" sizes=\"auto, (max-width: 215px) 100vw, 215px\" \/><\/a><\/div>\n<div dir=\"ltr\">\n<div style=\"text-align: left;\"><span style=\"font-size: 14pt;\"><strong>Luara Otoch<\/strong><\/span><\/div>\n<div style=\"text-align: left;\"><span style=\"font-size: 18.6667px; color: #3366ff;\"><b>Mestranda<\/b><\/span><\/div>\n<\/div>\n<div dir=\"ltr\">Graduada em Medicina pela UNICAMP. Resid\u00eancia em Psiquiatria Geral e Psiquiatria da Inf\u00e2ncia e Adolesc\u00eancia pelo Instituto de Psiquiatria da Faculdade de Medicina da USP, mestranda do Instituto de Psicologia da USP, sob orienta\u00e7\u00e3o da Professora Elizabeth Shephard (NINA &#8211; LAB). Colaboradora do Servi\u00e7o de Psiquiatria da Inf\u00e2ncia e Adolesc\u00eancia do IPq &#8211; HCFMUSP por meio de supervis\u00e3o cl\u00ednica dos residentes. Minhas \u00e1reas de interesse s\u00e3o: rela\u00e7\u00e3o pais-beb\u00eas, desenvolvimento infantil e psicopatologia fenomenol\u00f3gica. Eu tenho grande apre\u00e7o por estudar diferentes m\u00e9todos de investiga\u00e7\u00e3o cient\u00edfica &#8211; as neuroci\u00eancias, a fenomenologia e a psican\u00e1lise &#8211; com o objetivo de ampliar a minha possibilidade de compreens\u00e3o dos fen\u00f4menos cl\u00ednicos e dar sustenta\u00e7\u00e3o \u00e0 minha pr\u00e1tica profissional.<\/div>\n<div dir=\"ltr\">\n<div style=\"text-align: left;\"><div class=\"su-divider su-divider-style-dotted\" style=\"margin:5px 0;border-width:1px;border-color:#999999\"><\/div><\/div>\n<\/div>\n","protected":false},"excerpt":{"rendered":"<p>Gabrielly Menegate Mestranda Psic\u00f3loga com \u00eanfase cl\u00ednica voltada especialmente \u00e0 inf\u00e2ncia e juventude e mestranda na linha de pesquisa em Psicologia Escolar e do Desenvolvimento. Minha trajet\u00f3ria acad\u00eamica e profissional \u00e9 orientada pela investiga\u00e7\u00e3o das rela\u00e7\u00f5es entre v\u00ednculos afetivos, desenvolvimento emocional e funcionamento neuropsicol\u00f3gico.\u00a0 Acredito na import\u00e2ncia do cuidado preventivo e de interven\u00e7\u00f5es iniciais, especialmente [&hellip;]<\/p>\n","protected":false},"author":24780,"featured_media":0,"parent":0,"menu_order":0,"comment_status":"closed","ping_status":"closed","template":"","meta":{"footnotes":"","_links_to":"","_links_to_target":""},"class_list":["post-547","page","type-page","status-publish","hentry"],"_links":{"self":[{"href":"https:\/\/sites.usp.br\/ninalab\/wp-json\/wp\/v2\/pages\/547","targetHints":{"allow":["GET"]}}],"collection":[{"href":"https:\/\/sites.usp.br\/ninalab\/wp-json\/wp\/v2\/pages"}],"about":[{"href":"https:\/\/sites.usp.br\/ninalab\/wp-json\/wp\/v2\/types\/page"}],"author":[{"embeddable":true,"href":"https:\/\/sites.usp.br\/ninalab\/wp-json\/wp\/v2\/users\/24780"}],"replies":[{"embeddable":true,"href":"https:\/\/sites.usp.br\/ninalab\/wp-json\/wp\/v2\/comments?post=547"}],"version-history":[{"count":4,"href":"https:\/\/sites.usp.br\/ninalab\/wp-json\/wp\/v2\/pages\/547\/revisions"}],"predecessor-version":[{"id":624,"href":"https:\/\/sites.usp.br\/ninalab\/wp-json\/wp\/v2\/pages\/547\/revisions\/624"}],"wp:attachment":[{"href":"https:\/\/sites.usp.br\/ninalab\/wp-json\/wp\/v2\/media?parent=547"}],"curies":[{"name":"wp","href":"https:\/\/api.w.org\/{rel}","templated":true}]}}