{"id":943,"date":"2021-11-15T21:45:44","date_gmt":"2021-11-15T23:45:44","guid":{"rendered":"https:\/\/sites.usp.br\/nupps\/?page_id=943"},"modified":"2023-09-25T17:13:15","modified_gmt":"2023-09-25T19:13:15","slug":"jose-alvaro-moises","status":"publish","type":"page","link":"https:\/\/sites.usp.br\/nupps\/equipe\/jose-alvaro-moises\/","title":{"rendered":"Jos\u00e9 \u00c1lvaro Mois\u00e9s"},"content":{"rendered":"<p><span id=\"cloakb20f91bee4f268305a7bf4a75cb2528f\"><a href=\"mailto:jamoises@usp.br\">jamoises@usp.br<\/a><\/span> | <a href=\"http:\/\/lattes.cnpq.br\/4596803719744056\" target=\"_blank\" rel=\"noopener noreferrer\">Curr\u00edcu00lo Lattes<\/a><\/p>\n<p><a href=\"https:\/\/sites.usp.br\/nupps\/wp-content\/uploads\/sites\/762\/2020\/12\/moises4.jpg\"><br \/>\n<img fetchpriority=\"high\" decoding=\"async\" class=\"size-full wp-image-260 alignleft\" src=\"https:\/\/sites.usp.br\/nupps\/wp-content\/uploads\/sites\/762\/2020\/12\/moises4.jpg\" alt=\"\" width=\"288\" height=\"212\" srcset=\"https:\/\/sites.usp.br\/nupps\/wp-content\/uploads\/sites\/762\/2020\/12\/moises4.jpg 288w, https:\/\/sites.usp.br\/nupps\/wp-content\/uploads\/sites\/762\/2020\/12\/moises4-80x60.jpg 80w\" sizes=\"(max-width: 288px) 100vw, 288px\" \/><\/a><strong>Jos\u00e9 \u00c1lvaro Mois\u00e9s. <\/strong>Formado em Ci\u00eancias Sociais pela USP (1970), \u00e9 mestre em Pol\u00edtica e Governo pela Universidade de Essex (1972) e doutor em Ci\u00eancia Pol\u00edtica pela USP (1978). Foi professor visitante do Centro Latino-americano da Universidade de Oxford (1991\/92) e atualmente \u00e9 Professor S\u00eanior do Instituto de Estudos Avan\u00e7ados da USP, Coordenador do Grupo de Pesquisa da Qualidade da Democracia do mesmo e pesquisador do N\u00facleo de Pesquisa de Pol\u00edticas P\u00fablicas da USP, do qual foi diretor (1995\/2017). Foi membro do Comit\u00ea Executivo do Conselho Internacional de Ci\u00eancias Sociais &#8211; ISSC (2013-2016); membro do Comit\u00ea Executivo da Associa\u00e7\u00e3o Internacional de Ci\u00eancia Pol\u00edtica &#8211; IPSA (2011-2015); Vice-Chefe do Departamento de Ci\u00eancia Pol\u00edtica da FFLCH\/USP (1989-1990); Coordenador do Curso de Gest\u00e3o de Pol\u00edticas P\u00fablicas da EACH\/USP (2004\/2006); Presidente do Centro de Estudos de Cultura Contempor\u00e2nea \/ CEDEC (1987-1991); Coordenador Cient\u00edfico do N\u00facleo de Pesquisas de Rela\u00e7\u00f5es Internacionais e Pol\u00edtica Comparada\/USP (1992-1994). Foi Secret\u00e1rio de Apoio \u00e0 Cultura (1995-1998) e Secret\u00e1rio de Audiovisual (1999-2002) do Minist\u00e9rio da Cultura e coordenou a pesquisa ?Cultura e Democracia? (1998\/2002) realizada pelo Minist\u00e9rio e a Universidade de Maryland com apoio do Banco Interamericano de Desenvolvimento. Foi comentarista do Jornal da Cultura (2016-2019). \u00c9 autor de v\u00e1rios livros, entre os quais, A CRISE DA DEMOCRACIA REPRESENTATIVA E O NEOPOPULISMO NO BRASIL (konrad Adenauer, 2020); CRISES DA DEMOCRACIA : O PAPEL DO CONGRESSO, DOS DEPUTADOS E DOS PARTIDOS (Appris, 2019); BULDING DEMOCRACIES: CHALLENGES, CRISES AND RESPONSE TO RULE OF LAW, ACCESS TO JUSTICE AND POLITICAL REPRESENTATION (Global South Press, 2018), A DESCONFIAN\u00c7A POL\u00cdTICA E OS SEUS IMPACTOS NA QUALIDADE DA DEMOCRACIA (Edusp. 2013) e DEMOCRACIA E DESCONFIAN\u00c7A: POR QUE OS CIDAD\u00c3OS DESCONFIAM DAS INSTITUI\u00c7\u00d5ES P\u00daBLICAS (Edusp, 2010). \u00c9 colunista da R\u00e1dio USP e Consultor do Projeto IDL &#8211; \u00cdndice de Democracia Local, do Instituto Sivis, de Curitiba. Atualmente pesquisa o papel do Sistema de Integridade no combate \u00e0 corrup\u00e7\u00e3o e a emerg\u00eancia do neopopulismo no Brasil.<span class=\"texto\">\u00a0<\/span><\/p>\n<p><strong>Principais Artigos<\/strong><\/p>\n<ul>\n<li><a href=\"https:\/\/nupps.usp.br\/images\/pdf\/JMC-NEW-ISSUES_Moises.pdf\" target=\"_blank\" rel=\"noopener noreferrer\">MOIS\u00c9S, J. A. , &#8220;On the Crisis of Democracy&#8221;, Journalism and Mass Communication, Jan.-Feb. 2019, Vol. 9, No. 1, 33-52<\/a><\/li>\n<li><a href=\"https:\/\/nupps.usp.br\/images\/artigos_temp\/moises_artigo1.pdf\" target=\"_blank\" rel=\"noopener noreferrer\">MOIS\u00c9S, J. A. &#8220;Cidadania, Confian\u00e7a e Institui\u00e7\u00f5es Democr\u00e1ticas&#8221; Revista de Cultura e Pol\u00edtica, volume 65, p. 71-94. <\/a><\/li>\n<li><a href=\"https:\/\/nupps.usp.br\/images\/artigos_temp\/civicculture.pdf\" target=\"_blank\" rel=\"noopener noreferrer\">MOIS\u00c9S, J. A. &#8220;Civic Culture&#8221; Em Bertrand Badie, Dirk Berg-Schlosser e Leonardo Morlino. (Org.), International Encyclopediae of Political Science. Thousand Oak, CA, USA: SAGE PUBLICATIONS, INC, 2011, v. 2<\/a><\/li>\n<li><a href=\"https:\/\/nupps.usp.br\/images\/artigos_temp\/moises_Paper.Ox2007-3.pdf\" target=\"_blank\" rel=\"noopener noreferrer\">MOIS\u00c9S, J. A. &#8220;Democracy, Political Trust and Democratic Institutions (the case of Brazil)&#8221;, (Apresenta\u00e7\u00e3o de Trabalho\/Semin\u00e1rio).<\/a><\/li>\n<li><a href=\"https:\/\/nupps.usp.br\/images\/artigos_temp\/corruption.pdf\" target=\"_blank\" rel=\"noopener noreferrer\">MOIS\u00c9S, J. A. &#8220;Political Corruption and Democracy in Contemporary Brazil&#8221; Revista Latino-Americana de Opini\u00f3n P\u00fablica, v. 1, p. 103-123.<\/a><\/li>\n<li><a href=\"https:\/\/nupps.usp.br\/images\/artigos_temp\/politicaldiscontent1.pdf\" target=\"_blank\" rel=\"noopener noreferrer\">MOIS\u00c9S, J. A. &#8220;Political discontent in old and new democracies&#8221; International Review of Sociology &#8211; Revue Internationale de Sociologie, v. 21, n. 2, p. 335-337.<\/a><\/li>\n<li><a href=\"https:\/\/nupps.usp.br\/images\/artigos_temp\/politicaldiscontent2.pdf\" target=\"_blank\" rel=\"noopener noreferrer\">MOIS\u00c9S, J. A. &#8220;Political discontent in new democracies: the case of Brazil and Latin America&#8221; International Review of Sociology &#8211; Revue Internationale de Sociologie, v. 21, n. 2, p. 339-366.<\/a><\/li>\n<li><a href=\"https:\/\/nupps.usp.br\/images\/artigos_temp\/meaningsofdemocracy.pdf\" target=\"_blank\" rel=\"noopener noreferrer\">MOIS\u00c9S, J. A. &#8220;The Meanings of Democracy according to Brazilians&#8221; (Apresenta\u00e7\u00e3o de Trabalho)<\/a><\/li>\n<\/ul>\n<h3><\/h3>\n<h3>Entrevistas<\/h3>\n<ul>\n<li><a href=\"http:\/\/www.estadao.com.br\/noticias\/geral,a-liberdade-que-nos-une,773859,0.htm\" target=\"_blank\" rel=\"noopener noreferrer\">A liberdade que nos une<\/a><\/li>\n<\/ul>\n","protected":false},"excerpt":{"rendered":"<p>jamoises@usp.br | Curr\u00edcu00lo Lattes Jos\u00e9 \u00c1lvaro Mois\u00e9s. Formado em Ci\u00eancias Sociais pela USP (1970), \u00e9 mestre em Pol\u00edtica e Governo pela Universidade de Essex (1972) e doutor em Ci\u00eancia Pol\u00edtica pela USP (1978). Foi professor visitante do Centro Latino-americano da Universidade de Oxford (1991\/92) e atualmente \u00e9 Professor S\u00eanior do Instituto de Estudos Avan\u00e7ados da [&hellip;]<\/p>\n","protected":false},"author":21976,"featured_media":0,"parent":62,"menu_order":0,"comment_status":"closed","ping_status":"closed","template":"","meta":{"footnotes":"","_links_to":"","_links_to_target":""},"class_list":["post-943","page","type-page","status-publish","hentry"],"_links":{"self":[{"href":"https:\/\/sites.usp.br\/nupps\/wp-json\/wp\/v2\/pages\/943","targetHints":{"allow":["GET"]}}],"collection":[{"href":"https:\/\/sites.usp.br\/nupps\/wp-json\/wp\/v2\/pages"}],"about":[{"href":"https:\/\/sites.usp.br\/nupps\/wp-json\/wp\/v2\/types\/page"}],"author":[{"embeddable":true,"href":"https:\/\/sites.usp.br\/nupps\/wp-json\/wp\/v2\/users\/21976"}],"replies":[{"embeddable":true,"href":"https:\/\/sites.usp.br\/nupps\/wp-json\/wp\/v2\/comments?post=943"}],"version-history":[{"count":4,"href":"https:\/\/sites.usp.br\/nupps\/wp-json\/wp\/v2\/pages\/943\/revisions"}],"predecessor-version":[{"id":1570,"href":"https:\/\/sites.usp.br\/nupps\/wp-json\/wp\/v2\/pages\/943\/revisions\/1570"}],"up":[{"embeddable":true,"href":"https:\/\/sites.usp.br\/nupps\/wp-json\/wp\/v2\/pages\/62"}],"wp:attachment":[{"href":"https:\/\/sites.usp.br\/nupps\/wp-json\/wp\/v2\/media?parent=943"}],"curies":[{"name":"wp","href":"https:\/\/api.w.org\/{rel}","templated":true}]}}