{"id":662,"date":"2021-10-15T18:50:10","date_gmt":"2021-10-15T20:50:10","guid":{"rendered":"https:\/\/sites.usp.br\/oaepsps\/?page_id=662"},"modified":"2024-05-15T13:20:36","modified_gmt":"2024-05-15T15:20:36","slug":"eventos","status":"publish","type":"page","link":"https:\/\/sites.usp.br\/oaepsps\/eventos\/","title":{"rendered":"Eventos"},"content":{"rendered":"<h2 class=\"entry-title\">I Encontro Internacional sobre Avalia\u00e7\u00e3o e Monitoramento em Educa\u00e7\u00e3o Permanente em Sa\u00fade.<\/h2>\n<p>No dia 22 de maio de 2023 foi realizado o I Encontro Internacional sobre Avalia\u00e7\u00e3o e Monitoramento em Educa\u00e7\u00e3o Permanente em Sa\u00fade\u00a0 na Faculdade de Sa\u00fade P\u00fablica da Universidade de S\u00e3o Paulo (FSP-USP) o primeiro encontro internacional que abordou temas relacionados \u00e0 Avalia\u00e7\u00e3o e Monitoramento em Educa\u00e7\u00e3o Permanente em Sa\u00fade.<\/p>\n<p>O evento foi voltado para gestores p\u00fablicos e\u00a0 realizado em parceria com a Secretaria de Sa\u00fade do Munic\u00edpio de S\u00e3o Paulo (SMS-PMSP) com palestras e debates ao longo do dia com diversos palestrantes.<\/p>\n<p>Iniciou-se o evento com uma mesa de \u2018\u2019Monitoramento e avalia\u00e7\u00e3o das a\u00e7\u00f5es de educa\u00e7\u00e3o permanente em sa\u00fade\u2019\u2019, seguido de um debate. Ap\u00f3s o almo\u00e7o houve a mesa \u2018\u2019Interconex\u00e3o dos ODS: Sa\u00fade, Educa\u00e7\u00e3o e Sustentabilidade\u2019\u2019. Como \u00faltima atividade foi apresentado \u2018\u2019Experi\u00eancias e produtos do Observat\u00f3rio de Atividade Educativas para Profissionais do Sistema P\u00fablico de Sa\u00fade\u2019\u2019. Seguido pelo encerramento e avalia\u00e7\u00e3o do evento.<\/p>\n<p>Agradecemos imensamente a todos os colaboradores e participantes do evento.\u00a0<a href=\"https:\/\/sites.usp.br\/oaepsps\/wp-content\/uploads\/sites\/1023\/2024\/05\/Screenshot_10.png\" rel=\"lightbox[1206]\"><img decoding=\"async\" class=\"alignnone size-medium wp-image-1208\" src=\"https:\/\/sites.usp.br\/oaepsps\/wp-content\/uploads\/sites\/1023\/2024\/05\/Screenshot_10-300x165.png\" sizes=\"(max-width: 300px) 100vw, 300px\" srcset=\"https:\/\/sites.usp.br\/oaepsps\/wp-content\/uploads\/sites\/1023\/2024\/05\/Screenshot_10-300x165.png 300w, https:\/\/sites.usp.br\/oaepsps\/wp-content\/uploads\/sites\/1023\/2024\/05\/Screenshot_10-400x220.png 400w, https:\/\/sites.usp.br\/oaepsps\/wp-content\/uploads\/sites\/1023\/2024\/05\/Screenshot_10.png 744w\" alt=\"\" width=\"300\" height=\"165\" \/><\/a><a href=\"https:\/\/sites.usp.br\/oaepsps\/wp-content\/uploads\/sites\/1023\/2024\/05\/Screenshot_11.png\" rel=\"lightbox[1206]\"><img fetchpriority=\"high\" decoding=\"async\" class=\"alignnone size-medium wp-image-1209\" src=\"https:\/\/sites.usp.br\/oaepsps\/wp-content\/uploads\/sites\/1023\/2024\/05\/Screenshot_11-300x175.png\" sizes=\"(max-width: 300px) 100vw, 300px\" srcset=\"https:\/\/sites.usp.br\/oaepsps\/wp-content\/uploads\/sites\/1023\/2024\/05\/Screenshot_11-300x175.png 300w, https:\/\/sites.usp.br\/oaepsps\/wp-content\/uploads\/sites\/1023\/2024\/05\/Screenshot_11-400x233.png 400w, https:\/\/sites.usp.br\/oaepsps\/wp-content\/uploads\/sites\/1023\/2024\/05\/Screenshot_11.png 738w\" alt=\"\" width=\"300\" height=\"175\" \/><\/a><a href=\"https:\/\/sites.usp.br\/oaepsps\/wp-content\/uploads\/sites\/1023\/2024\/05\/Screenshot_12.png\" rel=\"lightbox[1206]\"><img decoding=\"async\" class=\"alignnone size-medium wp-image-1210\" src=\"https:\/\/sites.usp.br\/oaepsps\/wp-content\/uploads\/sites\/1023\/2024\/05\/Screenshot_12-300x205.png\" sizes=\"(max-width: 300px) 100vw, 300px\" srcset=\"https:\/\/sites.usp.br\/oaepsps\/wp-content\/uploads\/sites\/1023\/2024\/05\/Screenshot_12-300x205.png 300w, https:\/\/sites.usp.br\/oaepsps\/wp-content\/uploads\/sites\/1023\/2024\/05\/Screenshot_12-400x273.png 400w, https:\/\/sites.usp.br\/oaepsps\/wp-content\/uploads\/sites\/1023\/2024\/05\/Screenshot_12.png 612w\" alt=\"\" width=\"300\" height=\"205\" \/><\/a><\/p>\n<p>&nbsp;<\/p>\n<p><img loading=\"lazy\" decoding=\"async\" class=\"aligncenter\" src=\"https:\/\/www.paho.org\/themes\/paho\/images\/logo-pt-br.png\" alt=\"Organiza\u00e7\u00e3o Pan-Americana da Sa\u00fade\" width=\"692\" height=\"143\" \/><\/p>\n<p><a href=\"https:\/\/apsredes.org\/wp-content\/uploads\/2020\/03\/programacao.pdf\">Link<\/a><\/p>\n<p>Laborat\u00f3rio de inova\u00e7\u00e3o em enfermagem.<\/p>\n<p>O evento tem como objetivo : Apresenta\u00e7\u00e3o das experi\u00eancias com o objetivo de avaliar as iniciativas a partir de suas narrativas, e tamb\u00e9m promover o compartilhamento das diversas iniciativas e um momento de intera\u00e7\u00e3o com os representantes das experi\u00eancias al\u00e9m da possibilidade de complementa\u00e7\u00e3o das informa\u00e7\u00f5es sobre elas. As apresenta\u00e7\u00f5es e discuss\u00f5es de trabalhos ocorreram nos dias<strong> 16 a 18 de mar\u00e7o de 2020.<\/strong><\/p>\n<p>&nbsp;<\/p>\n<p>&nbsp;<\/p>\n<p>&nbsp;<\/p>\n<p>&nbsp;<\/p>\n<h1 style=\"text-align: center;\">29\u00ba SIICUSP<\/h1>\n<p><a href=\"http:\/\/siicusp.prp.usp.br\/pt\/home\/\">Link<\/a><\/p>\n<div class=\"carousel-inner\">\n<div class=\"item active fw-fade-slider-content-align-center current lazyloaded\" data-bgset=\"http:\/\/siicusp.prp.usp.br\/wp-content\/uploads\/2017\/05\/img-home.jpg 1440w\">\n<div class=\"fw-container\">\n<div class=\"fw-itable\">\n<div class=\"fw-icell\">\n<div class=\"fw-fade-slide-text-wrap\">\n<div class=\"animated fadeInDown\" data-animate-in=\"fadeInDown\" data-animate-out=\"fadeOutUp\">\n<div class=\"fw-fade-slider-title\">Simp\u00f3sio Internacional de Inicia\u00e7\u00e3o Cient\u00edfica e Tecnol\u00f3gica da USP.<\/div>\n<div>SIICUSP \u00e9 um evento anual que tem como objetivo divulgar os resultados dos projetos de inicia\u00e7\u00e3o \u00e0 pesquisa cient\u00edfica e tecnol\u00f3gica realizados por alunos de gradua\u00e7\u00e3o da USP, bem como de outras institui\u00e7\u00f5es nacionais e internacionais. A primeira fase do SIICUSP ser\u00e1 realizada on-line entre<strong> 15\/09 e 29\/10\/2021.<\/strong><\/div>\n<ul>\n<li>Participaremos do evento com a apresenta\u00e7\u00e3o dos projetos : Mapeamento e Categoriza\u00e7\u00e3o das a\u00e7\u00f5es de Educa\u00e7\u00e3o Permanente, relacionadas \u00e0 COVID- 19, na Aten\u00e7\u00e3o Prim\u00e1ria \u00e0 Sa\u00fade e Modelagem para a cria\u00e7\u00e3o de um modelo de sistematiza\u00e7\u00e3o das atividades educativas para profissionais de sa\u00fade.<\/li>\n<\/ul>\n<\/div>\n<\/div>\n<\/div>\n<\/div>\n<\/div>\n<\/div>\n<\/div>\n<p>&nbsp;<\/p>\n<p>&nbsp;<\/p>\n<p>&nbsp;<\/p>\n<p><img decoding=\"async\" class=\"aligncenter\" src=\"https:\/\/semead.com.br\/24\/wp-content\/uploads\/sites\/13\/2021\/04\/logo-semead_2021-1.png\" alt=\"XXIV SemeAd\" \/><\/p>\n<p><a href=\"https:\/\/semead.com.br\/24\/\">Link<\/a><\/p>\n<p>Evento cient\u00edfico que tem como objetivo contribuir para o aprimoramento da produ\u00e7\u00e3o e difus\u00e3o do conhecimento \u00e0 comunidade acad\u00eamica e profissional de ADM. As apresenta\u00e7\u00f5es e discuss\u00f5es de trabalhos ocorreram no dia <strong>10\/11\/2021.<\/strong><\/p>\n<ul>\n<li>Participaremos do evento com a apresenta\u00e7\u00e3o do trabalho: O perfil dos profissionais da Aten\u00e7\u00e3o Prim\u00e1ria \u00e0 Sa\u00fade e as a\u00e7\u00f5es de Educa\u00e7\u00e3o Permanente.<\/li>\n<\/ul>\n","protected":false},"excerpt":{"rendered":"<p>I Encontro Internacional sobre Avalia\u00e7\u00e3o e Monitoramento em Educa\u00e7\u00e3o Permanente em Sa\u00fade. No dia 22 de maio de 2023 foi realizado o I Encontro Internacional sobre Avalia\u00e7\u00e3o e Monitoramento em Educa\u00e7\u00e3o Permanente em Sa\u00fade\u00a0 na Faculdade de Sa\u00fade P\u00fablica da Universidade de S\u00e3o Paulo (FSP-USP) o primeiro encontro internacional que abordou temas relacionados \u00e0 Avalia\u00e7\u00e3o<a href=\"https:\/\/sites.usp.br\/oaepsps\/eventos\/\">[&#8230;]<\/a><\/p>\n","protected":false},"author":22638,"featured_media":0,"parent":0,"menu_order":0,"comment_status":"closed","ping_status":"closed","template":"","meta":{"footnotes":"","_links_to":"","_links_to_target":""},"class_list":["post-662","page","type-page","status-publish","hentry"],"_links":{"self":[{"href":"https:\/\/sites.usp.br\/oaepsps\/wp-json\/wp\/v2\/pages\/662","targetHints":{"allow":["GET"]}}],"collection":[{"href":"https:\/\/sites.usp.br\/oaepsps\/wp-json\/wp\/v2\/pages"}],"about":[{"href":"https:\/\/sites.usp.br\/oaepsps\/wp-json\/wp\/v2\/types\/page"}],"author":[{"embeddable":true,"href":"https:\/\/sites.usp.br\/oaepsps\/wp-json\/wp\/v2\/users\/22638"}],"replies":[{"embeddable":true,"href":"https:\/\/sites.usp.br\/oaepsps\/wp-json\/wp\/v2\/comments?post=662"}],"version-history":[{"count":5,"href":"https:\/\/sites.usp.br\/oaepsps\/wp-json\/wp\/v2\/pages\/662\/revisions"}],"predecessor-version":[{"id":1221,"href":"https:\/\/sites.usp.br\/oaepsps\/wp-json\/wp\/v2\/pages\/662\/revisions\/1221"}],"wp:attachment":[{"href":"https:\/\/sites.usp.br\/oaepsps\/wp-json\/wp\/v2\/media?parent=662"}],"curies":[{"name":"wp","href":"https:\/\/api.w.org\/{rel}","templated":true}]}}