{"id":272,"date":"2021-08-19T15:13:17","date_gmt":"2021-08-19T17:13:17","guid":{"rendered":"https:\/\/sites.usp.br\/obted\/?page_id=272"},"modified":"2021-08-21T10:53:39","modified_gmt":"2021-08-21T12:53:39","slug":"sobre","status":"publish","type":"page","link":"https:\/\/sites.usp.br\/obted\/sobre\/","title":{"rendered":"Sobre"},"content":{"rendered":"\t\t<div data-elementor-type=\"wp-page\" data-elementor-id=\"272\" class=\"elementor elementor-272\" data-elementor-post-type=\"page\">\n\t\t\t\t\t\t<section class=\"elementor-section elementor-top-section elementor-element elementor-element-f078360 elementor-section-boxed elementor-section-height-default elementor-section-height-default\" data-id=\"f078360\" data-element_type=\"section\">\n\t\t\t\t\t\t<div class=\"elementor-container elementor-column-gap-default\">\n\t\t\t\t\t<div class=\"elementor-column elementor-col-100 elementor-top-column elementor-element elementor-element-2738d085\" data-id=\"2738d085\" data-element_type=\"column\">\n\t\t\t<div class=\"elementor-widget-wrap elementor-element-populated\">\n\t\t\t\t\t\t<div class=\"elementor-element elementor-element-1dd71c79 elementor-widget elementor-widget-text-editor\" data-id=\"1dd71c79\" data-element_type=\"widget\" data-widget_type=\"text-editor.default\">\n\t\t\t\t<div class=\"elementor-widget-container\">\n\t\t\t\t\t\t\t&nbsp;\r\n<div id=\"accel-snackbar\" style=\"left: 50%; transform: translate(-50%, 0px); top: 50px;\"><\/div>\t\t\t\t\t\t<\/div>\n\t\t\t\t<\/div>\n\t\t\t\t<div class=\"elementor-element elementor-element-fee55c8 elementor-widget elementor-widget-image\" data-id=\"fee55c8\" data-element_type=\"widget\" data-widget_type=\"image.default\">\n\t\t\t\t<div class=\"elementor-widget-container\">\n\t\t\t\t\t\t\t\t\t\t\t\t\t<img fetchpriority=\"high\" decoding=\"async\" width=\"640\" height=\"271\" src=\"https:\/\/sites.usp.br\/obted\/wp-content\/uploads\/sites\/473\/2021\/08\/obted-pdf-1-aberto-e1560631344171-1024x433-1.png\" class=\"attachment-large size-large wp-image-278\" alt=\"\" srcset=\"https:\/\/sites.usp.br\/obted\/wp-content\/uploads\/sites\/473\/2021\/08\/obted-pdf-1-aberto-e1560631344171-1024x433-1.png 1024w, https:\/\/sites.usp.br\/obted\/wp-content\/uploads\/sites\/473\/2021\/08\/obted-pdf-1-aberto-e1560631344171-1024x433-1-300x127.png 300w, https:\/\/sites.usp.br\/obted\/wp-content\/uploads\/sites\/473\/2021\/08\/obted-pdf-1-aberto-e1560631344171-1024x433-1-768x325.png 768w, https:\/\/sites.usp.br\/obted\/wp-content\/uploads\/sites\/473\/2021\/08\/obted-pdf-1-aberto-e1560631344171-1024x433-1-400x169.png 400w\" sizes=\"(max-width: 640px) 100vw, 640px\" \/>\t\t\t\t\t\t\t\t\t\t\t\t\t<\/div>\n\t\t\t\t<\/div>\n\t\t\t\t\t<\/div>\n\t\t<\/div>\n\t\t\t\t\t<\/div>\n\t\t<\/section>\n\t\t\t\t<section class=\"elementor-section elementor-top-section elementor-element elementor-element-ea441ed elementor-section-boxed elementor-section-height-default elementor-section-height-default\" data-id=\"ea441ed\" data-element_type=\"section\">\n\t\t\t\t\t\t<div class=\"elementor-container elementor-column-gap-default\">\n\t\t\t\t\t<div class=\"elementor-column elementor-col-100 elementor-top-column elementor-element elementor-element-07627c8\" data-id=\"07627c8\" data-element_type=\"column\">\n\t\t\t<div class=\"elementor-widget-wrap elementor-element-populated\">\n\t\t\t\t\t\t<div class=\"elementor-element elementor-element-caf444c elementor-widget elementor-widget-text-editor\" data-id=\"caf444c\" data-element_type=\"widget\" data-widget_type=\"text-editor.default\">\n\t\t\t\t<div class=\"elementor-widget-container\">\n\t\t\t\t\t\t\t<p>Al\u00e9m de olhar criticamente para a televis\u00e3o em ambi\u00eancia digital, o Obted se dedica a propor solu\u00e7\u00f5es, experimentar tecnologias e construir conhecimento em conjunto. Dessa forma, suas pesquisas e a\u00e7\u00f5es s\u00e3o realizadas em colabora\u00e7\u00e3o com onze pesquisadores advindos de diferentes universidades e profissionais \u2013 jornalistas, radialistas e engenheiros \u2013 com ampla experi\u00eancia no mercado televisivo, que compreende empresas de radiodifus\u00e3o, inova\u00e7\u00e3o tecnol\u00f3gica e produ\u00e7\u00e3o de conte\u00fado sob demanda, a saber: Almir Almas (CTR-ECA\/USP), Deisy Feitosa (PPGCOM-CTR-ECA\/USP e Fapcom), Alexandre Shirmer Kieling (Universidade Cat\u00f3lica de Bras\u00edlia), Eduardo Acquarone (jornalista e doutorando da ISCTE-IUL, Portugal), Fernanda Castilho (CEETEPS\/FATEC), Fernando Carlos Moura (Revista da SET e Universidad Nacional de Tres de Febrero &#8211; UNTREF), Francisco Machado Filho (Unesp) e Jos\u00e9 Salustiano Fagundes de Souza (HXD), Leire Mara Bevilaqua (TV Unesp), M\u00f4nica Pinheiro (InForma\u00e7\u00e3o) e Rosane Baptista (InForma\u00e7\u00e3o). S\u00e3o sete doutores, duas mestres, um doutorando e um especialista.<\/p><p>O Obted desenvolve pesquisas em cinco linhas distintas: TV Digital, Televis\u00e3o e Conte\u00fado; Televis\u00e3o Social, Comunit\u00e1ria e Educativa; Televis\u00e3o, Recep\u00e7\u00e3o e Neg\u00f3cios e Televis\u00e3o Expandida. As linhas, como detalhado na tabela a seguir, abarcam o processo de implementa\u00e7\u00e3o de tecnologias e conte\u00fados para a TV Digital, possibilidades sociais, comunit\u00e1rias e educativas da TV, formas de consumo e frui\u00e7\u00e3o ligadas ao dispositivo e neg\u00f3cio televisivo, bem como as experi\u00eancias atuais em formatos imersivos, tais como as X-Realities em conte\u00fados de fic\u00e7\u00e3o e n\u00e3o-fic\u00e7\u00e3o.<\/p><p>Uma das primeiras atividades do Obted foi a condu\u00e7\u00e3o do Conv\u00eanio de Coopera\u00e7\u00e3o Cient\u00edfica, T\u00e9cnica e Cultural que se firmou entre a Universidade de S\u00e3o Paulo\/Escola de Comunica\u00e7\u00f5es e Artes e a Seja Digital (EAD &#8211; Entidade Administradora de Processo de Redistribui\u00e7\u00e3o e Digitaliza\u00e7\u00e3o de Canais TV e RTV), visando apoio \u00e0s atividades de mobiliza\u00e7\u00e3o social e capacita\u00e7\u00e3o, durante o processo de migra\u00e7\u00e3o do sinal de TV anal\u00f3gico para o sinal de TV digital (switch off) no munic\u00edpio de S\u00e3o Paulo; e que priorizava a popula\u00e7\u00e3o de baixa renda, pessoas com defici\u00eancia e a faixa de idosos. Desde ent\u00e3o, membros do Obted e seus coordenadores apoiaram e\/ou estiverem envolvidos no lan\u00e7amento de tr\u00eas livros e na pesquisa e produ\u00e7\u00e3o de<span class=\"Apple-converted-space\">\u00a0 <\/span>oito mat\u00e9rias especiais para a Revista da SET (Revista da Sociedade de Engenharia de Televis\u00e3o), relacionadas \u00e0 televis\u00e3o digital, bem como na participa\u00e7\u00e3o\/modera\u00e7\u00e3o de sete eventos do setor televisivo.<\/p><p>O Obted foi criado oficialmente em 2017, inicialmente vinculado ao LabArteM\u00eddia (CTR-ECA\/USP). Com a evolu\u00e7\u00e3o dos trabalhos e a entrada de novos pesquisadores convidados, os criadores e coordenadores do Obted sentiram a necessidade de desvincular os dois grupos, para potencializar as suas atividades e estrat\u00e9gias de pesquisa. Principalmente considerando que tanto o LabArteM\u00eddia, quanto o Obted, possuem substancial produ\u00e7\u00e3o acad\u00eamica bibliogr\u00e1fica, art\u00edstica e t\u00e9cnica, o que deixa cada grupo com produ\u00e7\u00e3o relevante em cada uma de suas especificidades. Por consequ\u00eancia, em novembro de 2020, recebeu a certifica\u00e7\u00e3o de grupo de pesquisa do CNPq e da Pr\u00f3-Reitoria de Pesquisa da USP. Os pr\u00f3ximos passos do Obted s\u00e3o com os seguintes objetivos: realiza\u00e7\u00e3o de pesquisas a respeito do ecossistema televisivo, com publica\u00e7\u00e3o de livro e artigos sobre as novas nomenclaturas em uso atualmente; publica\u00e7\u00e3o de uma colet\u00e2nea anual; e realiza\u00e7\u00e3o de dois ciclos de debates anuais.<\/p><div id=\"accel-snackbar\" style=\"left: 50%; transform: translate(-50%, 0px); top: 50px;\">\u00a0<\/div>\t\t\t\t\t\t<\/div>\n\t\t\t\t<\/div>\n\t\t\t\t\t<\/div>\n\t\t<\/div>\n\t\t\t\t\t<\/div>\n\t\t<\/section>\n\t\t\t\t<\/div>\n\t\t","protected":false},"excerpt":{"rendered":"<p>&nbsp; Al\u00e9m de olhar criticamente para a televis\u00e3o em ambi\u00eancia digital, o Obted se dedica a propor solu\u00e7\u00f5es, experimentar tecnologias e construir conhecimento em conjunto. Dessa forma, suas pesquisas e a\u00e7\u00f5es s\u00e3o realizadas em colabora\u00e7\u00e3o com onze pesquisadores advindos de diferentes universidades e profissionais \u2013 jornalistas, radialistas e engenheiros \u2013 com ampla experi\u00eancia no mercado<a href=\"https:\/\/sites.usp.br\/obted\/sobre\/\">[&#8230;]<\/a><\/p>\n","protected":false},"author":22286,"featured_media":0,"parent":0,"menu_order":0,"comment_status":"closed","ping_status":"closed","template":"template-fullwidth-no-title.php","meta":{"footnotes":"","_links_to":"","_links_to_target":""},"class_list":["post-272","page","type-page","status-publish","hentry"],"_links":{"self":[{"href":"https:\/\/sites.usp.br\/obted\/wp-json\/wp\/v2\/pages\/272","targetHints":{"allow":["GET"]}}],"collection":[{"href":"https:\/\/sites.usp.br\/obted\/wp-json\/wp\/v2\/pages"}],"about":[{"href":"https:\/\/sites.usp.br\/obted\/wp-json\/wp\/v2\/types\/page"}],"author":[{"embeddable":true,"href":"https:\/\/sites.usp.br\/obted\/wp-json\/wp\/v2\/users\/22286"}],"replies":[{"embeddable":true,"href":"https:\/\/sites.usp.br\/obted\/wp-json\/wp\/v2\/comments?post=272"}],"version-history":[{"count":4,"href":"https:\/\/sites.usp.br\/obted\/wp-json\/wp\/v2\/pages\/272\/revisions"}],"predecessor-version":[{"id":445,"href":"https:\/\/sites.usp.br\/obted\/wp-json\/wp\/v2\/pages\/272\/revisions\/445"}],"wp:attachment":[{"href":"https:\/\/sites.usp.br\/obted\/wp-json\/wp\/v2\/media?parent=272"}],"curies":[{"name":"wp","href":"https:\/\/api.w.org\/{rel}","templated":true}]}}