{"id":311,"date":"2022-01-11T11:43:34","date_gmt":"2022-01-11T13:43:34","guid":{"rendered":"https:\/\/sites.usp.br\/obted\/?page_id=311"},"modified":"2022-04-08T12:46:24","modified_gmt":"2022-04-08T14:46:24","slug":"alexandre-shirmer-kieling","status":"publish","type":"page","link":"https:\/\/sites.usp.br\/obted\/equipe\/alexandre-shirmer-kieling\/","title":{"rendered":"Alexandre Shirmer Kieling"},"content":{"rendered":"\t\t<div data-elementor-type=\"wp-page\" data-elementor-id=\"311\" class=\"elementor elementor-311\" data-elementor-post-type=\"page\">\n\t\t\t\t\t\t<section class=\"elementor-section elementor-top-section elementor-element elementor-element-4320f3fd elementor-section-boxed elementor-section-height-default elementor-section-height-default\" data-id=\"4320f3fd\" data-element_type=\"section\">\n\t\t\t\t\t\t<div class=\"elementor-container elementor-column-gap-default\">\n\t\t\t\t\t<div class=\"elementor-column elementor-col-100 elementor-top-column elementor-element elementor-element-651086ce\" data-id=\"651086ce\" data-element_type=\"column\">\n\t\t\t<div class=\"elementor-widget-wrap elementor-element-populated\">\n\t\t\t\t\t\t<div class=\"elementor-element elementor-element-266c0803 elementor-widget elementor-widget-text-editor\" data-id=\"266c0803\" data-element_type=\"widget\" data-widget_type=\"text-editor.default\">\n\t\t\t\t<div class=\"elementor-widget-container\">\n\t\t\t\t\t\t\t&nbsp;\r\n<div id=\"accel-snackbar\" style=\"left: 50%; transform: translate(-50%, 0px); top: 50px;\"><\/div>\t\t\t\t\t\t<\/div>\n\t\t\t\t<\/div>\n\t\t\t\t\t<\/div>\n\t\t<\/div>\n\t\t\t\t\t<\/div>\n\t\t<\/section>\n\t\t\t\t<section class=\"elementor-section elementor-top-section elementor-element elementor-element-43a4abb elementor-section-boxed elementor-section-height-default elementor-section-height-default\" data-id=\"43a4abb\" data-element_type=\"section\">\n\t\t\t\t\t\t<div class=\"elementor-container elementor-column-gap-default\">\n\t\t\t\t\t<div class=\"elementor-column elementor-col-100 elementor-top-column elementor-element elementor-element-2d51680\" data-id=\"2d51680\" data-element_type=\"column\">\n\t\t\t<div class=\"elementor-widget-wrap elementor-element-populated\">\n\t\t\t\t\t\t<div class=\"elementor-element elementor-element-afdfc03 elementor-widget elementor-widget-heading\" data-id=\"afdfc03\" data-element_type=\"widget\" data-widget_type=\"heading.default\">\n\t\t\t\t<div class=\"elementor-widget-container\">\n\t\t\t<h2 class=\"elementor-heading-title elementor-size-default\">Alexandre Shirmer Kieling<\/h2>\t\t<\/div>\n\t\t\t\t<\/div>\n\t\t\t\t\t<\/div>\n\t\t<\/div>\n\t\t\t\t\t<\/div>\n\t\t<\/section>\n\t\t\t\t<section class=\"elementor-section elementor-top-section elementor-element elementor-element-5bcd6b1 elementor-section-boxed elementor-section-height-default elementor-section-height-default\" data-id=\"5bcd6b1\" data-element_type=\"section\">\n\t\t\t\t\t\t<div class=\"elementor-container elementor-column-gap-default\">\n\t\t\t\t\t<div class=\"elementor-column elementor-col-100 elementor-top-column elementor-element elementor-element-0782f58\" data-id=\"0782f58\" data-element_type=\"column\">\n\t\t\t<div class=\"elementor-widget-wrap elementor-element-populated\">\n\t\t\t\t\t\t<div class=\"elementor-element elementor-element-fd5efdf elementor-widget elementor-widget-text-editor\" data-id=\"fd5efdf\" data-element_type=\"widget\" data-widget_type=\"text-editor.default\">\n\t\t\t\t<div class=\"elementor-widget-container\">\n\t\t\t\t\t\t\t<p><a id=\"u886\" class=\"nonblock nontext clip_frame grpelem\" href=\"http:\/\/lattes.cnpq.br\/0378887416388674\"><img decoding=\"async\" id=\"u886_img\" class=\"block alignnone\" src=\"https:\/\/sites.usp.br\/labartemidia\/wp-content\/uploads\/sites\/472\/2019\/06\/lattes.png\" alt=\"\" width=\"41\" height=\"41\" data-heightwidthratio=\"1\" data-image-width=\"41\" data-image-height=\"41\" \/><\/a><\/p><p>Possui gradua\u00e7\u00e3o em Comunica\u00e7\u00e3o Social pela Universidade Federal de Santa Maria (1985), especializa\u00e7\u00e3o em cinema e TV (2000) mestrado (2004) e doutorado (2009) em Ci\u00eancias da Comunica\u00e7\u00e3o pela Universidade do Vale do Rio dos Sinos. Desenvolveu uma pesquisa sobre interatividade na TV, tendo feito est\u00e1gio doutoral na Sorbonne Nouvelle Paris 3 , na Fran\u00e7a, sob a orienta\u00e7\u00e3o do Professor Fran\u00e7ois Jost. \u00c9 professor do Programa de Mestrado em Comunica\u00e7\u00e3o e da Gradua\u00e7\u00e3o em Comunica\u00e7\u00e3o da Universidade Cat\u00f3lica de Bras\u00edlia. Tem experi\u00eancia em produ\u00e7\u00e3o e gest\u00e3o de realiza\u00e7\u00e3o audiovisual, especialmente em televis\u00e3o. Atua e pesquisa com \u00eanfase nos seguintes temas: digitaliza\u00e7\u00e3o das m\u00eddias, TV digital, televis\u00e3o brasileira, interatividade, narratologia, conte\u00fados audiovisuais, conte\u00fados digitais. Coordena o Grupo de Pesquisa que estuda os conte\u00fados Digitais e Interativos.<\/p><p>Digitaliza\u00e7\u00e3o das m\u00eddias; TV Digital; Televis\u00e3o Brasileira; Interatividade; Narratologia; Conte\u00fados audiovisuais; Conte\u00fados Digitais;<\/p><p>alexandrek@ucb.br<\/p><div id=\"accel-snackbar\" style=\"left: 50%; transform: translate(-50%, 0px); top: 50px;\">\u00a0<\/div>\t\t\t\t\t\t<\/div>\n\t\t\t\t<\/div>\n\t\t\t\t\t<\/div>\n\t\t<\/div>\n\t\t\t\t\t<\/div>\n\t\t<\/section>\n\t\t\t\t<\/div>\n\t\t","protected":false},"excerpt":{"rendered":"<p>&nbsp; Alexandre Shirmer Kieling Possui gradua\u00e7\u00e3o em Comunica\u00e7\u00e3o Social pela Universidade Federal de Santa Maria (1985), especializa\u00e7\u00e3o em cinema e TV (2000) mestrado (2004) e doutorado (2009) em Ci\u00eancias da Comunica\u00e7\u00e3o pela Universidade do Vale do Rio dos Sinos. Desenvolveu uma pesquisa sobre interatividade na TV, tendo feito est\u00e1gio doutoral na Sorbonne Nouvelle Paris 3<a href=\"https:\/\/sites.usp.br\/obted\/equipe\/alexandre-shirmer-kieling\/\">[&#8230;]<\/a><\/p>\n","protected":false},"author":22286,"featured_media":294,"parent":275,"menu_order":0,"comment_status":"closed","ping_status":"closed","template":"template-fullwidth-no-title.php","meta":{"footnotes":"","_links_to":"","_links_to_target":""},"class_list":["post-311","page","type-page","status-publish","has-post-thumbnail","hentry"],"_links":{"self":[{"href":"https:\/\/sites.usp.br\/obted\/wp-json\/wp\/v2\/pages\/311","targetHints":{"allow":["GET"]}}],"collection":[{"href":"https:\/\/sites.usp.br\/obted\/wp-json\/wp\/v2\/pages"}],"about":[{"href":"https:\/\/sites.usp.br\/obted\/wp-json\/wp\/v2\/types\/page"}],"author":[{"embeddable":true,"href":"https:\/\/sites.usp.br\/obted\/wp-json\/wp\/v2\/users\/22286"}],"replies":[{"embeddable":true,"href":"https:\/\/sites.usp.br\/obted\/wp-json\/wp\/v2\/comments?post=311"}],"version-history":[{"count":4,"href":"https:\/\/sites.usp.br\/obted\/wp-json\/wp\/v2\/pages\/311\/revisions"}],"predecessor-version":[{"id":400,"href":"https:\/\/sites.usp.br\/obted\/wp-json\/wp\/v2\/pages\/311\/revisions\/400"}],"up":[{"embeddable":true,"href":"https:\/\/sites.usp.br\/obted\/wp-json\/wp\/v2\/pages\/275"}],"wp:featuredmedia":[{"embeddable":true,"href":"https:\/\/sites.usp.br\/obted\/wp-json\/wp\/v2\/media\/294"}],"wp:attachment":[{"href":"https:\/\/sites.usp.br\/obted\/wp-json\/wp\/v2\/media?parent=311"}],"curies":[{"name":"wp","href":"https:\/\/api.w.org\/{rel}","templated":true}]}}