{"id":317,"date":"2021-08-19T20:32:56","date_gmt":"2021-08-19T22:32:56","guid":{"rendered":"https:\/\/sites.usp.br\/obted\/?page_id=317"},"modified":"2021-08-19T21:09:38","modified_gmt":"2021-08-19T23:09:38","slug":"eduardo-acquarone","status":"publish","type":"page","link":"https:\/\/sites.usp.br\/obted\/equipe\/eduardo-acquarone\/","title":{"rendered":"Eduardo Acquarone"},"content":{"rendered":"\t\t<div data-elementor-type=\"wp-page\" data-elementor-id=\"317\" class=\"elementor elementor-317\" data-elementor-post-type=\"page\">\n\t\t\t\t\t\t<section class=\"elementor-section elementor-top-section elementor-element elementor-element-6e6e5fad elementor-section-boxed elementor-section-height-default elementor-section-height-default\" data-id=\"6e6e5fad\" data-element_type=\"section\">\n\t\t\t\t\t\t<div class=\"elementor-container elementor-column-gap-default\">\n\t\t\t\t\t<div class=\"elementor-column elementor-col-100 elementor-top-column elementor-element elementor-element-213c8220\" data-id=\"213c8220\" data-element_type=\"column\">\n\t\t\t<div class=\"elementor-widget-wrap elementor-element-populated\">\n\t\t\t\t\t\t<div class=\"elementor-element elementor-element-5bb08df3 elementor-widget elementor-widget-text-editor\" data-id=\"5bb08df3\" data-element_type=\"widget\" data-widget_type=\"text-editor.default\">\n\t\t\t\t<div class=\"elementor-widget-container\">\n\t\t\t\t\t\t\t&nbsp;\n<div id=\"accel-snackbar\" style=\"left: 50%; transform: translate(-50%, 0px); top: 50px;\"><\/div>\t\t\t\t\t\t<\/div>\n\t\t\t\t<\/div>\n\t\t\t\t\t<\/div>\n\t\t<\/div>\n\t\t\t\t\t<\/div>\n\t\t<\/section>\n\t\t\t\t<section class=\"elementor-section elementor-top-section elementor-element elementor-element-97570dd elementor-section-boxed elementor-section-height-default elementor-section-height-default\" data-id=\"97570dd\" data-element_type=\"section\">\n\t\t\t\t\t\t<div class=\"elementor-container elementor-column-gap-default\">\n\t\t\t\t\t<div class=\"elementor-column elementor-col-100 elementor-top-column elementor-element elementor-element-dd442e9\" data-id=\"dd442e9\" data-element_type=\"column\">\n\t\t\t<div class=\"elementor-widget-wrap elementor-element-populated\">\n\t\t\t\t\t\t<div class=\"elementor-element elementor-element-61498d9 elementor-widget elementor-widget-heading\" data-id=\"61498d9\" data-element_type=\"widget\" data-widget_type=\"heading.default\">\n\t\t\t\t<div class=\"elementor-widget-container\">\n\t\t\t<h2 class=\"elementor-heading-title elementor-size-default\">Eduardo Acquarone<\/h2>\t\t<\/div>\n\t\t\t\t<\/div>\n\t\t\t\t\t<\/div>\n\t\t<\/div>\n\t\t\t\t\t<\/div>\n\t\t<\/section>\n\t\t\t\t<section class=\"elementor-section elementor-top-section elementor-element elementor-element-c1fac71 elementor-section-boxed elementor-section-height-default elementor-section-height-default\" data-id=\"c1fac71\" data-element_type=\"section\">\n\t\t\t\t\t\t<div class=\"elementor-container elementor-column-gap-default\">\n\t\t\t\t\t<div class=\"elementor-column elementor-col-100 elementor-top-column elementor-element elementor-element-2cef165\" data-id=\"2cef165\" data-element_type=\"column\">\n\t\t\t<div class=\"elementor-widget-wrap elementor-element-populated\">\n\t\t\t\t\t\t<div class=\"elementor-element elementor-element-f2975a7 elementor-widget elementor-widget-text-editor\" data-id=\"f2975a7\" data-element_type=\"widget\" data-widget_type=\"text-editor.default\">\n\t\t\t\t<div class=\"elementor-widget-container\">\n\t\t\t\t\t\t\t<p><a id=\"u886\" class=\"nonblock nontext clip_frame grpelem\" href=\"bit.ly\/eduacquarone\"><img decoding=\"async\" id=\"u886_img\" class=\"block alignnone\" src=\"https:\/\/sites.usp.br\/labartemidia\/wp-content\/uploads\/sites\/472\/2019\/06\/lattes.png\" alt=\"\" width=\"41\" height=\"41\" data-heightwidthratio=\"1\" data-image-width=\"41\" data-image-height=\"41\" \/><\/a><\/p><p>Roteirista, diretor e criador de projetos digitais, o jornalista Eduardo Acquarone trabalha com inova\u00e7\u00e3o desde 2008, quando lan\u00e7ou o Globo Amaz\u00f4nia, projeto indicado ao Emmy Digital e que conseguiu mais de 55 milh\u00f5es de protestos virtuais contra a destrui\u00e7\u00e3o da floresta. Em 2015 estudou no Tow-Knight Center for Entrepreneurial Journalism em Nova York, onde fundou a Flying Content, uma empresa de hist\u00f3rias digitais. Atualmente trabalha com inova\u00e7\u00e3o na TV Globo e faz um doutorado em Realidade Virtual em Lisboa.<\/p><p>Realidade Virtual; Jornalismo Imersivo; Transm\u00eddia<\/p><p>eduacquarone@gmail.com<\/p><div id=\"accel-snackbar\" style=\"left: 50%; transform: translate(-50%, 0px); top: 50px;\">\u00a0<\/div>\t\t\t\t\t\t<\/div>\n\t\t\t\t<\/div>\n\t\t\t\t\t<\/div>\n\t\t<\/div>\n\t\t\t\t\t<\/div>\n\t\t<\/section>\n\t\t\t\t<\/div>\n\t\t","protected":false},"excerpt":{"rendered":"<p>&nbsp; Eduardo Acquarone Roteirista, diretor e criador de projetos digitais, o jornalista Eduardo Acquarone trabalha com inova\u00e7\u00e3o desde 2008, quando lan\u00e7ou o Globo Amaz\u00f4nia, projeto indicado ao Emmy Digital e que conseguiu mais de 55 milh\u00f5es de protestos virtuais contra a destrui\u00e7\u00e3o da floresta. Em 2015 estudou no Tow-Knight Center for Entrepreneurial Journalism em Nova<a href=\"https:\/\/sites.usp.br\/obted\/equipe\/eduardo-acquarone\/\">[&#8230;]<\/a><\/p>\n","protected":false},"author":22286,"featured_media":296,"parent":275,"menu_order":0,"comment_status":"closed","ping_status":"closed","template":"","meta":{"footnotes":"","_links_to":"","_links_to_target":""},"class_list":["post-317","page","type-page","status-publish","has-post-thumbnail","hentry"],"_links":{"self":[{"href":"https:\/\/sites.usp.br\/obted\/wp-json\/wp\/v2\/pages\/317","targetHints":{"allow":["GET"]}}],"collection":[{"href":"https:\/\/sites.usp.br\/obted\/wp-json\/wp\/v2\/pages"}],"about":[{"href":"https:\/\/sites.usp.br\/obted\/wp-json\/wp\/v2\/types\/page"}],"author":[{"embeddable":true,"href":"https:\/\/sites.usp.br\/obted\/wp-json\/wp\/v2\/users\/22286"}],"replies":[{"embeddable":true,"href":"https:\/\/sites.usp.br\/obted\/wp-json\/wp\/v2\/comments?post=317"}],"version-history":[{"count":4,"href":"https:\/\/sites.usp.br\/obted\/wp-json\/wp\/v2\/pages\/317\/revisions"}],"predecessor-version":[{"id":406,"href":"https:\/\/sites.usp.br\/obted\/wp-json\/wp\/v2\/pages\/317\/revisions\/406"}],"up":[{"embeddable":true,"href":"https:\/\/sites.usp.br\/obted\/wp-json\/wp\/v2\/pages\/275"}],"wp:featuredmedia":[{"embeddable":true,"href":"https:\/\/sites.usp.br\/obted\/wp-json\/wp\/v2\/media\/296"}],"wp:attachment":[{"href":"https:\/\/sites.usp.br\/obted\/wp-json\/wp\/v2\/media?parent=317"}],"curies":[{"name":"wp","href":"https:\/\/api.w.org\/{rel}","templated":true}]}}