{"id":319,"date":"2021-08-19T20:33:22","date_gmt":"2021-08-19T22:33:22","guid":{"rendered":"https:\/\/sites.usp.br\/obted\/?page_id=319"},"modified":"2021-08-19T21:10:04","modified_gmt":"2021-08-19T23:10:04","slug":"fernanda-castilho","status":"publish","type":"page","link":"https:\/\/sites.usp.br\/obted\/equipe\/fernanda-castilho\/","title":{"rendered":"Fernanda Castilho"},"content":{"rendered":"\t\t<div data-elementor-type=\"wp-page\" data-elementor-id=\"319\" class=\"elementor elementor-319\" data-elementor-post-type=\"page\">\n\t\t\t\t\t\t<section class=\"elementor-section elementor-top-section elementor-element elementor-element-7f6bdedf elementor-section-boxed elementor-section-height-default elementor-section-height-default\" data-id=\"7f6bdedf\" data-element_type=\"section\">\n\t\t\t\t\t\t<div class=\"elementor-container elementor-column-gap-default\">\n\t\t\t\t\t<div class=\"elementor-column elementor-col-100 elementor-top-column elementor-element elementor-element-4e139da8\" data-id=\"4e139da8\" data-element_type=\"column\">\n\t\t\t<div class=\"elementor-widget-wrap elementor-element-populated\">\n\t\t\t\t\t\t<div class=\"elementor-element elementor-element-2df0aa5a elementor-widget elementor-widget-text-editor\" data-id=\"2df0aa5a\" data-element_type=\"widget\" data-widget_type=\"text-editor.default\">\n\t\t\t\t<div class=\"elementor-widget-container\">\n\t\t\t\t\t\t\t&nbsp;\r\n<div id=\"accel-snackbar\" style=\"left: 50%; transform: translate(-50%, 0px); top: 50px;\"><\/div>\t\t\t\t\t\t<\/div>\n\t\t\t\t<\/div>\n\t\t\t\t\t<\/div>\n\t\t<\/div>\n\t\t\t\t\t<\/div>\n\t\t<\/section>\n\t\t\t\t<section class=\"elementor-section elementor-top-section elementor-element elementor-element-d50b5f2 elementor-section-boxed elementor-section-height-default elementor-section-height-default\" data-id=\"d50b5f2\" data-element_type=\"section\">\n\t\t\t\t\t\t<div class=\"elementor-container elementor-column-gap-default\">\n\t\t\t\t\t<div class=\"elementor-column elementor-col-100 elementor-top-column elementor-element elementor-element-654489b\" data-id=\"654489b\" data-element_type=\"column\">\n\t\t\t<div class=\"elementor-widget-wrap elementor-element-populated\">\n\t\t\t\t\t\t<div class=\"elementor-element elementor-element-1108d8d elementor-widget elementor-widget-heading\" data-id=\"1108d8d\" data-element_type=\"widget\" data-widget_type=\"heading.default\">\n\t\t\t\t<div class=\"elementor-widget-container\">\n\t\t\t<h2 class=\"elementor-heading-title elementor-size-default\">Fernanda Castilho<\/h2>\t\t<\/div>\n\t\t\t\t<\/div>\n\t\t\t\t\t<\/div>\n\t\t<\/div>\n\t\t\t\t\t<\/div>\n\t\t<\/section>\n\t\t\t\t<section class=\"elementor-section elementor-top-section elementor-element elementor-element-cb5961c elementor-section-boxed elementor-section-height-default elementor-section-height-default\" data-id=\"cb5961c\" data-element_type=\"section\">\n\t\t\t\t\t\t<div class=\"elementor-container elementor-column-gap-default\">\n\t\t\t\t\t<div class=\"elementor-column elementor-col-100 elementor-top-column elementor-element elementor-element-510bdfa\" data-id=\"510bdfa\" data-element_type=\"column\">\n\t\t\t<div class=\"elementor-widget-wrap elementor-element-populated\">\n\t\t\t\t\t\t<div class=\"elementor-element elementor-element-a867011 elementor-widget elementor-widget-text-editor\" data-id=\"a867011\" data-element_type=\"widget\" data-widget_type=\"text-editor.default\">\n\t\t\t\t<div class=\"elementor-widget-container\">\n\t\t\t\t\t\t\t<p><a id=\"u886\" class=\"nonblock nontext clip_frame grpelem\" href=\"http:\/\/lattes.cnpq.br\/6930826232431610\"><img decoding=\"async\" id=\"u886_img\" class=\"block alignnone\" src=\"https:\/\/sites.usp.br\/labartemidia\/wp-content\/uploads\/sites\/472\/2019\/06\/lattes.png\" alt=\"\" width=\"41\" height=\"41\" data-heightwidthratio=\"1\" data-image-width=\"41\" data-image-height=\"41\" \/><\/a><\/p><p>P\u00f3s-doutora pela Escola de Comunica\u00e7\u00f5es e Artes da Universidade de S\u00e3o Paulo (ECA\/USP). Doutora e Mestre pela Universidade de Coimbra (Portugal). Professora do Centro Estadual de Educa\u00e7\u00e3o Tecnol\u00f3gica Paula Souza (Fatec) e do curso Especializa\u00e7\u00e3o em Produ\u00e7\u00e3o de Conte\u00fado Audiovisual para Multiplataformas da UFSCar. Ex-coordenadora do Grupo de Pesquisa Fic\u00e7\u00e3o Seriada da Intercom. Entre 2008 e 2018 foi pesquisadora do Observat\u00f3rio Ibero-Americano de Fic\u00e7\u00e3o Televisiva (Obitel internacional). Investiga temas ligados ao audiovisual, novas tecnologias, identidades, g\u00eanero e m\u00eddia.<\/p><p>transm\u00eddia, audiovisual, novas tecnologias, identidades, g\u00eanero e m\u00eddia.<\/p><p>fernandacasty@gmail.com<\/p><div id=\"accel-snackbar\" style=\"left: 50%; transform: translate(-50%, 0px); top: 50px;\">\u00a0<\/div>\t\t\t\t\t\t<\/div>\n\t\t\t\t<\/div>\n\t\t\t\t\t<\/div>\n\t\t<\/div>\n\t\t\t\t\t<\/div>\n\t\t<\/section>\n\t\t\t\t<\/div>\n\t\t","protected":false},"excerpt":{"rendered":"<p>&nbsp; Fernanda Castilho P\u00f3s-doutora pela Escola de Comunica\u00e7\u00f5es e Artes da Universidade de S\u00e3o Paulo (ECA\/USP). Doutora e Mestre pela Universidade de Coimbra (Portugal). Professora do Centro Estadual de Educa\u00e7\u00e3o Tecnol\u00f3gica Paula Souza (Fatec) e do curso Especializa\u00e7\u00e3o em Produ\u00e7\u00e3o de Conte\u00fado Audiovisual para Multiplataformas da UFSCar. Ex-coordenadora do Grupo de Pesquisa Fic\u00e7\u00e3o Seriada da<a href=\"https:\/\/sites.usp.br\/obted\/equipe\/fernanda-castilho\/\">[&#8230;]<\/a><\/p>\n","protected":false},"author":22286,"featured_media":298,"parent":275,"menu_order":0,"comment_status":"closed","ping_status":"closed","template":"template-fullwidth-no-title.php","meta":{"footnotes":"","_links_to":"","_links_to_target":""},"class_list":["post-319","page","type-page","status-publish","has-post-thumbnail","hentry"],"_links":{"self":[{"href":"https:\/\/sites.usp.br\/obted\/wp-json\/wp\/v2\/pages\/319","targetHints":{"allow":["GET"]}}],"collection":[{"href":"https:\/\/sites.usp.br\/obted\/wp-json\/wp\/v2\/pages"}],"about":[{"href":"https:\/\/sites.usp.br\/obted\/wp-json\/wp\/v2\/types\/page"}],"author":[{"embeddable":true,"href":"https:\/\/sites.usp.br\/obted\/wp-json\/wp\/v2\/users\/22286"}],"replies":[{"embeddable":true,"href":"https:\/\/sites.usp.br\/obted\/wp-json\/wp\/v2\/comments?post=319"}],"version-history":[{"count":4,"href":"https:\/\/sites.usp.br\/obted\/wp-json\/wp\/v2\/pages\/319\/revisions"}],"predecessor-version":[{"id":409,"href":"https:\/\/sites.usp.br\/obted\/wp-json\/wp\/v2\/pages\/319\/revisions\/409"}],"up":[{"embeddable":true,"href":"https:\/\/sites.usp.br\/obted\/wp-json\/wp\/v2\/pages\/275"}],"wp:featuredmedia":[{"embeddable":true,"href":"https:\/\/sites.usp.br\/obted\/wp-json\/wp\/v2\/media\/298"}],"wp:attachment":[{"href":"https:\/\/sites.usp.br\/obted\/wp-json\/wp\/v2\/media?parent=319"}],"curies":[{"name":"wp","href":"https:\/\/api.w.org\/{rel}","templated":true}]}}