{"id":656,"date":"2023-03-25T13:05:54","date_gmt":"2023-03-25T15:05:54","guid":{"rendered":"https:\/\/sites.usp.br\/obted\/?page_id=656"},"modified":"2023-03-25T13:24:32","modified_gmt":"2023-03-25T15:24:32","slug":"narrativas-convergentes-pt","status":"publish","type":"page","link":"https:\/\/sites.usp.br\/obted\/narrativas-convergentes-pt\/","title":{"rendered":"Chamada Ebook &#8211; Narrativas Convergentes &#8211; Portugu\u00eas"},"content":{"rendered":"\t\t<div data-elementor-type=\"wp-page\" data-elementor-id=\"656\" class=\"elementor elementor-656\" data-elementor-post-type=\"page\">\n\t\t\t\t\t\t<section class=\"elementor-section elementor-top-section elementor-element elementor-element-f4eafee elementor-section-boxed elementor-section-height-default elementor-section-height-default\" data-id=\"f4eafee\" data-element_type=\"section\">\n\t\t\t\t\t\t<div class=\"elementor-container elementor-column-gap-default\">\n\t\t\t\t\t<div class=\"elementor-column elementor-col-100 elementor-top-column elementor-element elementor-element-f0180f6\" data-id=\"f0180f6\" data-element_type=\"column\">\n\t\t\t<div class=\"elementor-widget-wrap elementor-element-populated\">\n\t\t\t\t\t\t<section class=\"elementor-section elementor-inner-section elementor-element elementor-element-d57f1a6 elementor-section-boxed elementor-section-height-default elementor-section-height-default\" data-id=\"d57f1a6\" data-element_type=\"section\">\n\t\t\t\t\t\t<div class=\"elementor-container elementor-column-gap-default\">\n\t\t\t\t\t<div class=\"elementor-column elementor-col-50 elementor-inner-column elementor-element elementor-element-e9ae18f\" data-id=\"e9ae18f\" data-element_type=\"column\">\n\t\t\t<div class=\"elementor-widget-wrap elementor-element-populated\">\n\t\t\t\t\t\t<div class=\"elementor-element elementor-element-e96db29 elementor-align-right elementor-widget elementor-widget-button\" data-id=\"e96db29\" data-element_type=\"widget\" data-widget_type=\"button.default\">\n\t\t\t\t<div class=\"elementor-widget-container\">\n\t\t\t\t\t\t\t<div class=\"elementor-button-wrapper\">\n\t\t\t\t\t<a class=\"elementor-button elementor-button-link elementor-size-sm\" href=\"https:\/\/sites.usp.br\/obted\/narrativas-convergentes-pt\/\">\n\t\t\t\t\t\t<span class=\"elementor-button-content-wrapper\">\n\t\t\t\t\t\t\t\t\t<span class=\"elementor-button-text\">PORTUGU\u00caS<\/span>\n\t\t\t\t\t<\/span>\n\t\t\t\t\t<\/a>\n\t\t\t\t<\/div>\n\t\t\t\t\t\t<\/div>\n\t\t\t\t<\/div>\n\t\t\t\t\t<\/div>\n\t\t<\/div>\n\t\t\t\t<div class=\"elementor-column elementor-col-50 elementor-inner-column elementor-element elementor-element-0b3c039\" data-id=\"0b3c039\" data-element_type=\"column\">\n\t\t\t<div class=\"elementor-widget-wrap elementor-element-populated\">\n\t\t\t\t\t\t<div class=\"elementor-element elementor-element-467a77a elementor-align-left elementor-widget elementor-widget-button\" data-id=\"467a77a\" data-element_type=\"widget\" data-widget_type=\"button.default\">\n\t\t\t\t<div class=\"elementor-widget-container\">\n\t\t\t\t\t\t\t<div class=\"elementor-button-wrapper\">\n\t\t\t\t\t<a class=\"elementor-button elementor-button-link elementor-size-sm\" href=\"https:\/\/sites.usp.br\/obted\/narrativas-convergentes-es\/\">\n\t\t\t\t\t\t<span class=\"elementor-button-content-wrapper\">\n\t\t\t\t\t\t\t\t\t<span class=\"elementor-button-text\">ESPA\u00d1OL<\/span>\n\t\t\t\t\t<\/span>\n\t\t\t\t\t<\/a>\n\t\t\t\t<\/div>\n\t\t\t\t\t\t<\/div>\n\t\t\t\t<\/div>\n\t\t\t\t\t<\/div>\n\t\t<\/div>\n\t\t\t\t\t<\/div>\n\t\t<\/section>\n\t\t\t\t<div class=\"elementor-element elementor-element-4bd03c0 elementor-widget elementor-widget-text-editor\" data-id=\"4bd03c0\" data-element_type=\"widget\" data-widget_type=\"text-editor.default\">\n\t\t\t\t<div class=\"elementor-widget-container\">\n\t\t\t\t\t\t\t<p style=\"text-align: center;\"><strong><br>NARRATIVAS CONVERGENTES: Audiovisual em tempos de converg\u00eancia digital e cultural<br>15 de fevereiro de 2023<\/strong><\/p>\t\t\t\t\t\t<\/div>\n\t\t\t\t<\/div>\n\t\t\t\t<div class=\"elementor-element elementor-element-cd1ab93 elementor-widget elementor-widget-image\" data-id=\"cd1ab93\" data-element_type=\"widget\" data-widget_type=\"image.default\">\n\t\t\t\t<div class=\"elementor-widget-container\">\n\t\t\t\t\t\t\t\t\t\t\t\t\t<img fetchpriority=\"high\" decoding=\"async\" width=\"640\" height=\"284\" src=\"https:\/\/sites.usp.br\/obted\/wp-content\/uploads\/sites\/473\/2023\/03\/BANNER-PT-1024x455.jpg\" class=\"attachment-large size-large wp-image-658\" alt=\"\" srcset=\"https:\/\/sites.usp.br\/obted\/wp-content\/uploads\/sites\/473\/2023\/03\/BANNER-PT-1024x455.jpg 1024w, https:\/\/sites.usp.br\/obted\/wp-content\/uploads\/sites\/473\/2023\/03\/BANNER-PT-300x133.jpg 300w, https:\/\/sites.usp.br\/obted\/wp-content\/uploads\/sites\/473\/2023\/03\/BANNER-PT-768x341.jpg 768w, https:\/\/sites.usp.br\/obted\/wp-content\/uploads\/sites\/473\/2023\/03\/BANNER-PT-400x178.jpg 400w, https:\/\/sites.usp.br\/obted\/wp-content\/uploads\/sites\/473\/2023\/03\/BANNER-PT.jpg 1080w\" sizes=\"(max-width: 640px) 100vw, 640px\" \/>\t\t\t\t\t\t\t\t\t\t\t\t\t<\/div>\n\t\t\t\t<\/div>\n\t\t\t\t<div class=\"elementor-element elementor-element-297dad3 elementor-widget elementor-widget-text-editor\" data-id=\"297dad3\" data-element_type=\"widget\" data-widget_type=\"text-editor.default\">\n\t\t\t\t<div class=\"elementor-widget-container\">\n\t\t\t\t\t\t\t<p style=\"text-align: center;\"><strong><span style=\"color: #000000;\">Chamada de textos:<\/span><\/strong><br \/><span style=\"color: #000000;\">Livre em formato (ensaios, depoimentos, reflex\u00f5es, fic\u00e7\u00f5es, ensaios imag\u00e9ticos etc);<\/span><br \/><span style=\"color: #000000;\">Textos in\u00e9ditos de at\u00e9 15 mil caracteres (com espa\u00e7o) em espanhol e portugu\u00eas;<\/span><br \/><span style=\"color: #000000;\">Imagens em 300dpi com m\u00ednimo de 23 cm (de altura);<\/span><\/p><p style=\"text-align: center;\"><span style=\"color: #000000;\"><b>Data limite de envio: 16 de abril de 2023<\/b><\/span><\/p><p style=\"text-align: center;\"><span style=\"color: #000000;\"><b>Email para envio e contato:<\/b><\/span><br \/><span style=\"color: #000000;\">obted@usp.br<\/span><\/p><p style=\"text-align: center;\"><span style=\"color: #000000;\"><em>NARRATIVAS CONVERGENTES<\/em> \u00e9 uma iniciativa conjunta do Programa de Investigaci\u00f3n Aplicada en Narrativas Audiovisuales en Tiempos de Convergencia Digital y Cultural (PIANATCDC &#8211; UNTREF\/Argentina), o Observat\u00f3rio Brasileiro de Televis\u00e3o Digital e Converg\u00eancia Digital (OBTED &#8211; USP\/Brasil), e o LabArteM\u00eddia, Laborat\u00f3rio de Arte, M\u00eddia e Tecnologias Digitais (USP\/Brasil), que se prop\u00f5e construir um esbo\u00e7o de um referencial te\u00f3rico latino-americano que traga reflex\u00f5es cient\u00edficas, estudos de caso e an\u00e1lises que tenham como eixo as narrativas audiovisuais contempor\u00e2neas e as observem desde um olhar obl\u00edquo, ou seja, diversificado.<\/span><\/p><p style=\"text-align: center;\"><span style=\"color: #000000;\">A iniciativa tem como principal objetivo reunir estudos sobre narrativas audiovisuais em tempos de converg\u00eancia digital e cultural em toda a sua especificidade te\u00f3rica e cultural onde sejam descritas as condi\u00e7\u00f5es emergentes de sua cria\u00e7\u00e3o, distribui\u00e7\u00e3o e recep\u00e7\u00e3o, e\/ou a expans\u00e3o gerada pelo usu\u00e1rio no contexto da plataformas de m\u00eddia tradicionais e emergentes; combinando, por um lado, a pesquisa sobre os produtos da ind\u00fastria audiovisual de massa em sua metamorfose digital e suas interse\u00e7\u00f5es com os novos g\u00eaneros e conte\u00fados das produ\u00e7\u00f5es latino-americanas geradas tanto para fic\u00e7\u00e3o quanto para n\u00e3o fic\u00e7\u00e3o.<\/span><\/p><p style=\"text-align: center;\"><span style=\"color: #000000;\">Por ser um chamado latino-americano queremos abra\u00e7ar as semelhan\u00e7as, diferen\u00e7as e contradi\u00e7\u00f5es que a converg\u00eancia tem gerado nas narrativas audiovisuais nos \u00faltimos anos e como as transforma\u00e7\u00e3o digital gerou mudan\u00e7as na cadeia audiovisual da regi\u00e3o, entendendo que \u00e9 impreter\u00edvel entender a regi\u00e3o como um lugar de conex\u00e3o, sinergia e a\u00e7\u00f5es conjuntas, mesmo que as cadeias de distribui\u00e7\u00e3o audiovisual n\u00e3o o enxerguem dessa forma, e geralmente, as produ\u00e7\u00f5es audiovisuais em espanhol e portugu\u00eas parecem n\u00e3o terem la\u00e7os de converg\u00eancia, al\u00e9m das geogr\u00e1ficas.<\/span><\/p><p style=\"text-align: center;\"><span style=\"color: #000000;\">Pretendemos que este projeto possa ser um ponto de partida para desenvolver, conjuntamente, o que pode vir a constituir-se no in\u00edcio de uma refer\u00eancia te\u00f3rica e cr\u00edtica que contribua para descrever e compreender a especificidade das narrativas audiovisuais na converg\u00eancia digital e cultural; fornecer ferramentas te\u00f3ricas e cr\u00edticas para estudar as articula\u00e7\u00f5es, interfer\u00eancias e conflitos entre os relatos transmidi\u00e1ticos de &#8220;fatos factuais&#8221; e &#8220;fatos ficcionais&#8221;; fazer infer\u00eancias sobre quais s\u00e3o as transforma\u00e7\u00f5es nos modos de cria\u00e7\u00e3o, produ\u00e7\u00e3o, distribui\u00e7\u00e3o, circula\u00e7\u00e3o, consumo e recria\u00e7\u00e3o dos conte\u00fados narrativos que circulam nos complexos circuitos emergentes das redes digitais e seus correspondentes formatos anal\u00f3gicos; quais foram as principais mudan\u00e7as de consumo e se estas afetaram a produ\u00e7\u00e3o audiovisual, entre outras infer\u00eancias.<\/span><\/p><p style=\"text-align: center;\"><span style=\"color: #000000;\">Assim, entendemos que analisar NARRATIVAS CONVERGENTES se tornou, ainda mais importante, ap\u00f3s as mudan\u00e7as produzidas pelo impacto da pandemia do COVID-19, a acelera\u00e7\u00e3o de algumas mudan\u00e7as tecnol\u00f3gicas e a disponibiliza\u00e7\u00e3o de maior capacidade de conex\u00e3o com a chegada das redes 5G, que de alguma forma impactaram o modelos de cria\u00e7\u00e3o, produ\u00e7\u00e3o, capta\u00e7\u00e3o, edi\u00e7\u00e3o e distribui\u00e7\u00e3o de conte\u00fados e a forma de consumo audiovisual, mas tamb\u00e9m o ecossistema como um todo.<\/span><\/p><p style=\"text-align: center;\"><strong><span style=\"color: #000000;\">Ficha T\u00e9cnica<\/span><\/strong><br \/><span style=\"color: #000000;\">P\u00e1ginas a definir;<\/span><br \/><span style=\"color: #000000;\">Formato: 16cm x 23cm;<\/span><br \/><span style=\"color: #000000;\">4 x 4 (colorido);<\/span><br \/><span style=\"color: #000000;\">Formato digital (e-book);<\/span><br \/><span style=\"color: #000000;\">ISBN: ECA\/USP<\/span><br \/><span style=\"color: #000000;\">ISGN: UNTREF<\/span><\/p><p style=\"text-align: center;\"><strong><span style=\"color: #000000;\">SOBRE<\/span><\/strong><\/p><p style=\"text-align: center;\"><strong><span style=\"color: #000000;\">Obted\u00a0 \u2013 CTR \u2013 ECA\/USP<\/span><\/strong><br \/><span style=\"color: #000000;\">O Observat\u00f3rio Brasileiro de Televis\u00e3o Digital e Converg\u00eancia Tecnol\u00f3gica (Obted) \u00e9 um projeto ligado ao Departamento de Cinema R\u00e1dio e Televis\u00e3o e ao Programa de P\u00f3s-Gradua\u00e7\u00e3o em Meios e Processos Audiovisuais da Escola de Comunica\u00e7\u00e3o e Artes da Universidade de S\u00e3o Paulo. Tem como miss\u00e3o refletir sobre a televis\u00e3o ambientada na era de produ\u00e7\u00e3o digital em massa, atrav\u00e9s de estudos voltados \u00e0s novas possibilidades de frui\u00e7\u00e3o de conte\u00fados, \u00e0s implica\u00e7\u00f5es sociais trazidas pelo sistema digital e aos impactos de aprimoramentos tecnol\u00f3gicos &#8211; que incluem TV digital, switch off, IA, sistemas de transmiss\u00e3o, Internet das Coisas e TV 3.0. Por meio de seus parceiros e colaboradores, prop\u00f5e debates, experimenta tecnologias e constr\u00f3i conhecimento em rede.<\/span><\/p><p style=\"text-align: center;\"><strong><span style=\"color: #000000;\">LabArteM\u00eddia \u2013 CTR \u2013 ECA\/USP<\/span><\/strong><br \/><span style=\"color: #000000;\">O Laborat\u00f3rio de Arte, M\u00eddia e Tecnologias Digitais (LabArteM\u00eddia) \u00e9 um grupo de pesquisa e inova\u00e7\u00e3o em artes audiovisuais ligado ao Departamento de Cinema R\u00e1dio e Televis\u00e3o e ao Programa de P\u00f3s-Gradua\u00e7\u00e3o em Meios e Processos Audiovisuais da Escola de Comunica\u00e7\u00e3o e Artes (ECA) da Universidade de S\u00e3o Paulo. Criado pelo professor Dr. Almir Ant\u00f4nio Rosa (Almir Almas), pesquisa os recursos e o potencial experimental de sistemas computacionais na cria\u00e7\u00e3o de conte\u00fados audiovisuais digitais em interatividade e converg\u00eancia entre telas, multiplataformas e ambientes X-Reality. As investiga\u00e7\u00f5es de seus pesquisadores conectam o amplo aparato conceitual em torno do cinema expandido com experimenta\u00e7\u00f5es lingu\u00edsticas e de inova\u00e7\u00e3o tecnol\u00f3gica, cria\u00e7\u00e3o art\u00edstica e atividades de extens\u00e3o e divulga\u00e7\u00e3o.<\/span><\/p><p style=\"text-align: center;\"><strong><span style=\"color: #000000;\">PIANATCDC &#8211; UNTREF<\/span><\/strong><br \/><span style=\"color: #000000;\">O Programa de Investigaci\u00f3n Aplicada en Narrativas Audiovisuales en Tiempos de Convergencia Digital y Cultural, del Instituto de Investigaciones en Arte y Cultura Dr. Norberto Griffa, da Universidad Nacional de Tres de Febrero, surge da necessidade de analisar, estudar e investigar as consequ\u00eancias da converg\u00eancia digital e cultural nas narrativas audiovisuais num momento em que as fronteiras do conhecimento, da pr\u00e1xis e dos desenvolvimentos se entrecruzam. O Projeto foi criado pelo Professor Dr. Fernando Carlos Moura e o Professor Sergio F. Romero, e foi concebido de forma multissetorial, incorporando em seu corpus a ideia de contribuir desde o ensino, pesquisa e transfer\u00eancia de conhecimento para um espa\u00e7o de debate e discuss\u00e3o que v\u00e1 al\u00e9m do corpo docente e entenda que a pr\u00e1xis audiovisual \u00e9 essencial para trabalhar em um ecossistema em constante muta\u00e7\u00e3o. Assim, prop\u00f5e-se uma abordagem diferenciada que compreenda o contexto p\u00f3s-pandemia e procure trabalhar, analisar e, sobretudo, observar as narrativas audiovisuais com um olhar obl\u00edquo, ou seja, diversificado.<\/span><\/p><p style=\"text-align: center;\"><strong><span style=\"color: #000000;\">PIANATCDC &#8211; UNTREF\/Argentina<\/span><\/strong><br \/><a href=\"https:\/\/untref.edu.ar\/instituto\/programa-de-investigacion-aplicada-en-narrativas-audiovisuales-en-tiempos-de-convergencia-digital-y-cultural\" target=\"_blank\" rel=\"noopener\">https:\/\/untref.edu.ar\/instituto\/programa-de-investigacion-aplicada-en-narrativas-audiovisuales-en-tiempos-de-convergencia-digital-y-cultural<\/a><span style=\"color: #000000;\"><br \/>Lic. Producci\u00f3n Audiovisual<\/span><br \/><span style=\"color: #000000;\">Endere\u00e7o: <\/span><span style=\"color: #000000;\">Juncal 1319 (C1062AB0), CABA<\/span><span style=\"color: #000000;\"> &#8211; Argentina<br \/>fcmoura@untref.edu.ar<\/span><br \/><span style=\"color: #000000;\">sromero@untref.edu.ar<\/span><\/p><p style=\"text-align: center;\"><strong><span style=\"color: #000000;\">OBTED &#8211; Brasil<\/span><\/strong><br \/><a href=\"https:\/\/sites.usp.br\/obted\/\" target=\"_blank\" rel=\"noopener\">https:\/\/sites.usp.br\/obted\/<\/a><\/p><p style=\"text-align: center;\"><b><span style=\"color: #000000;\">LabArteM\u00eddia &#8211; Brasil<\/span><\/b><br \/><a href=\"https:\/\/sites.usp.br\/labartemidia\/\" target=\"_blank\" rel=\"noopener\">https:\/\/sites.usp.br\/labartemidia\/<\/a><br \/><span style=\"color: #000000;\">Departamento de Cinema, R\u00e1dio e Televis\u00e3o<\/span><br \/><span style=\"color: #000000;\">Endere\u00e7o:<\/span><span style=\"color: #000000;\"> Av. Prof. L\u00facio Martins Rodrigues, 443 &#8211; Pr\u00e9dio 4<\/span><br \/><span style=\"color: #000000;\">Cidade Universit\u00e1ria, S\u00e3o Paulo &#8211; SP<\/span><br \/><span style=\"color: #000000;\">CEP 05508-020<\/span><\/p>\t\t\t\t\t\t<\/div>\n\t\t\t\t<\/div>\n\t\t\t\t<div class=\"elementor-element elementor-element-b9492e0 elementor-widget elementor-widget-image\" data-id=\"b9492e0\" data-element_type=\"widget\" data-widget_type=\"image.default\">\n\t\t\t\t<div class=\"elementor-widget-container\">\n\t\t\t\t\t\t\t\t\t\t\t\t\t<img decoding=\"async\" width=\"640\" height=\"81\" src=\"https:\/\/sites.usp.br\/obted\/wp-content\/uploads\/sites\/473\/2023\/03\/logos-usp-eca-ctr-ppgmpa-labartemidia.png\" class=\"attachment-large size-large wp-image-668\" alt=\"\" srcset=\"https:\/\/sites.usp.br\/obted\/wp-content\/uploads\/sites\/473\/2023\/03\/logos-usp-eca-ctr-ppgmpa-labartemidia.png 729w, https:\/\/sites.usp.br\/obted\/wp-content\/uploads\/sites\/473\/2023\/03\/logos-usp-eca-ctr-ppgmpa-labartemidia-300x38.png 300w, https:\/\/sites.usp.br\/obted\/wp-content\/uploads\/sites\/473\/2023\/03\/logos-usp-eca-ctr-ppgmpa-labartemidia-400x50.png 400w\" sizes=\"(max-width: 640px) 100vw, 640px\" \/>\t\t\t\t\t\t\t\t\t\t\t\t\t<\/div>\n\t\t\t\t<\/div>\n\t\t\t\t\t<\/div>\n\t\t<\/div>\n\t\t\t\t\t<\/div>\n\t\t<\/section>\n\t\t\t\t<\/div>\n\t\t","protected":false},"excerpt":{"rendered":"<p>PORTUGU\u00caS ESPA\u00d1OL NARRATIVAS CONVERGENTES: Audiovisual em tempos de converg\u00eancia digital e cultural15 de fevereiro de 2023 Chamada de textos:Livre em formato (ensaios, depoimentos, reflex\u00f5es, fic\u00e7\u00f5es, ensaios imag\u00e9ticos etc);Textos in\u00e9ditos de at\u00e9 15 mil caracteres (com espa\u00e7o) em espanhol e portugu\u00eas;Imagens em 300dpi com m\u00ednimo de 23 cm (de altura); Data limite de envio: 16 de<a href=\"https:\/\/sites.usp.br\/obted\/narrativas-convergentes-pt\/\">[&#8230;]<\/a><\/p>\n","protected":false},"author":23272,"featured_media":0,"parent":0,"menu_order":0,"comment_status":"closed","ping_status":"closed","template":"","meta":{"footnotes":"","_links_to":"","_links_to_target":""},"class_list":["post-656","page","type-page","status-publish","hentry"],"_links":{"self":[{"href":"https:\/\/sites.usp.br\/obted\/wp-json\/wp\/v2\/pages\/656","targetHints":{"allow":["GET"]}}],"collection":[{"href":"https:\/\/sites.usp.br\/obted\/wp-json\/wp\/v2\/pages"}],"about":[{"href":"https:\/\/sites.usp.br\/obted\/wp-json\/wp\/v2\/types\/page"}],"author":[{"embeddable":true,"href":"https:\/\/sites.usp.br\/obted\/wp-json\/wp\/v2\/users\/23272"}],"replies":[{"embeddable":true,"href":"https:\/\/sites.usp.br\/obted\/wp-json\/wp\/v2\/comments?post=656"}],"version-history":[{"count":5,"href":"https:\/\/sites.usp.br\/obted\/wp-json\/wp\/v2\/pages\/656\/revisions"}],"predecessor-version":[{"id":707,"href":"https:\/\/sites.usp.br\/obted\/wp-json\/wp\/v2\/pages\/656\/revisions\/707"}],"wp:attachment":[{"href":"https:\/\/sites.usp.br\/obted\/wp-json\/wp\/v2\/media?parent=656"}],"curies":[{"name":"wp","href":"https:\/\/api.w.org\/{rel}","templated":true}]}}