{"id":1512,"date":"2020-10-29T00:51:12","date_gmt":"2020-10-29T03:51:12","guid":{"rendered":"http:\/\/sites.usp.br\/odontopediatria\/?page_id=1512"},"modified":"2022-12-22T17:14:45","modified_gmt":"2022-12-22T20:14:45","slug":"laop","status":"publish","type":"page","link":"https:\/\/sites.usp.br\/odontopediatria\/laop\/","title":{"rendered":"LAOP"},"content":{"rendered":"<p><\/p>\n<h4 style=\"text-align: justify;\">LAOP &#8211; Liga Acad\u00eamcia de Odontopediatria da FORP\/USP<\/h4>\n<p style=\"text-align: justify;\">O objetivo geral da cria\u00e7\u00e3o da liga acad\u00eamica de odontopediatria na FORP, como uma atividade de extens\u00e3o universit\u00e1ria, extra-curricular, \u00e9 o aprofundamento e o aprimoramento sobre assuntos mais espec\u00edficos referentes a \u00e1rea de Odontopediatria, visando a inser\u00e7\u00e3o dos estudantes na pr\u00e1tica profissional, o despertar da curiosidade cient\u00edfica por meio da realiza\u00e7\u00e3o de pesquisas, a organiza\u00e7\u00e3o de reuni\u00f5es cient\u00edficas, discuss\u00f5es cl\u00ednicas, simp\u00f3sios, congressos e a intera\u00e7\u00e3o com o sistema de sa\u00fade local. A intera\u00e7\u00e3o dos acad\u00eamicos com os professores da \u00e1rea fora do contexto de aulas, assim como com os P\u00f3s-Graduandos da Odontopediatria, tem promovido um pensamento cr\u00edtico-reflexivo sobre a import\u00e2ncia do envolvimento do acad\u00eamico com seu pr\u00f3prio processo formativo e da sua responsabilidade como agente de transforma\u00e7\u00e3o social, por meio de atividades extracurriculares. Desde sua cria\u00e7\u00e3o, no segundo semestre de 2018, foram realizadas atividades extraclasse com a\u00e7\u00f5es voltadas para a preven\u00e7\u00e3o, promo\u00e7\u00e3o da sa\u00fade e aprimoramento do conhecimento t\u00e9cnico\/cient\u00edfico, com participa\u00e7\u00e3o ativa dos Professores da Disciplina de Odontopediatria e os P\u00f3s-Graduandos da \u00e1rea.<\/p>\n<p><a href=\"https:\/\/sites.usp.br\/odontopediatria\/wp-content\/uploads\/sites\/93\/2022\/12\/LAOP-site.png\"><img loading=\"lazy\" decoding=\"async\" class=\"alignnone size-medium wp-image-2358\" src=\"https:\/\/sites.usp.br\/odontopediatria\/wp-content\/uploads\/sites\/93\/2022\/12\/LAOP-site-300x99.png\" alt=\"\" width=\"300\" height=\"99\" data-id=\"2358\" srcset=\"https:\/\/sites.usp.br\/odontopediatria\/wp-content\/uploads\/sites\/93\/2022\/12\/LAOP-site-300x99.png 300w, https:\/\/sites.usp.br\/odontopediatria\/wp-content\/uploads\/sites\/93\/2022\/12\/LAOP-site-1024x339.png 1024w, https:\/\/sites.usp.br\/odontopediatria\/wp-content\/uploads\/sites\/93\/2022\/12\/LAOP-site-768x254.png 768w, https:\/\/sites.usp.br\/odontopediatria\/wp-content\/uploads\/sites\/93\/2022\/12\/LAOP-site-400x132.png 400w, https:\/\/sites.usp.br\/odontopediatria\/wp-content\/uploads\/sites\/93\/2022\/12\/LAOP-site.png 1241w\" sizes=\"auto, (max-width: 300px) 100vw, 300px\" \/><\/a><\/p>","protected":false},"excerpt":{"rendered":"<p>LAOP &#8211; Liga Acad\u00eamcia de Odontopediatria da FORP\/USP O objetivo geral da cria\u00e7\u00e3o da liga [&hellip;]<\/p>\n","protected":false},"author":172,"featured_media":0,"parent":0,"menu_order":0,"comment_status":"closed","ping_status":"closed","template":"","meta":{"footnotes":"","_links_to":"","_links_to_target":""},"class_list":["post-1512","page","type-page","status-publish","hentry"],"_links":{"self":[{"href":"https:\/\/sites.usp.br\/odontopediatria\/wp-json\/wp\/v2\/pages\/1512","targetHints":{"allow":["GET"]}}],"collection":[{"href":"https:\/\/sites.usp.br\/odontopediatria\/wp-json\/wp\/v2\/pages"}],"about":[{"href":"https:\/\/sites.usp.br\/odontopediatria\/wp-json\/wp\/v2\/types\/page"}],"author":[{"embeddable":true,"href":"https:\/\/sites.usp.br\/odontopediatria\/wp-json\/wp\/v2\/users\/172"}],"replies":[{"embeddable":true,"href":"https:\/\/sites.usp.br\/odontopediatria\/wp-json\/wp\/v2\/comments?post=1512"}],"version-history":[{"count":4,"href":"https:\/\/sites.usp.br\/odontopediatria\/wp-json\/wp\/v2\/pages\/1512\/revisions"}],"predecessor-version":[{"id":2361,"href":"https:\/\/sites.usp.br\/odontopediatria\/wp-json\/wp\/v2\/pages\/1512\/revisions\/2361"}],"wp:attachment":[{"href":"https:\/\/sites.usp.br\/odontopediatria\/wp-json\/wp\/v2\/media?parent=1512"}],"curies":[{"name":"wp","href":"https:\/\/api.w.org\/{rel}","templated":true}]}}