{"id":2925,"date":"2025-05-13T11:10:00","date_gmt":"2025-05-13T14:10:00","guid":{"rendered":"https:\/\/sites.usp.br\/odontopediatria\/?page_id=2925"},"modified":"2025-06-15T21:04:23","modified_gmt":"2025-06-16T00:04:23","slug":"coorte-brisa","status":"publish","type":"page","link":"https:\/\/sites.usp.br\/odontopediatria\/coorte-brisa\/","title":{"rendered":"COORTE Brisa"},"content":{"rendered":"<p><strong>COORTE BRISA &#8211; N\u00daCLEO DE ESTUDOS DA SA\u00daDE DA CRIAN\u00c7A E DO ADOLESCENTE<\/strong><\/p>\n<p>Docente do Programa participa da Coorte BRISA em colabora\u00e7\u00e3o com a Faculdade de Medicina de Ribeir\u00e3o Preto da USP (FMRP\/USP) e a Universidade Federal do Maranh\u00e3o. Essa Coorte \u00e9 financiada pelo Departamento de Ci\u00eancia e Tecnologia do Minist\u00e9rio da Sa\u00fade (DECIT-MS), FAPEMA, FAPESP, CNPq e a Bill &amp; Melina Gates Foundation.<\/p>\n<p>O BRISA foi iniciado em 2010, com o objetivo de acompanhar, ao longo de v\u00e1rias etapas da vida, crian\u00e7as nascidas nesse ano nas cidades de Ribeir\u00e3o Preto\/SP e S\u00e3o Lu\u00eds\/MA.<\/p>\n<p>Os estudos da Coorte BRISA Ribeir\u00e3o Preto s\u00e3o conduzidos pela equipe do N\u00facleo de Estudos da Sa\u00fade da Crian\u00e7a e do Adolescente (NESCA), um centro de estudos da FMRP\/USP.<\/p>\n<p>A partir da participa\u00e7\u00e3o da docente, <u>13 artigos cient\u00edficos<\/u> foram publicados.<\/p>","protected":false},"excerpt":{"rendered":"<p>COORTE BRISA &#8211; N\u00daCLEO DE ESTUDOS DA SA\u00daDE DA CRIAN\u00c7A E DO ADOLESCENTE Docente do [&hellip;]<\/p>\n","protected":false},"author":172,"featured_media":0,"parent":0,"menu_order":0,"comment_status":"closed","ping_status":"closed","template":"","meta":{"footnotes":"","_links_to":"","_links_to_target":""},"class_list":["post-2925","page","type-page","status-publish","hentry"],"_links":{"self":[{"href":"https:\/\/sites.usp.br\/odontopediatria\/wp-json\/wp\/v2\/pages\/2925","targetHints":{"allow":["GET"]}}],"collection":[{"href":"https:\/\/sites.usp.br\/odontopediatria\/wp-json\/wp\/v2\/pages"}],"about":[{"href":"https:\/\/sites.usp.br\/odontopediatria\/wp-json\/wp\/v2\/types\/page"}],"author":[{"embeddable":true,"href":"https:\/\/sites.usp.br\/odontopediatria\/wp-json\/wp\/v2\/users\/172"}],"replies":[{"embeddable":true,"href":"https:\/\/sites.usp.br\/odontopediatria\/wp-json\/wp\/v2\/comments?post=2925"}],"version-history":[{"count":3,"href":"https:\/\/sites.usp.br\/odontopediatria\/wp-json\/wp\/v2\/pages\/2925\/revisions"}],"predecessor-version":[{"id":2967,"href":"https:\/\/sites.usp.br\/odontopediatria\/wp-json\/wp\/v2\/pages\/2925\/revisions\/2967"}],"wp:attachment":[{"href":"https:\/\/sites.usp.br\/odontopediatria\/wp-json\/wp\/v2\/media?parent=2925"}],"curies":[{"name":"wp","href":"https:\/\/api.w.org\/{rel}","templated":true}]}}