{"id":974,"date":"2016-08-18T09:12:07","date_gmt":"2016-08-18T12:12:07","guid":{"rendered":"http:\/\/sites.usp.br\/odontopediatria\/?page_id=974"},"modified":"2025-06-15T20:57:15","modified_gmt":"2025-06-15T23:57:15","slug":"laboratorios-2","status":"publish","type":"page","link":"https:\/\/sites.usp.br\/odontopediatria\/laboratorios-2\/","title":{"rendered":"Laborat\u00f3rios"},"content":{"rendered":"<p>LABORAT\u00d3RIOS DE PESQUISA E CL\u00cdNICAS ODONTOL\u00d3GICAS<br \/>\nO Programa conta com 9 laborat\u00f3rios sob a responsabilidade de docentes do Programa pertencentes ao Departamento de Cl\u00ednica Infantil, 7 laborat\u00f3rios sob a responsabilidade dos orientadores do Programa n\u00e3o pertencentes ao Departamento Cl\u00ednica Infantil, 17 laborat\u00f3rios de colaboradores de outros Departamentos da FORP\/USP, de outras Unidades da USP e outras Universidades do Brasil e do exterior, al\u00e9m de 4 espa\u00e7os de apoio \u00e0 Pesquisa da FORP\/USP.<\/p>\n<p>&nbsp;<\/p>\n<p>Segue a descri\u00e7\u00e3o dos <strong>laborat\u00f3rios sob a responsabilidade de docentes do Programa pertencentes ao Departamento de Cl\u00ednica Infantil da FORP\/USP<\/strong> e que contam com o apoio t\u00e9cnico de 8 funcion\u00e1rios:<\/p>\n<p>&nbsp;<\/p>\n<p>1. LABORAT\u00d3RIO DE HISTOLOGIA<\/p>\n<p>Realiza-se o processamento histot\u00e9cnico de amostras de pesquisas realizadas em camundongos, ratos, c\u00e3es e humanos e obten\u00e7\u00e3o de l\u00e2minas histol\u00f3gicas, al\u00e9m de colora\u00e7\u00f5es convencionais. Os projetos de pesquisa est\u00e3o sendo desenvolvidos com a participa\u00e7\u00e3o de pesquisadores nacionais e internacionais. Possui, permanentemente, 1 funcion\u00e1rio Especialista em Laborat\u00f3rio de N\u00edvel Superior. O funcionamento deste laborat\u00f3rio \u00e9 financiado com verba proveniente da USP, FAPESP, CAPES (PROEX) e CNPq.<\/p>\n<p>&nbsp;<\/p>\n<p>2. LABORAT\u00d3RIO DE MICROSCOPIA<\/p>\n<p>Realiza-se an\u00e1lises histopatol\u00f3gicas dos estudos in vivo e obten\u00e7\u00e3o de fotomicrografias. Conta com 2 microsc\u00f3pios \u00f3pticos Zeiss com c\u00e2mera digital colorida AxioCam HRc acoplada e software para captura e an\u00e1lise de imagens, para campo claro e fluoresc\u00eancia. Possui, permanentemente, 1 T\u00e9cnico em Laborat\u00f3rio, com t\u00edtulo de Doutor. Os projetos de pesquisa est\u00e3o sendo desenvolvidos com a participa\u00e7\u00e3o de pesquisadores nacionais e internacionais. O funcionamento deste laborat\u00f3rio \u00e9 financiado com verba proveniente da USP, FAPESP, CAPES (PROEX) e CNPq.<\/p>\n<p>&nbsp;<\/p>\n<p>3. LABORAT\u00d3RIO DE ESTUDO DAS PROPRIEDADES F\u00cdSICO-QU\u00cdMICAS DOS SUBSTRATOS DENTAIS E MATERIAIS ODONTOL\u00d3GICOS<\/p>\n<p>Realiza-se estudos \u201cin vitro\u201d sobre propriedades mec\u00e2nicas dos materiais (tra\u00e7\u00e3o, microtra\u00e7\u00e3o, microdureza, rugosidade superficial, microinfiltra\u00e7\u00e3o marginal, perfilometria, resist\u00eancia ao cisalhamento e microcisalhamento, entre outros), em diferentes condi\u00e7\u00f5es experimentais, com ou sem emprego do laser, utilizando dentes de bovinos e de humanos (dec\u00edduos e permanentes). Conta, permanentemente, com 1 Especialista em Laborat\u00f3rio de n\u00edvel superior. Esse laborat\u00f3rio tem sido mantido com verba proveniente da CAPES (PROEX) e FAPESP.<\/p>\n<p>&nbsp;<\/p>\n<p>4. LABORAT\u00d3RIO DE BIOLOGIA MOLECULAR E DE CULTURA DE C\u00c9LULAS<\/p>\n<p>Realiza-se t\u00e9cnicas de biologia molecular, incluindo PCR em tempo real (RT-PCR), western blotting, espectrofotometria e imuno-histoqu\u00edmica\/imunofluoresc\u00eancia, al\u00e9m de ensaios em cultura de c\u00e9lulas (linhagens e c\u00e9lulas-tronco), para avalia\u00e7\u00e3o da express\u00e3o de diferentes genes e polimorfismos gen\u00e9ticos, n\u00edveis de prote\u00ednas e detec\u00e7\u00e3o de micro-organismos. Conta com o apoio permanente de um T\u00e9cnico de Laborat\u00f3rio e de um Especialista de Laborat\u00f3rio, ambos com n\u00edvel superior. Os projetos de pesquisa est\u00e3o sendo desenvolvidos com a participa\u00e7\u00e3o de pesquisadores nacionais e internacionais. O funcionamento deste laborat\u00f3rio tendo sido financiado com verba proveniente da USP, FAPESP, CAPES (PROEX) e CNPq.<\/p>\n<p>&nbsp;<\/p>\n<p>5. LABORAT\u00d3RIO DE PESQUISAS CL\u00cdNICAS EM ORTODONTIA<\/p>\n<p>Destina-se a desenvolver atividades de pesquisas cl\u00ednicas e estudos in vitro na interface Ortodontia\/Odontopediatria, al\u00e9m de estudos multidisciplinares com as \u00e1reas de Anatomia, Fisiologia, Otorrinolaringologia, Radiologia, F\u00edsica M\u00e9dica e Fonoaudiologia. Os projetos de pesquisa est\u00e3o sendo desenvolvidos com a participa\u00e7\u00e3o de pesquisadores nacionais e internacionais. O funcionamento deste laborat\u00f3rio tendo sido financiado com verba proveniente da USP, FAPESP e CAPES (PROEX).<\/p>\n<p>&nbsp;<\/p>\n<p>6. LABORAT\u00d3RIO DE ENSINO E PESQUISA EM ORTODONTIA<\/p>\n<p>Encontra-se equipado para a confec\u00e7\u00e3o de aparelhos ortod\u00f4nticos e a realiza\u00e7\u00e3o de pesquisas na interface Ortodontia\/Odontopediatria. Possui, tamb\u00e9m, um espa\u00e7o did\u00e1tico para exposi\u00e7\u00e3o oral dos docentes, scanner (iTero) software Dolphin e software 3dSlice para pesquisas com tomografias e simuladores de tratamentos. Esse laborat\u00f3rio tem sido mantido com verba proveniente da USP, FAPESP,\u00a0 CAPES (PROEX) e apoio da empresa de alinhadores americana Invisalign.<\/p>\n<p>&nbsp;<\/p>\n<p>7. LABORAT\u00d3RIO DE CEFALOMETRIA<\/p>\n<p>Equipado com negatosc\u00f3pios, projetor multim\u00eddia e computadores, este laborat\u00f3rio \u00e9 utilizado para apresenta\u00e7\u00e3o de semin\u00e1rios e estudo de casos cl\u00ednicos e utiliza\u00e7\u00e3o de softwares espec\u00edficos (como Dolphin) para cadastro, armazenamento, tratamento e an\u00e1lise de imagens e realiza\u00e7\u00e3o de tra\u00e7ados cefalom\u00e9tricos computadorizados.<\/p>\n<p>&nbsp;<\/p>\n<p>8. LABORAT\u00d3RIO PARA ESTUDOS DE COORTE<\/p>\n<p>Realiza-se a an\u00e1lise de banco de dados quantitativos e qualitativos de Estudos de Coorte especificamente da Coorte BRISA em colabora\u00e7\u00e3o com Faculdade de Medicina de Ribeir\u00e3o Preto da USP e a Universidade Federal do Maranh\u00e3o. Essa coorte constitui uma base robusta de dados longitudinais, com informa\u00e7\u00f5es coletadas desde a gesta\u00e7\u00e3o. Essa Coorte \u00e9 financiada pelo Departamento de Ci\u00eancia e Tecnologia do Minist\u00e9rio da Sa\u00fade (DECIT-MS), Funda\u00e7\u00e3o de Amparo \u00e0 Pesquisa e ao Desenvolvimento Cient\u00edfico e Tecnol\u00f3gico do Maranh\u00e3o (FAPEMA), FAPESP, CNPq e a Bill &amp; Melina Gates Foundation. Neste laborat\u00f3rio tamb\u00e9m s\u00e3o realizadas an\u00e1lises estat\u00edsticas de projetos em desenvolvimento no Programa.<\/p>\n<p>&nbsp;<\/p>\n<p>9. LABORAT\u00d3RIO DE PESQUISAS CL\u00cdNICAS EM ODONTOPEDIATRIA<\/p>\n<p>Trata-se de um laborat\u00f3rio de apoio para o desenvolvimento de de pesquisas cl\u00ednicas e estudos in vitro na \u00e1rea de Odontopediatria e \u00e1reas correlatas como Pacientes Especiais, Traumatologia Dental e Terapias Complementares.<\/p>\n<p>&nbsp;<\/p>\n<p>Segue a descri\u00e7\u00e3o dos laborat\u00f3rios sob a responsabilidade dos orientadores do Programa n\u00e3o pertencentes ao Departamento Cl\u00ednica Infantil:<\/p>\n<p>&nbsp;<\/p>\n<p>1. LABORAT\u00d3RIO DE PESQUISA EM DENT\u00cdSTICA DA FORP\/USP<\/p>\n<p>O laborat\u00f3rio possui cortadeiras e politrizes metalogr\u00e1ficas, microsc\u00f3pio \u00f3ptico, microsc\u00f3pio confocal, estereomicrosc\u00f3pio, microdur\u00f4metros, rugos\u00edmetro, m\u00e1quinas de ciclagem t\u00e9rmica e mec\u00e2nica, m\u00e1quina de escova\u00e7\u00e3o, pHmetro e agitadores, entre outros, tanto para o preparo de amostras como para as suas an\u00e1lises. Conta com um t\u00e9cnico especialista com t\u00edtulo de Doutor. O referido laborat\u00f3rio conta com apoio financeiro do CNPq e da FAPESP. Est\u00e1 sob a responsabilidade da Profa. Dra. Regina Guenka Palma Dibb.<\/p>\n<p>&nbsp;<\/p>\n<p>2. LABORAT\u00d3RIO DE PESQUISA EM LASER DA FORP\/USP<\/p>\n<p>Encontra-se equipado com diversos equipamentos de laser de alta e baixa pot\u00eancia, como o laser Er:YAG, Laser Er, Cr:YSGG, laser Nd:YAG, laser de CO2, laser de diodo e Diagnodent. Possui tamb\u00e9m uma m\u00e1quina autom\u00e1tica para varredura a laser e medidores de pot\u00eancia. Neste laborat\u00f3rio s\u00e3o efetuados trabalhos cujos preparos e tratamentos de diferentes substratos dent\u00e1rios s\u00e3o realizados com laser, al\u00e9m de trabalhos cl\u00ednicos que empregam o laser. Conta com um t\u00e9cnico especialista com t\u00edtulo de Doutor. Este laborat\u00f3rio conta com apoio financeiro do CNPq e da FAPESP. Est\u00e1 sob a responsabilidade da Profa. Dra. Silmara Corona.<\/p>\n<p>&nbsp;<\/p>\n<p>3. LABORAT\u00d3RIO DE PESQUISA \u201cPROF. DR. HEITOR PANZERI\u201d DA FORP\/USP<\/p>\n<p>Realiza-se ensaios e an\u00e1lises de diferentes biomateriais com \u00eanfase no desenvolvimento de materiais inovadores e no controle de qualidade dos materiais odontol\u00f3gicos presentes no com\u00e9rcio especializado, com o aux\u00edlio de equipamentos vinculados \u00e0 Central Multiusu\u00e1rios \u2013 LaABio-Multi. Conta com um T\u00e9cnico Especializado e apoio financeiro do CNPq e da FAPESP. Est\u00e1 sob a responsabilidade da Profa. Dra. Fernanda Panzeri.<\/p>\n<p>&nbsp;<\/p>\n<p>4. LABORAT\u00d3RIO DE HISTOPATOLOGIA ORAL DA FORP\/USP<\/p>\n<p>Este laborat\u00f3rio \u00e9 utilizado no desenvolvimento de exames histopatol\u00f3gicos bucais de rotina diagn\u00f3stica para pacientes SUS oriundos da Unidade e de outros servi\u00e7os p\u00fablicos. Tamb\u00e9m desenvolve pesquisas em Patologia Oral. Conta com um T\u00e9cnico Especializado e apoio financeiro do CNPq e da FAPESP. Est\u00e1 sob a responsabilidade do Prof. Dr. Jorge Le\u00f3n.<\/p>\n<p>&nbsp;<\/p>\n<p>5. LABORAT\u00d3RIO DE IMUNOPATOLOGIA ORAL E AN\u00c1LISE GEN\u00c9TICA DA FORP\/USP<\/p>\n<p>Este laborat\u00f3rio \u00e9 utilizado no desenvolvimento de an\u00e1lise imunohistoqu\u00edmica e de hibridiza\u00e7\u00e3o in situ, nos diversos projetos de pesquisa em Patologia Oral. Conta com um T\u00e9cnico Especializado e apoio financeiro do CNPq e da FAPESP. Est\u00e1 sob a responsabilidade do Prof. Dr. Jorge Le\u00f3n.<\/p>\n<p>&nbsp;<\/p>\n<p>6. LABORAT\u00d3RIO DE IMUNOFARMACOLOGIA DA FCFRP\/USP<\/p>\n<p>Realizam-se estudos em cultura de c\u00e9lulas al\u00e9m de an\u00e1lises microsc\u00f3picas e por t\u00e9cnicas de biologia molecular de estudos in vivo, avaliando mecanismos celulares ocorridos durante processos infecciosos e inflamat\u00f3rios, induzidos por patologias pulpares e periodontais. Conta com apoio de um T\u00e9cnico Especializado e aux\u00edlio financeiro FAPESP. Est\u00e1 sob a responsabilidade da Profa. Dra. Sandra Fukada.<\/p>\n<p>7. LABORAT\u00d3RIOS DE MICROBIOLOGIA E DE BIOQU\u00cdMICA DA FCFRP\/USP<\/p>\n<p>Desenvolve-se t\u00e9cnicas de cultura microbiana, imunofluoresc\u00eancia indireta e histomicrobiologia em colabora\u00e7\u00e3o com pesquisadores nacionais e internacionais. Conta com apoio financeiro da CAPES, FAPESP e do CNPq e apoio de um T\u00e9cnico Especializado. Est\u00e1 sob a responsabilidade da Profa. Dra. Carolina Aires.<\/p>\n<p>&nbsp;<\/p>\n<p>Segue os laborat\u00f3rios parceiros sob a responsabilidade de pesquisadores nacionais e internacionais:<\/p>\n<p>1. Laborat\u00f3rio de Pesquisa em Endodontia da FORP\/USP &#8211; Prof. Dr. Manoel Dami\u00e3o Sousa Neto<\/p>\n<p>2. Laborat\u00f3rio de Qu\u00edmica Org\u00e2nica da FCFRP\/USP &#8211; Prof. Dr. Roberto S. Silva<\/p>\n<p>3. Laborat\u00f3rio de Inflama\u00e7\u00e3o e Imunologia da FCFRP\/USP &#8211; Profa. Dra. L\u00facia Helena Faccioli<\/p>\n<p>4. Laborat\u00f3rio NanoGeneSkin da FCFRP\/USP &#8211; Profa. Dra. Maria Vit\u00f3ria Lopes Badra Bentley<\/p>\n<p>5. Laborat\u00f3rio de Citogen\u00e9tica e Mutag\u00eanese da FCFRP\/USP \u2013 Profa. Dra. Catarina Satie Takahashi<\/p>\n<p>6. Centro para Documenta\u00e7\u00e3o da Biodiversidade da FFCLRP\/USP \u2013 Prof. Dr. Rodrigo Augusto Santinelo Pereira<\/p>\n<p>7. Centro do Respirador Bucal \u2013 Profa. Dra. Wilma Terezinha Anselmo-Lima<\/p>\n<p>8. Laborat\u00f3rio de Biologia Molecular, Microbiologia e Imunologia da Universidade de Guarulhos \u2013 Profa. Dra. Luciene Cristina de Figueiredo<\/p>\n<p>9. Instituto de Pesquisas Energ\u00e9ticas e Nucleares (IPEN) \u2013 Prof. Dr. Emerson Bernardes<\/p>\n<p>11. Leonard M. Miller School of Medicine, University of Miami, EUA \u2013 Dr. Ricardo Anibal Battaglino<\/p>\n<p>12. School of Dentistry, University of California, EUA \u2013 Dra. Yvonne Hernandez-Kapila<\/p>\n<p>13. Adams School of Dentistry, University of North Caroline, EUA &#8211; Dra. Julie Marchesan<\/p>\n<p>15. Faculty of Medicine &amp; Dentistry, University of Alberta, Canad\u00e1 \u2013 Dr. Carlos Flores-Mir<\/p>\n<p>16. Facultad de Odontolog\u00eda, Universidad Nacional Aut\u00f3noma de M\u00e9xico, M\u00e9xico \u2013 Dr Higinio Arzate<\/p>\n<p>17. Facultad de Odontolog\u00eda, Universidad Nacional de Tucum\u00e1n, Argentina \u2013 Marta Estela Saravia<\/p>\n<p style=\"text-align: justify;\">\n<p><\/p>","protected":false},"excerpt":{"rendered":"<p>LABORAT\u00d3RIOS DE PESQUISA E CL\u00cdNICAS ODONTOL\u00d3GICAS O Programa conta com 9 laborat\u00f3rios sob a responsabilidade [&hellip;]<\/p>\n","protected":false},"author":172,"featured_media":0,"parent":0,"menu_order":0,"comment_status":"closed","ping_status":"closed","template":"","meta":{"footnotes":"","_links_to":"","_links_to_target":""},"class_list":["post-974","page","type-page","status-publish","hentry"],"_links":{"self":[{"href":"https:\/\/sites.usp.br\/odontopediatria\/wp-json\/wp\/v2\/pages\/974","targetHints":{"allow":["GET"]}}],"collection":[{"href":"https:\/\/sites.usp.br\/odontopediatria\/wp-json\/wp\/v2\/pages"}],"about":[{"href":"https:\/\/sites.usp.br\/odontopediatria\/wp-json\/wp\/v2\/types\/page"}],"author":[{"embeddable":true,"href":"https:\/\/sites.usp.br\/odontopediatria\/wp-json\/wp\/v2\/users\/172"}],"replies":[{"embeddable":true,"href":"https:\/\/sites.usp.br\/odontopediatria\/wp-json\/wp\/v2\/comments?post=974"}],"version-history":[{"count":4,"href":"https:\/\/sites.usp.br\/odontopediatria\/wp-json\/wp\/v2\/pages\/974\/revisions"}],"predecessor-version":[{"id":2965,"href":"https:\/\/sites.usp.br\/odontopediatria\/wp-json\/wp\/v2\/pages\/974\/revisions\/2965"}],"wp:attachment":[{"href":"https:\/\/sites.usp.br\/odontopediatria\/wp-json\/wp\/v2\/media?parent=974"}],"curies":[{"name":"wp","href":"https:\/\/api.w.org\/{rel}","templated":true}]}}