{"id":461,"date":"2024-05-27T01:22:44","date_gmt":"2024-05-27T04:22:44","guid":{"rendered":"https:\/\/sites.usp.br\/oficinadedireitoambiental\/?page_id=461"},"modified":"2025-11-03T01:34:10","modified_gmt":"2025-11-03T04:34:10","slug":"eventos","status":"publish","type":"page","link":"https:\/\/sites.usp.br\/oficinadedireitoambiental\/eventos\/","title":{"rendered":"Eventos"},"content":{"rendered":"<p><strong>PALESTRA INAUGURAL COM SECRET\u00c1RIO ANDR\u00c9 LIMA<\/strong><\/p>\n<p>Data: 08 de agosto de 2025<\/p>\n<p>Local: Audit\u00f3rio Rubino de Oliveira. Largo S\u00e3o Francisco.<\/p>\n<p><em>Media\u00e7\u00e3o<\/em><\/p>\n<p>Dra. Ana Maria de Oliveira Nusdeo<\/p>\n<p><em>Mesa<\/em><\/p>\n<p>Andr\u00e9 Lima (Secret\u00e1rio Extraordin\u00e1rio de Controle de Desmatamento e Ordenamento Ambiental Territorial no Minist\u00e9rio do Meio Ambiente)<\/p>\n<p>Paulo Takeo (Oficina de Direito Ambiental)<\/p>\n<p>St\u00e9fano Silveira (Oficina de Direito Ambiental)<\/p>\n<p><iframe loading=\"lazy\" title=\"PROF\u00aa NUSDEO - DEF\/ PALESTRA INAUGURAL COM O SECRET\u00c1RIO ANDR\u00c9 LIMA\" width=\"500\" height=\"281\" src=\"https:\/\/www.youtube.com\/embed\/s3_aiBSVUOg?feature=oembed\" frameborder=\"0\" allow=\"accelerometer; autoplay; clipboard-write; encrypted-media; gyroscope; picture-in-picture; web-share\" referrerpolicy=\"strict-origin-when-cross-origin\" allowfullscreen><\/iframe><\/p>\n<p><strong><br \/>\nPRESENTE E FUTURO DAS POL\u00cdTICAS DE ADAPTA\u00c7\u00c3O CLIM\u00c1TICA NOS MUNIC\u00cdPIOS BRASILEIROS<\/strong><\/p>\n<p>Data: 15 de outubro de 2024<\/p>\n<p>Local: Audit\u00f3rio Ruy Barbosa Nogueira. Largo S\u00e3o Francisco.<\/p>\n<p><em>Media\u00e7\u00e3o<\/em><\/p>\n<p>Dra. Ana Maria de Oliveira Nusdeo<\/p>\n<p><em>Mesa<\/em><\/p>\n<p>Annelise Steigleder (Minist\u00e9rio P\u00fablico do Rio Grande do Sul);<\/p>\n<p>Suely Ara\u00fajo (Observat\u00f3rio do Clima);<\/p>\n<p>Zenaida Luisa Lauda-Rodr\u00edguez (Red Sudamericana para las Migraciones Ambientales)<\/p>\n<p><iframe loading=\"lazy\" title=\"SEMIN\u00c1RIO SOBRE &quot;EMERG\u00caNCIA CLIM\u00c1TICA E DESASTRES. DA TRAG\u00c9DIA \u00c0 PREVEN\u00c7\u00c3O&quot;\" width=\"500\" height=\"281\" src=\"https:\/\/www.youtube.com\/embed\/ftMgXHFVJ8E?feature=oembed\" frameborder=\"0\" allow=\"accelerometer; autoplay; clipboard-write; encrypted-media; gyroscope; picture-in-picture; web-share\" referrerpolicy=\"strict-origin-when-cross-origin\" allowfullscreen><\/iframe><\/p>\n<p>&nbsp;<\/p>\n<p><strong>PANORAMAS E POSSIBILIDADES NO PLANO DE TRANSFORMA\u00c7\u00c3O ECOL\u00d3GICA<\/strong><\/p>\n<p>Data: 7 de novembro de 2023<\/p>\n<p>Local: Audit\u00f3rio Rubino de Oliveira. Largo S\u00e3o Francisco.<\/p>\n<p><em>Media\u00e7\u00e3o<\/em><\/p>\n<p>Dra. Ana Maria de Oliveira Nusdeo<\/p>\n<p><em>Mesa<\/em><\/p>\n<p>Matias Rebello (Minist\u00e9rio da Fazenda);<\/p>\n<p>Ciro Brito; (Instituto Socioambiental);<\/p>\n<p>Dra. Fl\u00e1via Trentini (USP Ribeir\u00e3o);<\/p>\n<p>Gabriel Mantelli (Conectas);<\/p>\n<p>Liuca Yonaha (Instituto Talanoa)<\/p>\n<p><iframe loading=\"lazy\" title=\"Panoramas e possibilidades no Plano de Transi\u00e7\u00e3o Ecol\u00f3gica\" width=\"500\" height=\"281\" src=\"https:\/\/www.youtube.com\/embed\/dGMR9Ja2PPo?feature=oembed\" frameborder=\"0\" allow=\"accelerometer; autoplay; clipboard-write; encrypted-media; gyroscope; picture-in-picture; web-share\" referrerpolicy=\"strict-origin-when-cross-origin\" allowfullscreen><\/iframe><\/p>\n","protected":false},"excerpt":{"rendered":"<p>PALESTRA INAUGURAL COM SECRET\u00c1RIO ANDR\u00c9 LIMA Data: 08 de agosto de 2025 Local: Audit\u00f3rio Rubino [&hellip;]<\/p>\n","protected":false},"author":444,"featured_media":0,"parent":0,"menu_order":0,"comment_status":"closed","ping_status":"closed","template":"","meta":{"footnotes":"","_links_to":"","_links_to_target":""},"class_list":["post-461","page","type-page","status-publish","hentry"],"_links":{"self":[{"href":"https:\/\/sites.usp.br\/oficinadedireitoambiental\/wp-json\/wp\/v2\/pages\/461","targetHints":{"allow":["GET"]}}],"collection":[{"href":"https:\/\/sites.usp.br\/oficinadedireitoambiental\/wp-json\/wp\/v2\/pages"}],"about":[{"href":"https:\/\/sites.usp.br\/oficinadedireitoambiental\/wp-json\/wp\/v2\/types\/page"}],"author":[{"embeddable":true,"href":"https:\/\/sites.usp.br\/oficinadedireitoambiental\/wp-json\/wp\/v2\/users\/444"}],"replies":[{"embeddable":true,"href":"https:\/\/sites.usp.br\/oficinadedireitoambiental\/wp-json\/wp\/v2\/comments?post=461"}],"version-history":[{"count":4,"href":"https:\/\/sites.usp.br\/oficinadedireitoambiental\/wp-json\/wp\/v2\/pages\/461\/revisions"}],"predecessor-version":[{"id":569,"href":"https:\/\/sites.usp.br\/oficinadedireitoambiental\/wp-json\/wp\/v2\/pages\/461\/revisions\/569"}],"wp:attachment":[{"href":"https:\/\/sites.usp.br\/oficinadedireitoambiental\/wp-json\/wp\/v2\/media?parent=461"}],"curies":[{"name":"wp","href":"https:\/\/api.w.org\/{rel}","templated":true}]}}