{"id":2932,"date":"2024-09-25T16:02:00","date_gmt":"2024-09-25T19:02:00","guid":{"rendered":"https:\/\/sites.usp.br\/oncologiamolecular\/?page_id=2932"},"modified":"2025-04-09T17:39:48","modified_gmt":"2025-04-09T20:39:48","slug":"regulamento","status":"publish","type":"page","link":"https:\/\/sites.usp.br\/oncologiamolecular\/regulamento\/","title":{"rendered":"Regulamento"},"content":{"rendered":"\t\t<div data-elementor-type=\"wp-page\" data-elementor-id=\"2932\" class=\"elementor elementor-2932\" data-elementor-post-type=\"page\">\n\t\t\t\t\t\t<section class=\"elementor-section elementor-top-section elementor-element elementor-element-7f19c97 elementor-section-boxed elementor-section-height-default elementor-section-height-default\" data-id=\"7f19c97\" data-element_type=\"section\" data-settings=\"{&quot;background_background&quot;:&quot;gradient&quot;}\">\n\t\t\t\t\t\t<div class=\"elementor-container elementor-column-gap-default\">\n\t\t\t\t\t<div class=\"elementor-column elementor-col-100 elementor-top-column elementor-element elementor-element-6383f32\" data-id=\"6383f32\" data-element_type=\"column\">\n\t\t\t<div class=\"elementor-widget-wrap elementor-element-populated\">\n\t\t\t\t\t\t<div class=\"elementor-element elementor-element-bcbb054 elementor-widget elementor-widget-spacer\" data-id=\"bcbb054\" data-element_type=\"widget\" data-widget_type=\"spacer.default\">\n\t\t\t\t<div class=\"elementor-widget-container\">\n\t\t\t\t\t<div class=\"elementor-spacer\">\n\t\t\t<div class=\"elementor-spacer-inner\"><\/div>\n\t\t<\/div>\n\t\t\t\t<\/div>\n\t\t\t\t<\/div>\n\t\t\t\t<div class=\"elementor-element elementor-element-556ad51 elementor-invisible elementor-widget elementor-widget-heading\" data-id=\"556ad51\" data-element_type=\"widget\" data-settings=\"{&quot;_animation&quot;:&quot;fadeIn&quot;}\" data-widget_type=\"heading.default\">\n\t\t\t\t<div class=\"elementor-widget-container\">\n\t\t\t<h2 class=\"elementor-heading-title elementor-size-default\">Regulamento<\/h2>\t\t<\/div>\n\t\t\t\t<\/div>\n\t\t\t\t<div class=\"elementor-element elementor-element-0765e9d elementor-widget elementor-widget-spacer\" data-id=\"0765e9d\" data-element_type=\"widget\" data-widget_type=\"spacer.default\">\n\t\t\t\t<div class=\"elementor-widget-container\">\n\t\t\t\t\t<div class=\"elementor-spacer\">\n\t\t\t<div class=\"elementor-spacer-inner\"><\/div>\n\t\t<\/div>\n\t\t\t\t<\/div>\n\t\t\t\t<\/div>\n\t\t\t\t\t<\/div>\n\t\t<\/div>\n\t\t\t\t\t<\/div>\n\t\t<\/section>\n\t\t\t\t<section class=\"elementor-section elementor-top-section elementor-element elementor-element-0321b25 elementor-section-boxed elementor-section-height-default elementor-section-height-default\" data-id=\"0321b25\" data-element_type=\"section\">\n\t\t\t\t\t\t<div class=\"elementor-container elementor-column-gap-default\">\n\t\t\t\t\t<div class=\"elementor-column elementor-col-100 elementor-top-column elementor-element elementor-element-88cf771\" data-id=\"88cf771\" data-element_type=\"column\">\n\t\t\t<div class=\"elementor-widget-wrap elementor-element-populated\">\n\t\t\t\t\t\t<div class=\"elementor-element elementor-element-208426b elementor-widget elementor-widget-spacer\" data-id=\"208426b\" data-element_type=\"widget\" data-widget_type=\"spacer.default\">\n\t\t\t\t<div class=\"elementor-widget-container\">\n\t\t\t\t\t<div class=\"elementor-spacer\">\n\t\t\t<div class=\"elementor-spacer-inner\"><\/div>\n\t\t<\/div>\n\t\t\t\t<\/div>\n\t\t\t\t<\/div>\n\t\t\t\t<div class=\"elementor-element elementor-element-a932cf4 elementor-widget__width-initial elementor-widget elementor-widget-text-editor\" data-id=\"a932cf4\" data-element_type=\"widget\" data-widget_type=\"text-editor.default\">\n\t\t\t\t<div class=\"elementor-widget-container\">\n\t\t\t\t\t\t\t<p><b>REGULAMENTO<\/b><\/p>\n<p><span style=\"font-weight: 400;\">O VIII CURSO EM ONCOLOGIA MOLECULAR DA FMUSP\/ICESP ser\u00e1 realizado de forma PRESENCIAL nas depend\u00eancias do ICESP em julho de 2025. O preenchimento da ficha de inscri\u00e7\u00e3o implica na aceita\u00e7\u00e3o integral deste regulamento pelos participantes em todas as etapas do Curso.<\/span><\/p>\n<p><span style=\"font-weight: 400;\">Reserve ao menos 30 minutos para fazer sua inscri\u00e7\u00e3o com calma e aten\u00e7\u00e3o, pois ser\u00e1 solicitado o preenchimento de alguns dados pessoais, acad\u00eamicos e socioecon\u00f4micos. Al\u00e9m disso, antes de come\u00e7ar o preenchimento do formul\u00e1rio, n\u00e3o se esque\u00e7a de deixar seu hist\u00f3rico escolar da gradua\u00e7\u00e3o, curr\u00edculo Lattes e cartas de recomenda\u00e7\u00e3o* (*opcional) preparados no formato .pdf. Existe uma se\u00e7\u00e3o do formul\u00e1rio de inscri\u00e7\u00e3o para fazer upload dos documentos. Na eventualidade do participante enviar mais de uma resposta, ser\u00e1 considerado o <\/span><span style=\"font-weight: 400;\">\u00faltimo envio<\/span><span style=\"font-weight: 400;\">.<\/span><\/p>\n<p><span style=\"font-weight: 400;\">\u00c9 indispens\u00e1vel o preenchimento correto e a apresenta\u00e7\u00e3o de todos os documentos de forma leg\u00edvel no ato da inscri\u00e7\u00e3o. Caso faltem dados ou documentos, ou ocorra o preenchimento err\u00f4neo do formul\u00e1rio, a inscri\u00e7\u00e3o ser\u00e1 DESCONSIDERADA.<\/span><\/p>\n<p><b>&nbsp;<\/b><\/p>\n<p><b>1. P\u00fablico alvo<\/b><\/p>\n<p><span style=\"font-weight: 400;\">Poder\u00e3o se inscrever no VIII CURSO EM ONCOLOGIA MOLECULAR DA FMUSP\/ICESP alunos matriculados em cursos de gradua\u00e7\u00e3o (que j\u00e1 tenham cursado pelo menos metade do seu curso at\u00e9 julho de 2025) ou rec\u00e9m-formados (at\u00e9 3 anos de formado) nas \u00e1reas de Ci\u00eancias Biol\u00f3gicas e\/ou da Sa\u00fade, que j\u00e1 tenham cursado ao menos uma disciplina de Gen\u00e9tica ou Biologia Molecular\/Celular.<\/span><\/p>\n<p><span style=\"font-weight: 400;\">Alunos de qualquer nacionalidade s\u00e3o bem-vindos a se inscrever no curso, entretanto, \u00e9 necess\u00e1rio que o aluno tenha boa compreens\u00e3o da l\u00edngua portuguesa, pois as aulas, assim como o material did\u00e1tico, ser\u00e3o disponibilizados integralmente em portugu\u00eas (Brasil) e a ficha de inscri\u00e7\u00e3o deve ser preenchida EXCLUSIVAMENTE neste idioma.<\/span><\/p>\n<p><b>&nbsp;<\/b><\/p>\n<p><b>2. Quem n\u00e3o pode participar<\/b><\/p>\n<p><span style=\"font-weight: 400;\">N\u00e3o ser\u00e3o aceitas inscri\u00e7\u00f5es nas seguintes condi\u00e7\u00f5es:<\/span><\/p>\n<ul>\n<li style=\"font-weight: 400;\" aria-level=\"1\"><span style=\"font-weight: 400;\">Alunos de gradua\u00e7\u00e3o que n\u00e3o tenham completado 50% da carga hor\u00e1ria de seu curso at\u00e9 julho de 2025;<\/span><\/li>\n<li style=\"font-weight: 400;\" aria-level=\"1\"><span style=\"font-weight: 400;\">Profissionais formados h\u00e1 mais de tr\u00eas anos;<\/span><\/li>\n<li style=\"font-weight: 400;\" aria-level=\"1\"><span style=\"font-weight: 400;\">Profissionais que estejam matriculados ou que j\u00e1 conclu\u00edram cursos de P\u00f3s-Gradua\u00e7\u00e3o<\/span><b> STRICTO SENSU<\/b><span style=\"font-weight: 400;\">;<\/span><\/li>\n<li style=\"font-weight: 400;\" aria-level=\"1\"><span style=\"font-weight: 400;\">Qualquer indiv\u00edduo que j\u00e1 tenha participado de edi\u00e7\u00f5es anteriores do Curso em Oncologia Molecular da FMUSP\/ICESP.<\/span><\/li>\n<\/ul>\n<p><b>&nbsp;<\/b><\/p>\n<p><b>3. Sele\u00e7\u00e3o<\/b><\/p>\n<p><span style=\"font-weight: 400;\">O curso oferece cinquenta (50) vagas para o m\u00f3dulo 1, dos quais 20 alunos poder\u00e3o ser selecionados para o m\u00f3dulo 2, mediante interesse.<\/span><\/p>\n<p><span style=\"font-weight: 400;\">Ser\u00e3o aceitos apenas curr\u00edculos da plataforma Lattes (<\/span><a href=\"http:\/\/lattes.cnpq.br\/\"><span style=\"font-weight: 400;\">http:\/\/lattes.cnpq.br\/<\/span><\/a><span style=\"font-weight: 400;\">). Portanto, se necess\u00e1rio, crie e\/ou atualize o seu curr\u00edculo previamente \u00e0 inscri\u00e7\u00e3o. Informa\u00e7\u00f5es descritas no formul\u00e1rio de inscri\u00e7\u00e3o e que n\u00e3o constam no curr\u00edculo lattes para checagem ser\u00e3o DESCONSIDERADAS.&nbsp;<\/span><\/p>\n<p><span style=\"font-weight: 400;\">Aqui est\u00e1 disponibilizado um pequeno tutorial para facilitar sua cria\u00e7\u00e3o e manuten\u00e7\u00e3o: <\/span><span style=\"text-decoration: underline;\"><a href=\"https:\/\/drive.google.com\/file\/d\/1_lblX-XC1J044q94yo0hbX4h3tXVCm6S\/view?usp=drive_link\"><span style=\"font-weight: 400;\">Tutorial CNPQ Lattes<\/span><\/a><span style=\"font-weight: 400;\">&nbsp;<\/span><\/span><\/p>\n<p><b>3.1. Carta de recomenda\u00e7\u00e3o<\/b><\/p>\n<p><span style=\"font-weight: 400;\">Se voc\u00ea acha que seu curr\u00edculo Lattes n\u00e3o cont\u00e9m participa\u00e7\u00f5es ou produ\u00e7\u00f5es cient\u00edficas suficientes, invista em uma boa carta de recomenda\u00e7\u00e3o! Ser\u00e3o aceitas at\u00e9 duas (02) cartas,<\/span><b> sendo que cada uma deve conter um par\u00e1grafo de at\u00e9 10 linhas redigido por professor ou ex-professor<\/b><span style=\"font-weight: 400;\">, atestando suas qualidades acad\u00eamicas, profissionais e pessoais, e deve ser assinada por ele. Em caso de estrangeiros, as cartas de recomenda\u00e7\u00e3o poder\u00e3o ser enviadas na vers\u00e3o original (ingl\u00eas ou espanhol), devidamente assinadas pelos professores.<\/span><\/p>\n<p><b>3.2. Par\u00e1grafo de motiva\u00e7\u00e3o<\/b><\/p>\n<p><span style=\"font-weight: 400;\">Tamb\u00e9m ser\u00e1 solicitado um breve par\u00e1grafo contando sua motiva\u00e7\u00e3o em participar do curso (de no m\u00e1ximo 600 caracteres). H\u00e1 uma se\u00e7\u00e3o espec\u00edfica no formul\u00e1rio de inscri\u00e7\u00e3o para escrever seu par\u00e1grafo.&nbsp;<\/span><\/p>\n<p><b>&nbsp;<\/b><\/p>\n<p><b>4. M\u00f3dulo 2<\/b><\/p>\n<p><span style=\"font-weight: 400;\">O objetivo do m\u00f3dulo 2 do VIII curso em Oncologia Molecular \u00e9 ensinar t\u00e9cnicas de biologia molecular utilizadas no laborat\u00f3rio para os alunos. A dura\u00e7\u00e3o deste m\u00f3dulo ser\u00e1 de cinco dias.&nbsp;<\/span><\/p>\n<p><span style=\"font-weight: 400;\">Fazem parte do curr\u00edculo do m\u00f3dulo 2 aulas te\u00f3rico\/ pr\u00e1ticas e, ser\u00e3o abordados os seguintes temas: obten\u00e7\u00e3o, quantifica\u00e7\u00e3o e an\u00e1lise da qualidade de \u00e1cidos nucleicos, s\u00edntese de cDNA, rea\u00e7\u00e3o em cadeia da polimerase (PCR), sequenciamento de DNA, genotipagem, an\u00e1lise da express\u00e3o g\u00eanica, entre outras.<\/span><\/p>\n<p><span style=\"font-weight: 400;\">Os alunos que tiverem interesse devem selecionar a op\u00e7\u00e3o \u201cSIM\u201d no item: \u201cVoc\u00ea tem interesse em participar do M\u00f3dulo 2?\u201d na se\u00e7\u00e3o \u201cM\u00f3dulo 2\u201d do formul\u00e1rio de inscri\u00e7\u00e3o. Os candidatos devem&nbsp; descrever sua motiva\u00e7\u00e3o e interesse em participar do m\u00f3dulo&nbsp; 2, incluindo como esse aprendizado poderia contribuir no seu desenvolvimento profissional\/acad\u00eamico.<\/span><\/p>\n<p><b>&nbsp;<\/b><\/p>\n<p><b>5. Isen\u00e7\u00e3o de taxa de matr\u00edcula<\/b><\/p>\n<p><span style=\"font-weight: 400;\">O VIII CURSO EM ONCOLOGIA MOLECULAR DA FMUSP\/ICESP ir\u00e1 oferecer isen\u00e7\u00e3o de taxa de matr\u00edcula a 10% dos selecionados. O aux\u00edlio ser\u00e1 concedido com base nos dados fornecidos no formul\u00e1rio socioecon\u00f4mico.&nbsp;<\/span><\/p>\n<p><span style=\"font-weight: 400;\">Os alunos que desejam se candidatar a este benef\u00edcio devem selecionar a op\u00e7\u00e3o \u201cSIM\u201d no item \u201cVoc\u00ea tem interesse em se candidatar \u00e0 isen\u00e7\u00e3o de taxa de matr\u00edcula?\u201d no in\u00edcio do formul\u00e1rio Socioecon\u00f4mico da ficha de inscri\u00e7\u00e3o. O candidato que selecionar a op\u00e7\u00e3o \u201cN\u00c3O\u201d abdicar\u00e1 da chance de concorrer ao aux\u00edlio.<\/span><\/p>\n<p><b>&nbsp;<\/b><\/p>\n<p><b>6. Alunos selecionados<\/b><\/p>\n<p><span style=\"font-weight: 400;\">O VIII CURSO EM ONCOLOGIA MOLECULAR DA FMUSP\/ICESP possui taxa de matr\u00edcula de R$100,00 reais para os participantes selecionados. Est\u00e1 incluso neste valor os materiais pertinentes ao acompanhamento do curso.<\/span><\/p>\n<p><span style=\"font-weight: 400;\">Os alunos selecionados receber\u00e3o um e-mail da Comiss\u00e3o de Sele\u00e7\u00e3o com as orienta\u00e7\u00f5es detalhadas para confirma\u00e7\u00e3o da vaga. Ser\u00e3o requisitados dados pessoais complementares e o comprovante de pagamento da taxa de matr\u00edcula. Aqueles que n\u00e3o confirmarem dentro do per\u00edodo estipulado e\/ou n\u00e3o enviarem os documentos necess\u00e1rios perder\u00e3o automaticamente sua vaga e novas chamadas ser\u00e3o realizadas a partir da lista de espera.<\/span><\/p>\n<p><span style=\"font-weight: 400;\">Os alunos selecionados e que confirmaram a participa\u00e7\u00e3o mediante pagamento de taxa de matr\u00edcula <\/span><b>n\u00e3o <\/b><span style=\"font-weight: 400;\">ser\u00e3o ressarcidos caso desistam do comparecimento.&nbsp;<\/span><\/p>\n<p><b>Importante:<\/b><span style=\"font-weight: 400;\">&nbsp;O evento ser\u00e1 registrado em forma de v\u00eddeos e fotografias e essas m\u00eddias poder\u00e3o ser utilizadas posteriormente para divulga\u00e7\u00e3o pela institui\u00e7\u00e3o e por parceiros. Desta forma, ao se inscrever, o participante autoriza o uso de sua imagem.<\/span><\/p>\n<p><b>&nbsp;<\/b><\/p>\n<p><b>7. Sobre as datas (ATUALIZADO)<\/b><\/p>\n<p style=\"font-variant-ligatures: normal; font-variant-caps: normal; font-family: 'Source Sans Pro', sans-serif; font-size: 20px;\"><span style=\"font-family: 'Source Sans Pro', sans-serif; font-size: 20px; font-style: normal; font-variant-ligatures: normal; font-variant-caps: normal; font-weight: bold;\">10 de mar\u00e7o a 20 de abril &#8211;&nbsp;<\/span><span style=\"font-family: 'Source Sans Pro', sans-serif; font-size: 20px; font-style: normal; font-variant-ligatures: normal; font-variant-caps: normal; font-weight: 400;\">Per\u00edodo de inscri\u00e7\u00f5es<\/span><\/p>\n<p><span style=\"font-variant-ligatures: normal; font-variant-caps: normal; font-family: 'Source Sans Pro', sans-serif; font-size: 20px; font-style: normal; font-weight: bold;\">22 de abril a 02 de maio &#8211;<\/span><span style=\"font-variant-ligatures: normal; font-variant-caps: normal; font-family: 'Source Sans Pro', sans-serif; font-size: 20px; font-style: normal; font-weight: 400;\">&nbsp;Sele\u00e7\u00e3o&nbsp;dos candidatos pela comiss\u00e3o de sele\u00e7\u00e3o<\/span><b><\/b><\/p>\n<p><span style=\"font-variant-ligatures: normal; font-variant-caps: normal; font-family: 'Source Sans Pro', sans-serif; font-size: 20px; font-style: normal; font-weight: bold;\">05 de maio&nbsp;<\/span><span style=\"font-variant-ligatures: normal; font-variant-caps: normal; font-family: 'Source Sans Pro', sans-serif; font-size: 20px; font-style: normal; font-weight: 400;\">&#8211; Divulga\u00e7\u00e3o da primeira lista de aprovados<\/span><\/p>\n<p><span style=\"font-variant-ligatures: normal; font-variant-caps: normal; font-family: 'Source Sans Pro', sans-serif; font-size: 20px; font-style: normal; font-weight: bold;\">05 a 10 de maio&nbsp; &#8211;<\/span><span style=\"font-variant-ligatures: normal; font-variant-caps: normal; font-family: 'Source Sans Pro', sans-serif; font-size: 20px; font-style: normal; font-weight: 400;\">&nbsp;Per\u00edodo para confirma\u00e7\u00e3o de vaga pelos aprovados na primeira lista<\/span><\/p>\n<p style=\"font-variant-ligatures: normal; font-variant-caps: normal; font-family: 'Source Sans Pro', sans-serif; font-size: 20px; font-style: normal; font-weight: 400;\"><span style=\"font-size: 20px; font-weight: bold;\">15 de maio &#8211;&nbsp;<\/span><span style=\"font-size: 20px; font-weight: 400;\">Divulga\u00e7\u00e3o da segunda lista de aprovados (caso houver)<\/span><\/p>\n<p style=\"font-variant-ligatures: normal; font-variant-caps: normal; font-family: 'Source Sans Pro', sans-serif; font-size: 20px; font-style: normal; font-weight: 400;\"><span style=\"font-variant-ligatures: normal; font-variant-caps: normal; font-family: 'Source Sans Pro', sans-serif; font-size: 20px; font-style: normal; font-weight: bold;\">15 a 20 de maio&nbsp; &#8211;<\/span><span style=\"font-variant-ligatures: normal; font-variant-caps: normal; font-family: 'Source Sans Pro', sans-serif; font-size: 20px; font-style: normal; font-weight: 400;\">&nbsp;Per\u00edodo&nbsp;para confirma\u00e7\u00e3o de vaga pelos aprovados<\/span><span style=\"font-family: 'Source Sans Pro', sans-serif; font-size: 20px; font-style: normal; font-variant-ligatures: normal; font-variant-caps: normal; font-weight: 400;\">&nbsp;<\/span><span style=\"font-family: 'Source Sans Pro', sans-serif; font-size: 20px; font-style: normal; font-variant-ligatures: normal; font-variant-caps: normal; font-weight: 400;\">na segunda lista<\/span><\/p>\n<div>\n<p style=\"font-variant-ligatures: normal; font-variant-caps: normal; font-family: 'Source Sans Pro', sans-serif; font-size: 20px; font-style: normal; font-weight: 400;\"><span style=\"font-size: 20px; font-weight: bold;\">21 de julho a 25 de julho &#8211;&nbsp;<\/span><span style=\"font-size: 20px; font-weight: 400;\">M\u00f3dulo 1 do&nbsp;<\/span><span style=\"font-family: 'Source Sans Pro', sans-serif; font-size: 20px; font-style: normal; font-variant-ligatures: normal; font-variant-caps: normal; font-weight: 400;\">VIII Curso<\/span><\/p>\n<p style=\"font-variant-ligatures: normal; font-variant-caps: normal; font-family: 'Source Sans Pro', sans-serif; font-size: 20px; font-style: normal; font-weight: 400;\"><span style=\"font-size: 20px; font-weight: bold;\">28 de julho a 01 de agosto &#8211;<\/span><span style=\"font-size: 20px; font-weight: 400;\">&nbsp;M\u00f3dulo 2<\/span><span style=\"font-family: 'Source Sans Pro', sans-serif; font-size: 20px; font-style: normal; font-variant-ligatures: normal; font-variant-caps: normal; font-weight: 400;\">&nbsp;do&nbsp;<\/span><span style=\"font-family: 'Source Sans Pro', sans-serif; font-size: 20px; font-style: normal; font-variant-ligatures: normal; font-variant-caps: normal; font-weight: 400;\">VIII Curso<\/span><\/p>\n<\/div>\n<p><span style=\"font-weight: 400;\">O cronograma est\u00e1 sujeito a altera\u00e7\u00f5es sem aviso pr\u00e9vio, conforme necessidade de ajustes ou imprevistos que podem surgir. Caso aconte\u00e7a, informaremos nas nossas redes sociais.&nbsp;<\/span><\/p>\n<p><b>&nbsp;<\/b><\/p>\n<p><b>8. Condi\u00e7\u00f5es gerais<\/b><\/p>\n<p><span style=\"font-weight: 400;\">I. Os participantes s\u00e3o integralmente respons\u00e1veis por todo o conte\u00fado submetido em todas as etapas do Curso, e s\u00e3o obrigados a ser exclusivamente respons\u00e1veis pela repara\u00e7\u00e3o de todo e qualquer dano causado \u00e0 institui\u00e7\u00e3o ou a terceiros, inclusive aqueles causados por viola\u00e7\u00e3o de confidencialidade, direitos de personalidade e propriedade intelectual.<\/span><\/p>\n<p><span style=\"font-weight: 400;\">II. Os participantes autorizam a divulga\u00e7\u00e3o de seus nomes, vozes e imagens, de interesse exclusivo para comunica\u00e7\u00e3o, marketing e publicidade para a divulga\u00e7\u00e3o do Curso.<\/span><\/p>\n<p><span style=\"font-weight: 400;\">III. A Comiss\u00e3o Organizadora n\u00e3o se responsabiliza por e-mails n\u00e3o entregues resultantes de qualquer forma de filtragem ativa ou passiva ou por espa\u00e7o insuficiente na conta de e-mail do usu\u00e1rio para receber\/enviar e-mails.&nbsp;<\/span><\/p>\n<p><span style=\"font-weight: 400;\">IV. D\u00favidas n\u00e3o previstas neste regulamento ser\u00e3o dirimidas pela Comiss\u00e3o Organizadora do Curso, sendo as decis\u00f5es desta Comiss\u00e3o soberanas e irrecorr\u00edveis.<\/span><\/p><p><span style=\"font-size: 20px; font-weight: 400;\"><br><\/span><\/p><p><span style=\"font-size: 20px; font-weight: 400;\">Ficou com alguma d\u00favida? Entre em contato conosco no e-mail cursooncologiamolecularicesp@gmail.com, adicionando \u201cSELE\u00c7\u00c3O\u201d no assunto do e-mail, ou pelas nossas redes sociais. Teremos prazer em ajud\u00e1-los!<\/span><\/p>\t\t\t\t\t\t<\/div>\n\t\t\t\t<\/div>\n\t\t\t\t\t<\/div>\n\t\t<\/div>\n\t\t\t\t\t<\/div>\n\t\t<\/section>\n\t\t\t\t<section class=\"elementor-section elementor-top-section elementor-element elementor-element-5e3071c elementor-section-boxed elementor-section-height-default elementor-section-height-default\" data-id=\"5e3071c\" data-element_type=\"section\">\n\t\t\t\t\t\t<div class=\"elementor-container elementor-column-gap-default\">\n\t\t\t\t\t<div class=\"elementor-column elementor-col-100 elementor-top-column elementor-element elementor-element-fbc54f0\" data-id=\"fbc54f0\" data-element_type=\"column\">\n\t\t\t<div class=\"elementor-widget-wrap elementor-element-populated\">\n\t\t\t\t\t\t<div class=\"elementor-element elementor-element-7cce4f0 elementor-align-center elementor-widget elementor-widget-button\" data-id=\"7cce4f0\" data-element_type=\"widget\" data-widget_type=\"button.default\">\n\t\t\t\t<div class=\"elementor-widget-container\">\n\t\t\t\t\t\t\t<div class=\"elementor-button-wrapper\">\n\t\t\t\t\t<a class=\"elementor-button elementor-button-link elementor-size-sm\" href=\"https:\/\/sites.usp.br\/oncologiamolecular\/inscricoes\/\">\n\t\t\t\t\t\t<span class=\"elementor-button-content-wrapper\">\n\t\t\t\t\t\t\t\t\t<span class=\"elementor-button-text\">Inscri\u00e7\u00f5es<\/span>\n\t\t\t\t\t<\/span>\n\t\t\t\t\t<\/a>\n\t\t\t\t<\/div>\n\t\t\t\t\t\t<\/div>\n\t\t\t\t<\/div>\n\t\t\t\t<div class=\"elementor-element elementor-element-9197ff7 elementor-widget elementor-widget-spacer\" data-id=\"9197ff7\" data-element_type=\"widget\" data-widget_type=\"spacer.default\">\n\t\t\t\t<div class=\"elementor-widget-container\">\n\t\t\t\t\t<div class=\"elementor-spacer\">\n\t\t\t<div class=\"elementor-spacer-inner\"><\/div>\n\t\t<\/div>\n\t\t\t\t<\/div>\n\t\t\t\t<\/div>\n\t\t\t\t\t<\/div>\n\t\t<\/div>\n\t\t\t\t\t<\/div>\n\t\t<\/section>\n\t\t\t\t<\/div>\n\t\t","protected":false},"excerpt":{"rendered":"<p>Veja o Regulamento do Curso em Oncologia Molecular.<\/p>\n","protected":false},"author":24018,"featured_media":0,"parent":0,"menu_order":4,"comment_status":"closed","ping_status":"closed","template":"elementor_header_footer","meta":{"_monsterinsights_skip_tracking":false,"_monsterinsights_sitenote_active":false,"_monsterinsights_sitenote_note":"","_monsterinsights_sitenote_category":0,"footnotes":"","_links_to":"","_links_to_target":""},"class_list":["post-2932","page","type-page","status-publish","hentry","entry"],"_links":{"self":[{"href":"https:\/\/sites.usp.br\/oncologiamolecular\/wp-json\/wp\/v2\/pages\/2932","targetHints":{"allow":["GET"]}}],"collection":[{"href":"https:\/\/sites.usp.br\/oncologiamolecular\/wp-json\/wp\/v2\/pages"}],"about":[{"href":"https:\/\/sites.usp.br\/oncologiamolecular\/wp-json\/wp\/v2\/types\/page"}],"author":[{"embeddable":true,"href":"https:\/\/sites.usp.br\/oncologiamolecular\/wp-json\/wp\/v2\/users\/24018"}],"replies":[{"embeddable":true,"href":"https:\/\/sites.usp.br\/oncologiamolecular\/wp-json\/wp\/v2\/comments?post=2932"}],"version-history":[{"count":4,"href":"https:\/\/sites.usp.br\/oncologiamolecular\/wp-json\/wp\/v2\/pages\/2932\/revisions"}],"predecessor-version":[{"id":3483,"href":"https:\/\/sites.usp.br\/oncologiamolecular\/wp-json\/wp\/v2\/pages\/2932\/revisions\/3483"}],"wp:attachment":[{"href":"https:\/\/sites.usp.br\/oncologiamolecular\/wp-json\/wp\/v2\/media?parent=2932"}],"curies":[{"name":"wp","href":"https:\/\/api.w.org\/{rel}","templated":true}]}}