{"id":171,"date":"2021-02-01T17:56:29","date_gmt":"2021-02-01T20:56:29","guid":{"rendered":"https:\/\/sites.usp.br\/otimizacao\/?page_id=171"},"modified":"2021-11-15T18:24:30","modified_gmt":"2021-11-15T21:24:30","slug":"material-suplementar","status":"publish","type":"page","link":"https:\/\/sites.usp.br\/otimizacao\/material-suplementar\/","title":{"rendered":"Material Suplementar"},"content":{"rendered":"<h3>Cap\u00edtulos<\/h3>\n<p style=\"padding-left: 40px;\"><a href=\"https:\/\/sites.usp.br\/otimizacao\/material-suplementar\/errata\/\">ERRATA<\/a><br \/>\n2. <a href=\"https:\/\/sites.usp.br\/otimizacao\/material-suplementar\/cap2-preliminares\/\">Preliminares<\/a><br \/>\n3. <a href=\"https:\/\/sites.usp.br\/otimizacao\/material-suplementar\/cap3-introducao-a-programacao-matematica\/\">Introdu\u00e7\u00e3o \u00e0 Programa\u00e7\u00e3o Matem\u00e1tica<\/a><br \/>\n4. <a href=\"https:\/\/sites.usp.br\/otimizacao\/material-suplementar\/cap4-condicoes-de-otimalidade\/\">Condi\u00e7\u00f5es de Otimalidade<\/a><br \/>\n5. <a href=\"https:\/\/sites.usp.br\/otimizacao\/material-suplementar\/cap5-programacao-linear\/\">Programa\u00e7\u00e3o Linear<\/a><br \/>\n6. <a href=\"https:\/\/sites.usp.br\/otimizacao\/material-suplementar\/cap6-programacao-nao-linear\/\">Programa\u00e7\u00e3o N\u00e3o Linear<\/a><br \/>\n8. <a href=\"https:\/\/sites.usp.br\/otimizacao\/material-suplementar\/cap8-programacao-linear-inteira-mista\/\">Programa\u00e7\u00e3o Linear Inteira Mista<\/a><br \/>\n9. <a href=\"https:\/\/sites.usp.br\/otimizacao\/material-suplementar\/cap9-programacao-nao-linear-inteira-mista\/\">Programa\u00e7\u00e3o N\u00e3o Linear Inteira Mista<\/a><\/p>\n<h3><\/h3>\n","protected":false},"excerpt":{"rendered":"<p>Cap\u00edtulos ERRATA 2. Preliminares 3. Introdu\u00e7\u00e3o \u00e0 Programa\u00e7\u00e3o Matem\u00e1tica 4. Condi\u00e7\u00f5es de Otimalidade 5. Programa\u00e7\u00e3o Linear 6. Programa\u00e7\u00e3o N\u00e3o Linear 8. Programa\u00e7\u00e3o Linear Inteira Mista 9. Programa\u00e7\u00e3o N\u00e3o Linear Inteira Mista<\/p>\n","protected":false},"author":456,"featured_media":0,"parent":0,"menu_order":0,"comment_status":"closed","ping_status":"closed","template":"","meta":{"footnotes":"","_links_to":"","_links_to_target":""},"class_list":["post-171","page","type-page","status-publish","hentry"],"_links":{"self":[{"href":"https:\/\/sites.usp.br\/otimizacao\/wp-json\/wp\/v2\/pages\/171","targetHints":{"allow":["GET"]}}],"collection":[{"href":"https:\/\/sites.usp.br\/otimizacao\/wp-json\/wp\/v2\/pages"}],"about":[{"href":"https:\/\/sites.usp.br\/otimizacao\/wp-json\/wp\/v2\/types\/page"}],"author":[{"embeddable":true,"href":"https:\/\/sites.usp.br\/otimizacao\/wp-json\/wp\/v2\/users\/456"}],"replies":[{"embeddable":true,"href":"https:\/\/sites.usp.br\/otimizacao\/wp-json\/wp\/v2\/comments?post=171"}],"version-history":[{"count":4,"href":"https:\/\/sites.usp.br\/otimizacao\/wp-json\/wp\/v2\/pages\/171\/revisions"}],"predecessor-version":[{"id":323,"href":"https:\/\/sites.usp.br\/otimizacao\/wp-json\/wp\/v2\/pages\/171\/revisions\/323"}],"wp:attachment":[{"href":"https:\/\/sites.usp.br\/otimizacao\/wp-json\/wp\/v2\/media?parent=171"}],"curies":[{"name":"wp","href":"https:\/\/api.w.org\/{rel}","templated":true}]}}