{"id":114,"date":"2017-03-27T00:01:58","date_gmt":"2017-03-27T02:01:58","guid":{"rendered":"http:\/\/sites.usp.br\/ouvidoresdevozes\/?page_id=114"},"modified":"2022-02-08T19:35:38","modified_gmt":"2022-02-08T21:35:38","slug":"rede-de-apoio","status":"publish","type":"page","link":"https:\/\/sites.usp.br\/ouvidoresdevozes\/rede-de-apoio\/","title":{"rendered":"Redes de Apoio"},"content":{"rendered":"\t\t<div data-elementor-type=\"wp-post\" data-elementor-id=\"114\" class=\"elementor elementor-114\" data-elementor-post-type=\"page\">\n\t\t\t\t\t\t<section class=\"elementor-section elementor-top-section elementor-element elementor-element-21c8ec2 elementor-section-boxed elementor-section-height-default elementor-section-height-default\" data-id=\"21c8ec2\" data-element_type=\"section\">\n\t\t\t\t\t\t<div class=\"elementor-container elementor-column-gap-default\">\n\t\t\t\t\t<div class=\"elementor-column elementor-col-100 elementor-top-column elementor-element elementor-element-b73ffcb\" data-id=\"b73ffcb\" data-element_type=\"column\">\n\t\t\t<div class=\"elementor-widget-wrap elementor-element-populated\">\n\t\t\t\t\t\t<div class=\"elementor-element elementor-element-85f8878 elementor-widget elementor-widget-spacer\" data-id=\"85f8878\" data-element_type=\"widget\" data-widget_type=\"spacer.default\">\n\t\t\t\t<div class=\"elementor-widget-container\">\n\t\t\t\t\t<div class=\"elementor-spacer\">\n\t\t\t<div class=\"elementor-spacer-inner\"><\/div>\n\t\t<\/div>\n\t\t\t\t<\/div>\n\t\t\t\t<\/div>\n\t\t\t\t<div class=\"elementor-element elementor-element-9166031 elementor-widget elementor-widget-heading\" data-id=\"9166031\" data-element_type=\"widget\" data-widget_type=\"heading.default\">\n\t\t\t\t<div class=\"elementor-widget-container\">\n\t\t\t<h2 class=\"elementor-heading-title elementor-size-default\">Onde posso encontrar grupos de ouvidores de vozes?<\/h2>\t\t<\/div>\n\t\t\t\t<\/div>\n\t\t\t\t\t<\/div>\n\t\t<\/div>\n\t\t\t\t\t<\/div>\n\t\t<\/section>\n\t\t\t\t<section class=\"elementor-section elementor-top-section elementor-element elementor-element-a0464b7 elementor-section-boxed elementor-section-height-default elementor-section-height-default\" data-id=\"a0464b7\" data-element_type=\"section\">\n\t\t\t\t\t\t<div class=\"elementor-container elementor-column-gap-default\">\n\t\t\t\t\t<div class=\"elementor-column elementor-col-100 elementor-top-column elementor-element elementor-element-d655a1e\" data-id=\"d655a1e\" data-element_type=\"column\">\n\t\t\t<div class=\"elementor-widget-wrap elementor-element-populated\">\n\t\t\t\t\t\t<div class=\"elementor-element elementor-element-c7c4978 elementor-widget elementor-widget-spacer\" data-id=\"c7c4978\" data-element_type=\"widget\" data-widget_type=\"spacer.default\">\n\t\t\t\t<div class=\"elementor-widget-container\">\n\t\t\t\t\t<div class=\"elementor-spacer\">\n\t\t\t<div class=\"elementor-spacer-inner\"><\/div>\n\t\t<\/div>\n\t\t\t\t<\/div>\n\t\t\t\t<\/div>\n\t\t\t\t<div class=\"elementor-element elementor-element-cfda4b2 elementor-widget elementor-widget-image\" data-id=\"cfda4b2\" data-element_type=\"widget\" data-widget_type=\"image.default\">\n\t\t\t\t<div class=\"elementor-widget-container\">\n\t\t\t\t\t\t\t\t\t\t\t\t\t<img fetchpriority=\"high\" decoding=\"async\" width=\"420\" height=\"252\" src=\"https:\/\/sites.usp.br\/ouvidoresdevozes\/wp-content\/uploads\/sites\/997\/2022\/01\/figuras-conversando.jpg\" class=\"attachment-large size-large wp-image-1562\" alt=\"\" srcset=\"https:\/\/sites.usp.br\/ouvidoresdevozes\/wp-content\/uploads\/sites\/997\/2022\/01\/figuras-conversando.jpg 420w, https:\/\/sites.usp.br\/ouvidoresdevozes\/wp-content\/uploads\/sites\/997\/2022\/01\/figuras-conversando-300x180.jpg 300w, https:\/\/sites.usp.br\/ouvidoresdevozes\/wp-content\/uploads\/sites\/997\/2022\/01\/figuras-conversando-400x240.jpg 400w\" sizes=\"(max-width: 420px) 100vw, 420px\" \/>\t\t\t\t\t\t\t\t\t\t\t\t\t<\/div>\n\t\t\t\t<\/div>\n\t\t\t\t<div class=\"elementor-element elementor-element-4a8e9d7 elementor-widget elementor-widget-spacer\" data-id=\"4a8e9d7\" data-element_type=\"widget\" data-widget_type=\"spacer.default\">\n\t\t\t\t<div class=\"elementor-widget-container\">\n\t\t\t\t\t<div class=\"elementor-spacer\">\n\t\t\t<div class=\"elementor-spacer-inner\"><\/div>\n\t\t<\/div>\n\t\t\t\t<\/div>\n\t\t\t\t<\/div>\n\t\t\t\t<div class=\"elementor-element elementor-element-a3eaa3a elementor-widget elementor-widget-text-editor\" data-id=\"a3eaa3a\" data-element_type=\"widget\" data-widget_type=\"text-editor.default\">\n\t\t\t\t<div class=\"elementor-widget-container\">\n\t\t\t\t\t\t\t<p><b>Saiba onde est\u00e3o os grupos de ouvidores de vozes do nosso pa\u00eds:<\/b><\/p><p>\u00a0<\/p><ul><li><strong>Ribeir\u00e3o Preto &#8211; SP<\/strong><\/li><\/ul><p>Grupo de Ouvidores de Vozes\u00a0<\/p><p>Toda quinta-feira \u00e0s 14hs<\/p><p>Local: CAPS-III &#8220;Dr. Andr\u00e9 Santiago&#8221;<\/p><p>Rua Par\u00e1, 1280 &#8211; Ipiranga.<\/p><p>\u00a0<\/p><p>\u00a0<\/p><ul><li><strong>Campinas &#8211; SP<\/strong><\/li><\/ul><p>Grupo de Ouvidores de Vozes (online)<\/p><p>Todo s\u00e1bado \u00e0s 14hs<\/p><p><strong><span style=\"text-decoration: underline;\"><a href=\"https:\/\/meet.google.com\/ovq-daai-dvr\">Link<\/a><\/span><\/strong> da reuni\u00e3o<\/p><div dir=\"auto\">\u00a0<\/div><p>\u00a0<\/p><p>\u00a0<\/p>\t\t\t\t\t\t<\/div>\n\t\t\t\t<\/div>\n\t\t\t\t\t<\/div>\n\t\t<\/div>\n\t\t\t\t\t<\/div>\n\t\t<\/section>\n\t\t\t\t<\/div>\n\t\t","protected":false},"excerpt":{"rendered":"<p>Onde posso encontrar grupos de ouvidores de vozes? Saiba onde est\u00e3o os grupos de ouvidores de vozes do nosso pa\u00eds: \u00a0 Ribeir\u00e3o Preto &#8211; SP Grupo de Ouvidores de Vozes\u00a0 Toda quinta-feira \u00e0s 14hs Local: CAPS-III &#8220;Dr. Andr\u00e9 Santiago&#8221; Rua Par\u00e1, 1280 &#8211; Ipiranga. \u00a0 \u00a0 Campinas &#8211; SP Grupo de Ouvidores de Vozes (online) [&hellip;]<\/p>\n","protected":false},"author":309,"featured_media":0,"parent":0,"menu_order":0,"comment_status":"closed","ping_status":"closed","template":"elementor_header_footer","meta":{"footnotes":"","_links_to":"","_links_to_target":""},"class_list":["post-114","page","type-page","status-publish","hentry","entry"],"_links":{"self":[{"href":"https:\/\/sites.usp.br\/ouvidoresdevozes\/wp-json\/wp\/v2\/pages\/114","targetHints":{"allow":["GET"]}}],"collection":[{"href":"https:\/\/sites.usp.br\/ouvidoresdevozes\/wp-json\/wp\/v2\/pages"}],"about":[{"href":"https:\/\/sites.usp.br\/ouvidoresdevozes\/wp-json\/wp\/v2\/types\/page"}],"author":[{"embeddable":true,"href":"https:\/\/sites.usp.br\/ouvidoresdevozes\/wp-json\/wp\/v2\/users\/309"}],"replies":[{"embeddable":true,"href":"https:\/\/sites.usp.br\/ouvidoresdevozes\/wp-json\/wp\/v2\/comments?post=114"}],"version-history":[{"count":4,"href":"https:\/\/sites.usp.br\/ouvidoresdevozes\/wp-json\/wp\/v2\/pages\/114\/revisions"}],"predecessor-version":[{"id":1645,"href":"https:\/\/sites.usp.br\/ouvidoresdevozes\/wp-json\/wp\/v2\/pages\/114\/revisions\/1645"}],"wp:attachment":[{"href":"https:\/\/sites.usp.br\/ouvidoresdevozes\/wp-json\/wp\/v2\/media?parent=114"}],"curies":[{"name":"wp","href":"https:\/\/api.w.org\/{rel}","templated":true}]}}