{"id":702,"date":"2021-08-27T14:17:09","date_gmt":"2021-08-27T16:17:09","guid":{"rendered":"https:\/\/sites.usp.br\/ouvidoresdevozes\/?page_id=702"},"modified":"2022-02-04T15:49:28","modified_gmt":"2022-02-04T17:49:28","slug":"tipos-de-vozes","status":"publish","type":"page","link":"https:\/\/sites.usp.br\/ouvidoresdevozes\/tipos-de-vozes\/","title":{"rendered":"Tipos de Vozes"},"content":{"rendered":"\t\t<div data-elementor-type=\"wp-page\" data-elementor-id=\"702\" class=\"elementor elementor-702\" data-elementor-post-type=\"page\">\n\t\t\t\t\t\t<section class=\"elementor-section elementor-top-section elementor-element elementor-element-691ee4ae elementor-section-boxed elementor-section-height-default elementor-section-height-default\" data-id=\"691ee4ae\" data-element_type=\"section\">\n\t\t\t\t\t\t<div class=\"elementor-container elementor-column-gap-default\">\n\t\t\t\t\t<div class=\"elementor-column elementor-col-100 elementor-top-column elementor-element elementor-element-5db87f4e\" data-id=\"5db87f4e\" data-element_type=\"column\">\n\t\t\t<div class=\"elementor-widget-wrap elementor-element-populated\">\n\t\t\t\t\t\t<div class=\"elementor-element elementor-element-c03384c elementor-widget elementor-widget-spacer\" data-id=\"c03384c\" data-element_type=\"widget\" data-widget_type=\"spacer.default\">\n\t\t\t\t<div class=\"elementor-widget-container\">\n\t\t\t\t\t<div class=\"elementor-spacer\">\n\t\t\t<div class=\"elementor-spacer-inner\"><\/div>\n\t\t<\/div>\n\t\t\t\t<\/div>\n\t\t\t\t<\/div>\n\t\t\t\t<div class=\"elementor-element elementor-element-b74161b elementor-widget elementor-widget-heading\" data-id=\"b74161b\" data-element_type=\"widget\" data-widget_type=\"heading.default\">\n\t\t\t\t<div class=\"elementor-widget-container\">\n\t\t\t<h2 class=\"elementor-heading-title elementor-size-default\">Tipos de vozes<\/h2>\t\t<\/div>\n\t\t\t\t<\/div>\n\t\t\t\t\t<\/div>\n\t\t<\/div>\n\t\t\t\t\t<\/div>\n\t\t<\/section>\n\t\t\t\t<section class=\"elementor-section elementor-top-section elementor-element elementor-element-7fb7906 elementor-section-boxed elementor-section-height-default elementor-section-height-default\" data-id=\"7fb7906\" data-element_type=\"section\">\n\t\t\t\t\t\t<div class=\"elementor-container elementor-column-gap-default\">\n\t\t\t\t\t<div class=\"elementor-column elementor-col-33 elementor-top-column elementor-element elementor-element-f1e813b\" data-id=\"f1e813b\" data-element_type=\"column\">\n\t\t\t<div class=\"elementor-widget-wrap elementor-element-populated\">\n\t\t\t\t\t\t<div class=\"elementor-element elementor-element-934ca0e elementor-widget elementor-widget-spacer\" data-id=\"934ca0e\" data-element_type=\"widget\" data-widget_type=\"spacer.default\">\n\t\t\t\t<div class=\"elementor-widget-container\">\n\t\t\t\t\t<div class=\"elementor-spacer\">\n\t\t\t<div class=\"elementor-spacer-inner\"><\/div>\n\t\t<\/div>\n\t\t\t\t<\/div>\n\t\t\t\t<\/div>\n\t\t\t\t<div class=\"elementor-element elementor-element-3398b3c elementor-widget elementor-widget-image\" data-id=\"3398b3c\" data-element_type=\"widget\" data-widget_type=\"image.default\">\n\t\t\t\t<div class=\"elementor-widget-container\">\n\t\t\t\t\t\t\t\t\t\t<figure class=\"wp-caption\">\n\t\t\t\t\t\t\t\t\t\t<img fetchpriority=\"high\" decoding=\"async\" width=\"594\" height=\"594\" src=\"https:\/\/sites.usp.br\/ouvidoresdevozes\/wp-content\/uploads\/sites\/997\/2021\/08\/creditos-de-imagem-para-Michael-S.-Helfenbein.jpg\" class=\"attachment-large size-large wp-image-842\" alt=\"\" srcset=\"https:\/\/sites.usp.br\/ouvidoresdevozes\/wp-content\/uploads\/sites\/997\/2021\/08\/creditos-de-imagem-para-Michael-S.-Helfenbein.jpg 594w, https:\/\/sites.usp.br\/ouvidoresdevozes\/wp-content\/uploads\/sites\/997\/2021\/08\/creditos-de-imagem-para-Michael-S.-Helfenbein-300x300.jpg 300w, https:\/\/sites.usp.br\/ouvidoresdevozes\/wp-content\/uploads\/sites\/997\/2021\/08\/creditos-de-imagem-para-Michael-S.-Helfenbein-150x150.jpg 150w, https:\/\/sites.usp.br\/ouvidoresdevozes\/wp-content\/uploads\/sites\/997\/2021\/08\/creditos-de-imagem-para-Michael-S.-Helfenbein-45x45.jpg 45w, https:\/\/sites.usp.br\/ouvidoresdevozes\/wp-content\/uploads\/sites\/997\/2021\/08\/creditos-de-imagem-para-Michael-S.-Helfenbein-200x200.jpg 200w, https:\/\/sites.usp.br\/ouvidoresdevozes\/wp-content\/uploads\/sites\/997\/2021\/08\/creditos-de-imagem-para-Michael-S.-Helfenbein-400x400.jpg 400w\" sizes=\"(max-width: 594px) 100vw, 594px\" \/>\t\t\t\t\t\t\t\t\t\t\t<figcaption class=\"widget-image-caption wp-caption-text\">(Cr\u00e9ditos de imagem para Michael S. Helfenbein)<\/figcaption>\n\t\t\t\t\t\t\t\t\t\t<\/figure>\n\t\t\t\t\t\t\t<\/div>\n\t\t\t\t<\/div>\n\t\t\t\t\t<\/div>\n\t\t<\/div>\n\t\t\t\t<div class=\"elementor-column elementor-col-66 elementor-top-column elementor-element elementor-element-201e5f5\" data-id=\"201e5f5\" data-element_type=\"column\">\n\t\t\t<div class=\"elementor-widget-wrap elementor-element-populated\">\n\t\t\t\t\t\t<div class=\"elementor-element elementor-element-7acb9ee elementor-widget elementor-widget-spacer\" data-id=\"7acb9ee\" data-element_type=\"widget\" data-widget_type=\"spacer.default\">\n\t\t\t\t<div class=\"elementor-widget-container\">\n\t\t\t\t\t<div class=\"elementor-spacer\">\n\t\t\t<div class=\"elementor-spacer-inner\"><\/div>\n\t\t<\/div>\n\t\t\t\t<\/div>\n\t\t\t\t<\/div>\n\t\t\t\t<div class=\"elementor-element elementor-element-966368e elementor-widget elementor-widget-text-editor\" data-id=\"966368e\" data-element_type=\"widget\" data-widget_type=\"text-editor.default\">\n\t\t\t\t<div class=\"elementor-widget-container\">\n\t\t\t\t\t\t\t<p><span style=\"font-size: 15px; font-weight: 400; color: var( --e-global-color-text );\">Em rela\u00e7\u00e3o \u00e0s caracter\u00edsticas das experi\u00eancias, partimos que estas s\u00e3o heterog\u00eaneas e possuem representa\u00e7\u00f5es amplas. Ao falarmos da experi\u00eancia das vozes, devemos compreend\u00ea-las com algo inteiramente privado, ou seja, faz parte da vida de cada um de n\u00f3s.<\/span><\/p><p><span style=\"font-weight: 400;\">Existem diferentes tipos de vozes: vozes de comando, vozes companheiras, vozes amea\u00e7adoras, vozes divinas, vozes que s\u00e3o dif\u00edceis de identificar, experi\u00eancias musicais, vozes engra\u00e7adas, entre outras. Cada um tem uma experi\u00eancia diferente com as vozes ou com as vis\u00f5es.\u00a0 As vozes podem estar dentro ou fora da nossa cabe\u00e7a, podem vir de outra parte do corpo ou estar no mundo exterior (Baker, 2009). <\/span><\/p>\t\t\t\t\t\t<\/div>\n\t\t\t\t<\/div>\n\t\t\t\t<div class=\"elementor-element elementor-element-3c16334 elementor-widget elementor-widget-text-editor\" data-id=\"3c16334\" data-element_type=\"widget\" data-widget_type=\"text-editor.default\">\n\t\t\t\t<div class=\"elementor-widget-container\">\n\t\t\t\t\t\t\t<p>\u00a0<\/p><p><span style=\"font-weight: 400;\">Algumas pessoas t\u00eam experi\u00eancias n\u00e3o verbais, como vis\u00f5es, imagens, sentem gosto ou cheiro e podem vivenciar ainda sensa\u00e7\u00f5es corporais como, toque, sensa\u00e7\u00e3o de frio ou calor.<\/span><\/p><p>\u00a0<\/p>\t\t\t\t\t\t<\/div>\n\t\t\t\t<\/div>\n\t\t\t\t\t<\/div>\n\t\t<\/div>\n\t\t\t\t\t<\/div>\n\t\t<\/section>\n\t\t\t\t<section class=\"elementor-section elementor-top-section elementor-element elementor-element-ad9f3df elementor-section-boxed elementor-section-height-default elementor-section-height-default\" data-id=\"ad9f3df\" data-element_type=\"section\">\n\t\t\t\t\t\t<div class=\"elementor-container elementor-column-gap-default\">\n\t\t\t\t\t<div class=\"elementor-column elementor-col-100 elementor-top-column elementor-element elementor-element-62d1223\" data-id=\"62d1223\" data-element_type=\"column\">\n\t\t\t<div class=\"elementor-widget-wrap elementor-element-populated\">\n\t\t\t\t\t\t<div class=\"elementor-element elementor-element-e432985 elementor-widget elementor-widget-spacer\" data-id=\"e432985\" data-element_type=\"widget\" data-widget_type=\"spacer.default\">\n\t\t\t\t<div class=\"elementor-widget-container\">\n\t\t\t\t\t<div class=\"elementor-spacer\">\n\t\t\t<div class=\"elementor-spacer-inner\"><\/div>\n\t\t<\/div>\n\t\t\t\t<\/div>\n\t\t\t\t<\/div>\n\t\t\t\t<div class=\"elementor-element elementor-element-b267c96 elementor-widget elementor-widget-heading\" data-id=\"b267c96\" data-element_type=\"widget\" data-widget_type=\"heading.default\">\n\t\t\t\t<div class=\"elementor-widget-container\">\n\t\t\t<h2 class=\"elementor-heading-title elementor-size-default\">\nO que as vozes querem dizer?<\/h2>\t\t<\/div>\n\t\t\t\t<\/div>\n\t\t\t\t<div class=\"elementor-element elementor-element-2bbec8d elementor-widget elementor-widget-spacer\" data-id=\"2bbec8d\" data-element_type=\"widget\" data-widget_type=\"spacer.default\">\n\t\t\t\t<div class=\"elementor-widget-container\">\n\t\t\t\t\t<div class=\"elementor-spacer\">\n\t\t\t<div class=\"elementor-spacer-inner\"><\/div>\n\t\t<\/div>\n\t\t\t\t<\/div>\n\t\t\t\t<\/div>\n\t\t\t\t\t<\/div>\n\t\t<\/div>\n\t\t\t\t\t<\/div>\n\t\t<\/section>\n\t\t\t\t<section class=\"elementor-section elementor-top-section elementor-element elementor-element-b3a69d8 elementor-section-boxed elementor-section-height-default elementor-section-height-default\" data-id=\"b3a69d8\" data-element_type=\"section\">\n\t\t\t\t\t\t<div class=\"elementor-container elementor-column-gap-default\">\n\t\t\t\t\t<div class=\"elementor-column elementor-col-66 elementor-top-column elementor-element elementor-element-39143d7\" data-id=\"39143d7\" data-element_type=\"column\">\n\t\t\t<div class=\"elementor-widget-wrap elementor-element-populated\">\n\t\t\t\t\t\t<div class=\"elementor-element elementor-element-63626f5 elementor-widget elementor-widget-text-editor\" data-id=\"63626f5\" data-element_type=\"widget\" data-widget_type=\"text-editor.default\">\n\t\t\t\t<div class=\"elementor-widget-container\">\n\t\t\t\t\t\t\t<p><span style=\"font-weight: 400;\">Paul Baker sempre diz que as vozes s\u00e3o mensageiras. Elas geralmente carregam uma mensagem de algo que est\u00e1 acontecendo dentro de n\u00f3s. Por exemplo, muitas vezes quando ficamos nervosos com algo que nos aconteceu, \u00e9 comum as vozes estarem mais ativas ou agressivas.\u00a0<\/span><\/p><p><span style=\"font-weight: 400;\">Mas \u00e9 importante que cada um tente entender a sua voz. <\/span><\/p><p><span style=\"font-weight: 400;\">Como cada um tem uma experi\u00eancia singular, nem sempre isso se aplicar\u00e1 para todos. <\/span><\/p>\t\t\t\t\t\t<\/div>\n\t\t\t\t<\/div>\n\t\t\t\t\t<\/div>\n\t\t<\/div>\n\t\t\t\t<div class=\"elementor-column elementor-col-33 elementor-top-column elementor-element elementor-element-f94740e\" data-id=\"f94740e\" data-element_type=\"column\">\n\t\t\t<div class=\"elementor-widget-wrap elementor-element-populated\">\n\t\t\t\t\t\t<div class=\"elementor-element elementor-element-7771314 elementor-widget elementor-widget-image\" data-id=\"7771314\" data-element_type=\"widget\" data-widget_type=\"image.default\">\n\t\t\t\t<div class=\"elementor-widget-container\">\n\t\t\t\t\t\t\t\t\t\t<figure class=\"wp-caption\">\n\t\t\t\t\t\t\t\t\t\t<img decoding=\"async\" width=\"760\" height=\"506\" src=\"https:\/\/sites.usp.br\/ouvidoresdevozes\/wp-content\/uploads\/sites\/997\/2022\/01\/credito-de-imagem-para-TATIANA-AYAZO.jpg\" class=\"attachment-large size-large wp-image-1552\" alt=\"\" srcset=\"https:\/\/sites.usp.br\/ouvidoresdevozes\/wp-content\/uploads\/sites\/997\/2022\/01\/credito-de-imagem-para-TATIANA-AYAZO.jpg 760w, https:\/\/sites.usp.br\/ouvidoresdevozes\/wp-content\/uploads\/sites\/997\/2022\/01\/credito-de-imagem-para-TATIANA-AYAZO-300x200.jpg 300w, https:\/\/sites.usp.br\/ouvidoresdevozes\/wp-content\/uploads\/sites\/997\/2022\/01\/credito-de-imagem-para-TATIANA-AYAZO-272x182.jpg 272w, https:\/\/sites.usp.br\/ouvidoresdevozes\/wp-content\/uploads\/sites\/997\/2022\/01\/credito-de-imagem-para-TATIANA-AYAZO-400x266.jpg 400w\" sizes=\"(max-width: 760px) 100vw, 760px\" \/>\t\t\t\t\t\t\t\t\t\t\t<figcaption class=\"widget-image-caption wp-caption-text\">(Cr\u00e9dito de imagem para Tatiana Ayazo)<\/figcaption>\n\t\t\t\t\t\t\t\t\t\t<\/figure>\n\t\t\t\t\t\t\t<\/div>\n\t\t\t\t<\/div>\n\t\t\t\t\t<\/div>\n\t\t<\/div>\n\t\t\t\t\t<\/div>\n\t\t<\/section>\n\t\t\t\t<\/div>\n\t\t","protected":false},"excerpt":{"rendered":"<p>Tipos de vozes (Cr\u00e9ditos de imagem para Michael S. Helfenbein) Em rela\u00e7\u00e3o \u00e0s caracter\u00edsticas das experi\u00eancias, partimos que estas s\u00e3o heterog\u00eaneas e possuem representa\u00e7\u00f5es amplas. Ao falarmos da experi\u00eancia das vozes, devemos compreend\u00ea-las com algo inteiramente privado, ou seja, faz parte da vida de cada um de n\u00f3s. Existem diferentes tipos de vozes: vozes de [&hellip;]<\/p>\n","protected":false},"author":22558,"featured_media":0,"parent":0,"menu_order":0,"comment_status":"closed","ping_status":"closed","template":"elementor_header_footer","meta":{"footnotes":"","_links_to":"","_links_to_target":""},"class_list":["post-702","page","type-page","status-publish","hentry","entry"],"_links":{"self":[{"href":"https:\/\/sites.usp.br\/ouvidoresdevozes\/wp-json\/wp\/v2\/pages\/702","targetHints":{"allow":["GET"]}}],"collection":[{"href":"https:\/\/sites.usp.br\/ouvidoresdevozes\/wp-json\/wp\/v2\/pages"}],"about":[{"href":"https:\/\/sites.usp.br\/ouvidoresdevozes\/wp-json\/wp\/v2\/types\/page"}],"author":[{"embeddable":true,"href":"https:\/\/sites.usp.br\/ouvidoresdevozes\/wp-json\/wp\/v2\/users\/22558"}],"replies":[{"embeddable":true,"href":"https:\/\/sites.usp.br\/ouvidoresdevozes\/wp-json\/wp\/v2\/comments?post=702"}],"version-history":[{"count":4,"href":"https:\/\/sites.usp.br\/ouvidoresdevozes\/wp-json\/wp\/v2\/pages\/702\/revisions"}],"predecessor-version":[{"id":1641,"href":"https:\/\/sites.usp.br\/ouvidoresdevozes\/wp-json\/wp\/v2\/pages\/702\/revisions\/1641"}],"wp:attachment":[{"href":"https:\/\/sites.usp.br\/ouvidoresdevozes\/wp-json\/wp\/v2\/media?parent=702"}],"curies":[{"name":"wp","href":"https:\/\/api.w.org\/{rel}","templated":true}]}}