{"id":709,"date":"2021-08-27T14:28:15","date_gmt":"2021-08-27T16:28:15","guid":{"rendered":"https:\/\/sites.usp.br\/ouvidoresdevozes\/?page_id=709"},"modified":"2021-12-09T15:02:26","modified_gmt":"2021-12-09T17:02:26","slug":"movinternacionaldeouvidoresdevozes","status":"publish","type":"page","link":"https:\/\/sites.usp.br\/ouvidoresdevozes\/movinternacionaldeouvidoresdevozes\/","title":{"rendered":"Intervoice"},"content":{"rendered":"\t\t<div data-elementor-type=\"wp-page\" data-elementor-id=\"709\" class=\"elementor elementor-709\" data-elementor-post-type=\"page\">\n\t\t\t\t\t\t<section class=\"elementor-section elementor-top-section elementor-element elementor-element-636fa973 elementor-section-boxed elementor-section-height-default elementor-section-height-default\" data-id=\"636fa973\" data-element_type=\"section\">\n\t\t\t\t\t\t<div class=\"elementor-container elementor-column-gap-default\">\n\t\t\t\t\t<div class=\"elementor-column elementor-col-100 elementor-top-column elementor-element elementor-element-417fbfa8\" data-id=\"417fbfa8\" data-element_type=\"column\">\n\t\t\t<div class=\"elementor-widget-wrap elementor-element-populated\">\n\t\t\t\t\t\t<div class=\"elementor-element elementor-element-632f8c4 elementor-widget elementor-widget-spacer\" data-id=\"632f8c4\" data-element_type=\"widget\" data-widget_type=\"spacer.default\">\n\t\t\t\t<div class=\"elementor-widget-container\">\n\t\t\t\t\t<div class=\"elementor-spacer\">\n\t\t\t<div class=\"elementor-spacer-inner\"><\/div>\n\t\t<\/div>\n\t\t\t\t<\/div>\n\t\t\t\t<\/div>\n\t\t\t\t<div class=\"elementor-element elementor-element-906d863 elementor-widget elementor-widget-heading\" data-id=\"906d863\" data-element_type=\"widget\" data-widget_type=\"heading.default\">\n\t\t\t\t<div class=\"elementor-widget-container\">\n\t\t\t<h2 class=\"elementor-heading-title elementor-size-default\">Movimento Internacional dos Ouvidores de Vozes<\/h2>\t\t<\/div>\n\t\t\t\t<\/div>\n\t\t\t\t<div class=\"elementor-element elementor-element-6cee9df elementor-widget elementor-widget-spacer\" data-id=\"6cee9df\" data-element_type=\"widget\" data-widget_type=\"spacer.default\">\n\t\t\t\t<div class=\"elementor-widget-container\">\n\t\t\t\t\t<div class=\"elementor-spacer\">\n\t\t\t<div class=\"elementor-spacer-inner\"><\/div>\n\t\t<\/div>\n\t\t\t\t<\/div>\n\t\t\t\t<\/div>\n\t\t\t\t<div class=\"elementor-element elementor-element-4960fba3 elementor-widget elementor-widget-text-editor\" data-id=\"4960fba3\" data-element_type=\"widget\" data-widget_type=\"text-editor.default\">\n\t\t\t\t<div class=\"elementor-widget-container\">\n\t\t\t\t\t\t\t<p><span style=\"font-weight: 400;\">Uma mudan\u00e7a importante sobre a maneira como entendemos a audi\u00e7\u00e3o de vozes partiu do Movimento Internacional de Ouvidores de Vozes. <\/span><\/p><p><span style=\"font-weight: 400;\">O Movimento Internacional dos Ouvidores de Vozes (Hearing Voices Movement &#8211; HVM) nasceu na Holanda nos anos 1980 a partir da colabora\u00e7\u00e3o entre o psiquiatra Marius Romme e a ouvidora de vozes, Patsy Hage.<\/span><\/p><p><span style=\"font-weight: 400;\">Mesmo fazendo uso de diferentes terap\u00eauticas, Patsy continuava ouvindo vozes. Ela estava em busca de novas maneiras de conviver com a sua experi\u00eancia.\u00a0<\/span><span style=\"font-size: 14px; font-weight: 400; color: var( --e-global-color-text );\">\u00a0<\/span><\/p>\t\t\t\t\t\t<\/div>\n\t\t\t\t<\/div>\n\t\t\t\t<div class=\"elementor-element elementor-element-b80d16c elementor-widget elementor-widget-image\" data-id=\"b80d16c\" data-element_type=\"widget\" data-widget_type=\"image.default\">\n\t\t\t\t<div class=\"elementor-widget-container\">\n\t\t\t\t\t\t\t\t\t\t<figure class=\"wp-caption\">\n\t\t\t\t\t\t\t\t\t\t<img fetchpriority=\"high\" decoding=\"async\" width=\"1024\" height=\"576\" src=\"https:\/\/sites.usp.br\/ouvidoresdevozes\/wp-content\/uploads\/sites\/997\/2021\/09\/entrevista-1024x576.jpg\" class=\"attachment-large size-large wp-image-1129\" alt=\"\" srcset=\"https:\/\/sites.usp.br\/ouvidoresdevozes\/wp-content\/uploads\/sites\/997\/2021\/09\/entrevista-1024x576.jpg 1024w, https:\/\/sites.usp.br\/ouvidoresdevozes\/wp-content\/uploads\/sites\/997\/2021\/09\/entrevista-300x169.jpg 300w, https:\/\/sites.usp.br\/ouvidoresdevozes\/wp-content\/uploads\/sites\/997\/2021\/09\/entrevista-768x432.jpg 768w, https:\/\/sites.usp.br\/ouvidoresdevozes\/wp-content\/uploads\/sites\/997\/2021\/09\/entrevista-310x174.jpg 310w, https:\/\/sites.usp.br\/ouvidoresdevozes\/wp-content\/uploads\/sites\/997\/2021\/09\/entrevista-400x225.jpg 400w, https:\/\/sites.usp.br\/ouvidoresdevozes\/wp-content\/uploads\/sites\/997\/2021\/09\/entrevista.jpg 1280w\" sizes=\"(max-width: 1024px) 100vw, 1024px\" \/>\t\t\t\t\t\t\t\t\t\t\t<figcaption class=\"widget-image-caption wp-caption-text\">(Marius Romme e Patsy Hage em entrevista com Sonja Barend - 1987)<\/figcaption>\n\t\t\t\t\t\t\t\t\t\t<\/figure>\n\t\t\t\t\t\t\t<\/div>\n\t\t\t\t<\/div>\n\t\t\t\t<div class=\"elementor-element elementor-element-ccd37ae elementor-widget elementor-widget-spacer\" data-id=\"ccd37ae\" data-element_type=\"widget\" data-widget_type=\"spacer.default\">\n\t\t\t\t<div class=\"elementor-widget-container\">\n\t\t\t\t\t<div class=\"elementor-spacer\">\n\t\t\t<div class=\"elementor-spacer-inner\"><\/div>\n\t\t<\/div>\n\t\t\t\t<\/div>\n\t\t\t\t<\/div>\n\t\t\t\t<div class=\"elementor-element elementor-element-3239027 elementor-widget elementor-widget-text-editor\" data-id=\"3239027\" data-element_type=\"widget\" data-widget_type=\"text-editor.default\">\n\t\t\t\t<div class=\"elementor-widget-container\">\n\t\t\t\t\t\t\t<p>Em parceria e em colabora\u00e7\u00e3o com outras pessoas que tinham a mesma experi\u00eancia, deram in\u00edcio ao Movimento de Ouvidores de Vozes.\u00a0<\/p><p>O Movimento valoriza a experi\u00eancia de audi\u00e7\u00e3o das vozes como um fen\u00f4meno significativo dentro do contexto de vida das pessoas e incentiva que cada um tenha caminhos alternativos para lidar.\u00a0<\/p><p>Ao compreender que <b>diferentes pessoas atribuem diferentes significados <\/b>para as suas experi\u00eancias com as vozes, o Movimento trouxe uma mudan\u00e7a na forma como se entendia as vozes at\u00e9 ent\u00e3o e prop\u00f4s alguns princ\u00edpios ou valores fundamentais.<\/p><p><span style=\"font-weight: 400;\">Dentre os princ\u00edpios\/valores que constroem o movimento est\u00e3o:\u00a0<\/span><\/p><ul><li style=\"font-weight: 400;\" aria-level=\"1\"><span style=\"font-weight: 400;\">reconhecer que a experi\u00eancia de ouvir vozes n\u00e3o \u00e9 um sinal de doen\u00e7a;\u00a0<\/span><\/li><li style=\"font-weight: 400;\" aria-level=\"1\"><span style=\"font-weight: 400;\">trata a experi\u00eancia de ouvir vozes como algo natural na experi\u00eancia humana, considerando que todos n\u00f3s temos o potencial para ouv\u00ed-las;<\/span><\/li><li style=\"font-weight: 400;\" aria-level=\"1\"><span style=\"font-weight: 400;\">a audi\u00e7\u00e3o de vozes est\u00e1 frequentemente relacionada a quest\u00f5es socioemocionais presentes na hist\u00f3ria de vida do indiv\u00edduo, por isso \u00e9 importante compreender a experi\u00eancia dentro dos contextos de vida de cada pessoa;<\/span><\/li><li style=\"font-weight: 400;\" aria-level=\"1\"><span style=\"font-weight: 400;\">as pessoas podem aprender a lidar com as suas vozes e mudar seu relacionamento com elas;\u00a0<\/span><\/li><li style=\"font-weight: 400;\" aria-level=\"1\"><span style=\"font-weight: 400;\">aceitar a audi\u00e7\u00e3o de vozes como realidade subjetiva a cada pessoa, aumenta a possibilidade de manejo da experi\u00eancia;<\/span><\/li><li style=\"font-weight: 400;\" aria-level=\"1\"><span style=\"font-weight: 400;\">aceitar que pessoas diferentes d\u00e3o sentidos diferentes para suas vozes;\u00a0<\/span><\/li><li style=\"font-weight: 400;\" aria-level=\"1\"><span style=\"font-weight: 400;\">grupos de pares s\u00e3o espa\u00e7os seguros onde as pessoas podem falar abertamente sobre suas experi\u00eancias, as pessoas podem construir novos sentidos sobre as vozes al\u00e9m de possibilitar a troca de estrat\u00e9gias em situa\u00e7\u00f5es mais desafiadoras.<\/span><\/li><\/ul>\t\t\t\t\t\t<\/div>\n\t\t\t\t<\/div>\n\t\t\t\t<div class=\"elementor-element elementor-element-c63ce1f elementor-widget elementor-widget-spacer\" data-id=\"c63ce1f\" data-element_type=\"widget\" data-widget_type=\"spacer.default\">\n\t\t\t\t<div class=\"elementor-widget-container\">\n\t\t\t\t\t<div class=\"elementor-spacer\">\n\t\t\t<div class=\"elementor-spacer-inner\"><\/div>\n\t\t<\/div>\n\t\t\t\t<\/div>\n\t\t\t\t<\/div>\n\t\t\t\t\t<\/div>\n\t\t<\/div>\n\t\t\t\t\t<\/div>\n\t\t<\/section>\n\t\t\t\t<\/div>\n\t\t","protected":false},"excerpt":{"rendered":"<p>Movimento Internacional dos Ouvidores de Vozes Uma mudan\u00e7a importante sobre a maneira como entendemos a audi\u00e7\u00e3o de vozes partiu do Movimento Internacional de Ouvidores de Vozes. O Movimento Internacional dos Ouvidores de Vozes (Hearing Voices Movement &#8211; HVM) nasceu na Holanda nos anos 1980 a partir da colabora\u00e7\u00e3o entre o psiquiatra Marius Romme e a [&hellip;]<\/p>\n","protected":false},"author":22558,"featured_media":0,"parent":0,"menu_order":0,"comment_status":"closed","ping_status":"closed","template":"elementor_header_footer","meta":{"footnotes":"","_links_to":"","_links_to_target":""},"class_list":["post-709","page","type-page","status-publish","hentry","entry"],"_links":{"self":[{"href":"https:\/\/sites.usp.br\/ouvidoresdevozes\/wp-json\/wp\/v2\/pages\/709","targetHints":{"allow":["GET"]}}],"collection":[{"href":"https:\/\/sites.usp.br\/ouvidoresdevozes\/wp-json\/wp\/v2\/pages"}],"about":[{"href":"https:\/\/sites.usp.br\/ouvidoresdevozes\/wp-json\/wp\/v2\/types\/page"}],"author":[{"embeddable":true,"href":"https:\/\/sites.usp.br\/ouvidoresdevozes\/wp-json\/wp\/v2\/users\/22558"}],"replies":[{"embeddable":true,"href":"https:\/\/sites.usp.br\/ouvidoresdevozes\/wp-json\/wp\/v2\/comments?post=709"}],"version-history":[{"count":4,"href":"https:\/\/sites.usp.br\/ouvidoresdevozes\/wp-json\/wp\/v2\/pages\/709\/revisions"}],"predecessor-version":[{"id":1407,"href":"https:\/\/sites.usp.br\/ouvidoresdevozes\/wp-json\/wp\/v2\/pages\/709\/revisions\/1407"}],"wp:attachment":[{"href":"https:\/\/sites.usp.br\/ouvidoresdevozes\/wp-json\/wp\/v2\/media?parent=709"}],"curies":[{"name":"wp","href":"https:\/\/api.w.org\/{rel}","templated":true}]}}