{"id":291,"date":"2019-05-20T17:48:44","date_gmt":"2019-05-20T19:48:44","guid":{"rendered":"http:\/\/sites.usp.br\/padrao6\/?page_id=291"},"modified":"2023-01-19T11:34:08","modified_gmt":"2023-01-19T13:34:08","slug":"pagina-inicial-elementor","status":"publish","type":"page","link":"https:\/\/sites.usp.br\/padrao6\/","title":{"rendered":"P\u00e1gina Inicial Elementor"},"content":{"rendered":"<p><img decoding=\"async\" width=\"467\" height=\"66\" src=\"https:\/\/sites.usp.br\/padrao6\/wp-content\/uploads\/sites\/514\/2017\/03\/logo_orgao.jpg\" alt=\"\" loading=\"lazy\" srcset=\"https:\/\/sites.usp.br\/padrao6\/wp-content\/uploads\/sites\/514\/2017\/03\/logo_orgao.jpg 467w, https:\/\/sites.usp.br\/padrao6\/wp-content\/uploads\/sites\/514\/2017\/03\/logo_orgao-300x42.jpg 300w, https:\/\/sites.usp.br\/padrao6\/wp-content\/uploads\/sites\/514\/2017\/03\/logo_orgao-400x57.jpg 400w\" sizes=\"auto, (max-width: 467px) 100vw, 467px\" \/><br \/>\n\t\t\t\t\t<a target=\"_blank\" rel=\"noopener\"><br \/>\n\t\t\t\t\t\tFacebook<br \/>\n\t\t\t\t\t\t\t\t\t\t\t<\/a><br \/>\n\t\t\t\t\t<a target=\"_blank\" rel=\"noopener\"><br \/>\n\t\t\t\t\t\tTwitter<br \/>\n\t\t\t\t\t\t\t\t\t\t\t<\/a><br \/>\n\t\t\t\t\t<a target=\"_blank\" rel=\"noopener\"><br \/>\n\t\t\t\t\t\tYoutube<br \/>\n\t\t\t\t\t\t\t\t\t\t\t<\/a><br \/>\n\t\t\t\t\t<a target=\"_blank\" rel=\"noopener\"><br \/>\n\t\t\t\t\t\tInstagram<br \/>\n\t\t\t\t\t\t\t\t\t\t\t<\/a><br \/>\n\t\t\t\t\t<a target=\"_blank\" rel=\"noopener\"><br \/>\n\t\t\t\t\t\tLinkedin<br \/>\n\t\t\t\t\t\t\t\t\t\t\t<\/a><\/p>\n<figure><img decoding=\"async\" src=\"https:\/\/sites.usp.br\/padrao6\/wp-content\/uploads\/sites\/514\/2017\/04\/imagem_usp04-600x300.jpg\" alt=\"Foto: Cec\u00edlia Bastos\/USP Imagens\" \/><\/figure>\n<figure><img decoding=\"async\" src=\"https:\/\/sites.usp.br\/padrao6\/wp-content\/uploads\/sites\/514\/2019\/06\/1-600x300.jpg\" alt=\"1\" \/><\/figure>\n<figure><img decoding=\"async\" src=\"https:\/\/sites.usp.br\/padrao6\/wp-content\/uploads\/sites\/514\/2019\/06\/2-600x300.jpg\" alt=\"2\" \/><\/figure>\n<figure><img decoding=\"async\" src=\"https:\/\/sites.usp.br\/padrao6\/wp-content\/uploads\/sites\/514\/2019\/06\/3-600x300.jpg\" alt=\"Mathieu Atangana (right) and Fabrice Assomo (left) are both charcoal burners. They are moving cut trees for burning near the village of Mbedoumou, Central Region, Cameroon.      Photo by Ollivier Girard\/CIFOR    cifor.org  blog.cifor.org  If you use one of our photos, please credit it accordingly and let us know. You can reach us through our Flickr account or at: cifor-mediainfo@cgiar.org and m.edliadi@cgiar.org\" \/><\/figure>\n<p>\t\t\t\t\t\t\t\t\t\t\t\tAnterior<br \/>\n\t\t\t\t\t\t\t\t\t\t\t\tPr\u00f3ximo<br \/>\n\t\t\t\t\t\t\t\t\t\t\t\t<img decoding=\"async\" width=\"1024\" height=\"525\" src=\"https:\/\/sites.usp.br\/padrao6\/wp-content\/uploads\/sites\/514\/2017\/04\/imagem_usp02-1024x525.jpg\" alt=\"\" loading=\"lazy\" srcset=\"https:\/\/sites.usp.br\/padrao6\/wp-content\/uploads\/sites\/514\/2017\/04\/imagem_usp02-1024x525.jpg 1024w, https:\/\/sites.usp.br\/padrao6\/wp-content\/uploads\/sites\/514\/2017\/04\/imagem_usp02-300x154.jpg 300w, https:\/\/sites.usp.br\/padrao6\/wp-content\/uploads\/sites\/514\/2017\/04\/imagem_usp02-400x205.jpg 400w, https:\/\/sites.usp.br\/padrao6\/wp-content\/uploads\/sites\/514\/2017\/04\/imagem_usp02.jpg 1920w\" sizes=\"auto, (max-width: 1024px) 100vw, 1024px\" \/>\t\t\t\t\t\t\t\t\t\t\t\t\t\t<\/p>\n<p><a href=\"http:\/\/sites.usp.br\/padrao6\/destaque-1-4\/\">Destaque 1<\/a><\/p>\n<p>Vero iudico intellegat no quo, pri ut nullam omittantur. Ut paulo scribentur mel, in eam oportere. Efficiantur ad qui natum patrioque. Vim labore graeco tibique consulatu sententiae.\u00a0<a style=\"font-family: 'PT Sans', sans-serif; font-style: normal; font-weight: 400; text-align: left; background-color: #ffffff; font-size: 1.6rem;\" href=\"http:\/\/sites.usp.br\/padrao6\/destaque-1-4\/\">Leia mais<\/a>.<\/p>\n<p>\t\t\t\t\t\t\t\t\t\t\t\t<img decoding=\"async\" width=\"800\" height=\"420\" src=\"https:\/\/sites.usp.br\/padrao6\/wp-content\/uploads\/sites\/514\/2019\/06\/2.jpg\" alt=\"\" loading=\"lazy\" srcset=\"https:\/\/sites.usp.br\/padrao6\/wp-content\/uploads\/sites\/514\/2019\/06\/2.jpg 800w, https:\/\/sites.usp.br\/padrao6\/wp-content\/uploads\/sites\/514\/2019\/06\/2-300x158.jpg 300w, https:\/\/sites.usp.br\/padrao6\/wp-content\/uploads\/sites\/514\/2019\/06\/2-768x403.jpg 768w, https:\/\/sites.usp.br\/padrao6\/wp-content\/uploads\/sites\/514\/2019\/06\/2-400x210.jpg 400w\" sizes=\"auto, (max-width: 800px) 100vw, 800px\" \/>\t\t\t\t\t\t\t\t\t\t\t\t\t\t<\/p>\n<p><a href=\"http:\/\/sites.usp.br\/padrao6\/destaque-2\/\">Destaque 2<\/a><\/p>\n<p>Vero iudico intellegat no quo, pri ut nullam omittantur. Ut paulo scribentur mel, in eam oportere. Efficiantur ad qui natum patrioque. Vim labore graeco tibique consulatu sententiae.\u00a0<a style=\"font-family: 'PT Sans', sans-serif; font-style: normal; font-weight: 400; text-align: left; background-color: #ffffff; font-size: 1.6rem;\" href=\"http:\/\/sites.usp.br\/padrao6\/destaque-2\/\">Leia mais<\/a>.<\/p>\n<p>\t\t\t\t\t\t\t\t\t\t\t\t<img decoding=\"async\" width=\"1024\" height=\"525\" src=\"https:\/\/sites.usp.br\/padrao6\/wp-content\/uploads\/sites\/514\/2014\/02\/imagem_usp03a-1024x525.jpg\" alt=\"\" loading=\"lazy\" srcset=\"https:\/\/sites.usp.br\/padrao6\/wp-content\/uploads\/sites\/514\/2014\/02\/imagem_usp03a-1024x525.jpg 1024w, https:\/\/sites.usp.br\/padrao6\/wp-content\/uploads\/sites\/514\/2014\/02\/imagem_usp03a-300x154.jpg 300w, https:\/\/sites.usp.br\/padrao6\/wp-content\/uploads\/sites\/514\/2014\/02\/imagem_usp03a-400x205.jpg 400w, https:\/\/sites.usp.br\/padrao6\/wp-content\/uploads\/sites\/514\/2014\/02\/imagem_usp03a.jpg 1920w\" sizes=\"auto, (max-width: 1024px) 100vw, 1024px\" \/>\t\t\t\t\t\t\t\t\t\t\t\t\t\t<\/p>\n<p><a href=\"http:\/\/sites.usp.br\/padrao6\/destaque-3\/\">Destaque 3<\/a><\/p>\n<p>Vero iudico intellegat no quo, pri ut nullam omittantur. Ut paulo scribentur mel, in eam oportere. Efficiantur ad qui natum patrioque. Vim labore graeco tibique consulatu sententiae.\u00a0<a style=\"font-family: 'PT Sans', sans-serif; font-style: normal; font-weight: 400; text-align: left; background-color: #ffffff; font-size: 1.6rem;\" href=\"http:\/\/sites.usp.br\/padrao6\/destaque-3\/\">Leia mais<\/a>.<\/p>\n<p>https:\/\/www.youtube.com\/watch?v=P552TEOf4cU<br \/>\n\t\t\t\t\t\t\t\t\t\t\t\t<a href=\"\">Sanfona #1<\/a><\/p>\n<p>Lorem ipsum dolor sit amet, consectetur adipiscing elit. Nullam in lacus in ipsum tempor fermentum vel et leo.\u00a0<\/p>\n<p>\t\t\t\t\t\t\t\t\t\t\t\t<a href=\"\">Sanfona #2<\/a><\/p>\n<p><a href=\"https:\/\/sites.usp.br\/padrao6\/wp-content\/uploads\/sites\/514\/2019\/04\/1.jpg\"><img loading=\"lazy\" decoding=\"async\" src=\"https:\/\/sites.usp.br\/padrao6\/wp-content\/uploads\/sites\/514\/2019\/04\/1-150x150.jpg\" alt=\"\" width=\"150\" height=\"150\" \/><\/a><\/p>\n<p>\t\t\t\t\t\t\t\t\t\t\t\t<a href=\"\">Sanfona #3<\/a><\/p>\n<p><a href=\"https:\/\/sites.usp.br\/padrao6\/wp-content\/uploads\/sites\/514\/2019\/04\/2.jpg\"><img loading=\"lazy\" decoding=\"async\" src=\"https:\/\/sites.usp.br\/padrao6\/wp-content\/uploads\/sites\/514\/2019\/04\/2-150x150.jpg\" alt=\"\" width=\"150\" height=\"150\" \/><\/a><\/p>\n<p>\t\t\t\t\t\t\t\t\t\t\t\t<a href=\"\">Sanfona #4<\/a><\/p>\n<p>Lorem ipsum dolor sit amet, consectetur adipiscing elit. Nullam in lacus in ipsum tempor fermentum vel et leo. Mauris et ipsum non elit facilisis rutrum. Pellentesque iaculis nisl ac mauris tempus euismod. Mauris ac tempus metus. In vestibulum lectus vel dolor convallis varius. Class aptent taciti sociosqu ad litora torquent per conubia nostra, per inceptos himenaeos. Sed maximus consectetur diam, at aliquam ante sollicitudin sed. Ut fringilla ipsum ipsum, sed dictum risus interdum vel. Aliquam euismod euismod eros, sit amet pulvinar sapien vestibulum at. Nulla quis posuere neque. Donec rutrum placerat mauris ut tristique. Donec quis nulla lacus.<br \/>Phasellus nec faucibus ligula. Mauris eu justo tincidunt, sodales purus sit amet, rhoncus velit. Morbi auctor ex sit amet arcu dignissim, in sodales magna gravida. Nullam ultrices condimentum diam faucibus elementum. Suspendisse non imperdiet mi. Nunc vitae mi vitae orci facilisis pharetra quis quis felis. Curabitur tempor risus vitae ipsum fringilla gravida. Ut quis efficitur ex. Donec hendrerit non erat a mollis. Fusce consectetur consequat tempor. Maecenas convallis lorem massa, eget pellentesque ante sodales at. Maecenas justo turpis, pulvinar pellentesque elementum nec, tempus eu tellus. Sed mollis lectus nec sem mollis convallis. Phasellus elementum feugiat scelerisque. Nunc interdum luctus nisl, in pulvinar mauris.<\/p>\n<p>\t\t\t\t\t\t\t\t\t\t\t\t<a href=\"\">Item #1<\/a><br \/>\n\t\t\t\t\tClique no bot\u00e3o de edi\u00e7\u00e3o para alterar esse texto. Lorem ipsum dolor sit amet, consectetur adipiscing elit. Ut elit tellus, luctus nec ullamcorper mattis, pulvinar dapibus leo.<br \/>\n\t\t\t\t\t\t\t\t\t\t\t\t<a href=\"\">Item 2<\/a><br \/>\n\t\t\t\t\tClique no bot\u00e3o de edi\u00e7\u00e3o para alterar esse texto. Lorem ipsum dolor sit amet, consectetur adipiscing elit. Ut elit tellus, luctus nec ullamcorper mattis, pulvinar dapibus leo.<br \/>\n\t\t\t\t\t\t\t\t\t\t\t\t<a href=\"\">Item 3<\/a><br \/>\n\t\t\t\t\tAlternar conte\u00fado<\/p>\n<p><strong>Nome da Unidade<\/strong><br \/>Endere\u00e7o:<br \/>Cidade Universit\u00e1ria &#8211; Butant\u00e3<br \/>S\u00e3o Paulo &#8211; SP<br \/>CEP 00000-00<\/p>\n<p>\t\t\t\t\t\t\t\t\t\t\t\t\t<a href=\"https:\/\/www.usp.br\"><br \/>\n\t\t\t\t\t\t\t<img decoding=\"async\" width=\"90\" height=\"44\" src=\"https:\/\/sites.usp.br\/padrao6\/wp-content\/uploads\/sites\/514\/2017\/04\/logo_usp_bco_150px.png\" alt=\"\" loading=\"lazy\" \/>\t\t\t\t\t\t\t\t<\/a><br \/>\n\t\t\t\t\t<a target=\"_blank\" rel=\"noopener\"><br \/>\n\t\t\t\t\t\tFacebook<br \/>\n\t\t\t\t\t\t\t\t\t\t\t<\/a><br \/>\n\t\t\t\t\t<a target=\"_blank\" rel=\"noopener\"><br \/>\n\t\t\t\t\t\tTwitter<br \/>\n\t\t\t\t\t\t\t\t\t\t\t<\/a><br \/>\n\t\t\t\t\t<a target=\"_blank\" rel=\"noopener\"><br \/>\n\t\t\t\t\t\tInstagram<br \/>\n\t\t\t\t\t\t\t\t\t\t\t<\/a><br \/>\n\t\t\t\t\t<a target=\"_blank\" rel=\"noopener\"><br \/>\n\t\t\t\t\t\tYoutube<br \/>\n\t\t\t\t\t\t\t\t\t\t\t<\/a><\/p>\n","protected":false},"excerpt":{"rendered":"<p>Facebook Twitter Youtube Instagram Linkedin Anterior Pr\u00f3ximo Destaque 1 Vero iudico intellegat no quo, pri ut nullam omittantur. Ut paulo scribentur mel, in eam oportere. Efficiantur ad qui natum patrioque. Vim labore graeco tibique consulatu sententiae.\u00a0Leia mais. Destaque 2 Vero iudico intellegat no quo, pri ut nullam omittantur. Ut paulo scribentur mel, in eam oportere. [&hellip;]<\/p>\n","protected":false},"author":1,"featured_media":0,"parent":0,"menu_order":0,"comment_status":"closed","ping_status":"closed","template":"elementor_canvas","meta":{"footnotes":"","_links_to":"","_links_to_target":""},"class_list":["post-291","page","type-page","status-publish","hentry","entry"],"_links":{"self":[{"href":"https:\/\/sites.usp.br\/padrao6\/wp-json\/wp\/v2\/pages\/291","targetHints":{"allow":["GET"]}}],"collection":[{"href":"https:\/\/sites.usp.br\/padrao6\/wp-json\/wp\/v2\/pages"}],"about":[{"href":"https:\/\/sites.usp.br\/padrao6\/wp-json\/wp\/v2\/types\/page"}],"author":[{"embeddable":true,"href":"https:\/\/sites.usp.br\/padrao6\/wp-json\/wp\/v2\/users\/1"}],"replies":[{"embeddable":true,"href":"https:\/\/sites.usp.br\/padrao6\/wp-json\/wp\/v2\/comments?post=291"}],"version-history":[{"count":4,"href":"https:\/\/sites.usp.br\/padrao6\/wp-json\/wp\/v2\/pages\/291\/revisions"}],"predecessor-version":[{"id":498,"href":"https:\/\/sites.usp.br\/padrao6\/wp-json\/wp\/v2\/pages\/291\/revisions\/498"}],"wp:attachment":[{"href":"https:\/\/sites.usp.br\/padrao6\/wp-json\/wp\/v2\/media?parent=291"}],"curies":[{"name":"wp","href":"https:\/\/api.w.org\/{rel}","templated":true}]}}