{"id":372,"date":"2019-06-05T11:36:26","date_gmt":"2019-06-05T13:36:26","guid":{"rendered":"http:\/\/sites.usp.br\/padrao6\/?page_id=372"},"modified":"2019-06-05T11:37:30","modified_gmt":"2019-06-05T13:37:30","slug":"pesquisa-programas","status":"publish","type":"page","link":"https:\/\/sites.usp.br\/padrao6\/pesquisa-programas\/","title":{"rendered":"Pesquisa\/Programas"},"content":{"rendered":"<p><img loading=\"lazy\" decoding=\"async\" width=\"467\" height=\"66\" src=\"https:\/\/sites.usp.br\/padrao6\/wp-content\/uploads\/sites\/514\/2017\/03\/logo_orgao.jpg\" alt=\"\" srcset=\"https:\/\/sites.usp.br\/padrao6\/wp-content\/uploads\/sites\/514\/2017\/03\/logo_orgao.jpg 467w, https:\/\/sites.usp.br\/padrao6\/wp-content\/uploads\/sites\/514\/2017\/03\/logo_orgao-300x42.jpg 300w, https:\/\/sites.usp.br\/padrao6\/wp-content\/uploads\/sites\/514\/2017\/03\/logo_orgao-400x57.jpg 400w\" sizes=\"auto, (max-width: 467px) 100vw, 467px\" \/><br \/>\n\t\t\t\t\t\t\t<a href=\"\" target=\"_blank\"><br \/>\n\t\t\t\t\tFacebook<br \/>\n\t\t\t\t<\/a><br \/>\n\t\t\t\t\t\t\t<a href=\"\" target=\"_blank\"><br \/>\n\t\t\t\t\tTwitter<br \/>\n\t\t\t\t<\/a><br \/>\n\t\t\t\t\t\t\t<a href=\"\" target=\"_blank\"><br \/>\n\t\t\t\t\tYoutube<br \/>\n\t\t\t\t<\/a><br \/>\n\t\t\t\t\t\t\t<a href=\"\" target=\"_blank\"><br \/>\n\t\t\t\t\tInstagram<br \/>\n\t\t\t\t<\/a><br \/>\n\t\t\t\t\t\t\t<a href=\"\" target=\"_blank\"><br \/>\n\t\t\t\t\tLinkedin<br \/>\n\t\t\t\t<\/a><\/p>\n<h1>Pesquisa\/Programas<\/h1>\n<p><strong>Nome da Unidade<\/strong><br \/>Endere\u00e7o:<br \/>Cidade Universit\u00e1ria &#8211; Butant\u00e3<br \/>S\u00e3o Paulo &#8211; SP<br \/>CEP 00000-00<\/p>\n<p>\t\t\t\t\t\t\t\t\t\t\t<a href=\"https:\/\/www.usp.br\" data-elementor-open-lightbox=\"\"><br \/>\n\t\t\t\t\t\t\t<img loading=\"lazy\" decoding=\"async\" width=\"90\" height=\"44\" src=\"https:\/\/sites.usp.br\/padrao6\/wp-content\/uploads\/sites\/514\/2017\/04\/logo_usp_bco_150px.png\" alt=\"\" \/>\t\t\t\t\t\t\t\t<\/a><br \/>\n\t\t\t\t\t\t\t<a href=\"\" target=\"_blank\"><br \/>\n\t\t\t\t\tFacebook<br \/>\n\t\t\t\t<\/a><br \/>\n\t\t\t\t\t\t\t<a href=\"\" target=\"_blank\"><br \/>\n\t\t\t\t\tTwitter<br \/>\n\t\t\t\t<\/a><br \/>\n\t\t\t\t\t\t\t<a href=\"\" target=\"_blank\"><br \/>\n\t\t\t\t\tInstagram<br \/>\n\t\t\t\t<\/a><br \/>\n\t\t\t\t\t\t\t<a href=\"\" target=\"_blank\"><br \/>\n\t\t\t\t\tYoutube<br \/>\n\t\t\t\t<\/a><\/p>\n","protected":false},"excerpt":{"rendered":"<p>Facebook Twitter Youtube Instagram Linkedin Pesquisa\/Programas Nome da UnidadeEndere\u00e7o:Cidade Universit\u00e1ria &#8211; Butant\u00e3S\u00e3o Paulo &#8211; SPCEP 00000-00 Facebook Twitter Instagram Youtube<\/p>\n","protected":false},"author":1,"featured_media":0,"parent":0,"menu_order":0,"comment_status":"closed","ping_status":"closed","template":"elementor_canvas","meta":{"footnotes":"","_links_to":"","_links_to_target":""},"class_list":["post-372","page","type-page","status-publish","hentry","entry"],"_links":{"self":[{"href":"https:\/\/sites.usp.br\/padrao6\/wp-json\/wp\/v2\/pages\/372","targetHints":{"allow":["GET"]}}],"collection":[{"href":"https:\/\/sites.usp.br\/padrao6\/wp-json\/wp\/v2\/pages"}],"about":[{"href":"https:\/\/sites.usp.br\/padrao6\/wp-json\/wp\/v2\/types\/page"}],"author":[{"embeddable":true,"href":"https:\/\/sites.usp.br\/padrao6\/wp-json\/wp\/v2\/users\/1"}],"replies":[{"embeddable":true,"href":"https:\/\/sites.usp.br\/padrao6\/wp-json\/wp\/v2\/comments?post=372"}],"version-history":[{"count":3,"href":"https:\/\/sites.usp.br\/padrao6\/wp-json\/wp\/v2\/pages\/372\/revisions"}],"predecessor-version":[{"id":375,"href":"https:\/\/sites.usp.br\/padrao6\/wp-json\/wp\/v2\/pages\/372\/revisions\/375"}],"wp:attachment":[{"href":"https:\/\/sites.usp.br\/padrao6\/wp-json\/wp\/v2\/media?parent=372"}],"curies":[{"name":"wp","href":"https:\/\/api.w.org\/{rel}","templated":true}]}}