{"id":217,"date":"2023-10-03T20:58:38","date_gmt":"2023-10-03T23:58:38","guid":{"rendered":"https:\/\/sites.usp.br\/particulasmodais\/?page_id=217"},"modified":"2023-10-15T20:07:05","modified_gmt":"2023-10-15T23:07:05","slug":"funcao-vs-significado","status":"publish","type":"page","link":"https:\/\/sites.usp.br\/particulasmodais\/funcao-vs-significado\/","title":{"rendered":"Fun\u00e7\u00e3o vs. Significado"},"content":{"rendered":"<p><span style=\"font-weight: 400;\">Ao escolher uma PM, o\/a falante disponibiliza <\/span><b>informa\u00e7\u00f5es relevantes<\/b> <span style=\"font-weight: 400;\">(<\/span><b>pistas contextuais) <\/b><span style=\"font-weight: 400;\">para interpreta\u00e7\u00e3o da mensagem, sinalizando para o interlocutor a necessidade de acessar o seu ambiente cognitivo<\/span><span style=\"font-weight: 400;\"> (informa\u00e7\u00f5es anteriores e\/ou do contexto) <\/span><b>para interpreta\u00e7\u00e3o do enunciado<\/b><span style=\"font-weight: 400;\">. \u00c9 uma indica\u00e7\u00e3o de como interpretar a sua inten\u00e7\u00e3o comunicativa e um convite para a intera\u00e7\u00e3o (AQUINO, 2022)<\/span><\/p>\n<p><span style=\"font-weight: 400;\">Neste projeto, assim como em outros estudos, consideramos que a an\u00e1lise e ensino das PMs deve ser baseado na <\/span><b>abordagem minimalista<\/b><span style=\"font-weight: 400;\">, na qual o significado de cada PM s\u00f3 pode ser acessado por par\u00e2metros sem\u00e2ntico-lexicais dentro de um contexto espec\u00edfico (ABRAHAM, 1991; HENTSCHEL; WEYDT, 2013; DIEWALD, 2013; SCHOONJANS, 2018; AQUINO, 2020, 2023). Ao contr\u00e1rio da abordagem maximalista, minimalistas n\u00e3o tentam fornecer uma lista de defini\u00e7\u00f5es espec\u00edficas para cada PM, mas descrevem sua fun\u00e7\u00e3o comunicativa principal, sendo que o significado pragm\u00e1tico \u00e9 extra\u00eddo do contexto. <\/span><span style=\"font-weight: 400;\"><br \/>\n<\/span><span style=\"font-weight: 400;\">Vamos analisar um exemplo com doch:\u00a0<\/span><\/p>\n<p><span style=\"font-weight: 400;\">Em uma festa, Anna diz a Cl\u00e1udia que Jonas vai dar uma carona para ela, mas Jonas est\u00e1 claramente embriagado, ent\u00e3o Cl\u00e1udia diz:\u00a0<\/span><\/p>\n<p><span style=\"font-weight: 400;\">&#8220;Er ist doch betrunken!&#8221; (Mas ele est\u00e1 b\u00eabado!).\u00a0<\/span><\/p>\n<p><span style=\"font-weight: 400;\">Na perspectiva minimalista, a <\/span><b>PM doch tem a fun\u00e7\u00e3o de indicar algum n\u00edvel de contradi\u00e7\u00e3o<\/b><span style=\"font-weight: 400;\">, que neste contexto reside no fato de que Anna precisa considerar ou reconhecer o fato de que Jonas est\u00e1 b\u00eabado e, portanto, n\u00e3o pode dirigir ou dar uma carona. Ou seja, a <\/span><b>fun\u00e7\u00e3o de cada PM \u00e9 sempre a mesma, apenas o significado muda dependendo do contexto<\/b><span style=\"font-weight: 400;\">. Neste exemplo o significado poderia ser um aviso ir\u00f4nico, ou um coment\u00e1rio irritado.\u00a0<\/span><\/p>\n<p><span style=\"font-weight: 400;\">Como vimos anteriormente na tabela de fun\u00e7\u00f5es comunicativas das PMs (add link). A <\/span><b>fun\u00e7\u00e3o nuclear <\/b><span style=\"font-weight: 400;\">\u00e9 diferente do <\/span><b>significado pragm\u00e1tico<\/b><span style=\"font-weight: 400;\">, por exemplo em <\/span><i><span style=\"font-weight: 400;\">Du kannst <\/span><\/i><b><i>aber<\/i><\/b><i><span style=\"font-weight: 400;\"> kochen<\/span><\/i><span style=\"font-weight: 400;\">, a <\/span><b>PM aber tem a fun\u00e7\u00e3o nuclear de quebra de expectativa<\/b><span style=\"font-weight: 400;\">, mas o significado depende do contexto, ou seja, dependendo da situa\u00e7\u00e3o comunicativa pode ser um elogio ou um coment\u00e1rio ir\u00f4nico.<\/span><\/p>\n<p><span style=\"font-weight: 400;\">Consulte a tabela a seguir para a fun\u00e7\u00e3o de outras PMs e vamos treinar com exerc\u00edcios!\u00a0<\/span><\/p>\n<table>\n<tbody>\n<tr>\n<td><b>PM<\/b><\/td>\n<td><b>Fun\u00e7\u00e3o nuclear<\/b><\/td>\n<td><b>Exemplo<\/b><\/td>\n<\/tr>\n<tr>\n<td><b>aber<\/b><\/td>\n<td><span style=\"font-weight: 400;\">Indica uma quebra de expectativa com rela\u00e7\u00e3o \u00e0 extens\u00e3o (quantidade, qualidade, intensidade etc.) dos fatos.\u00a0<\/span><\/td>\n<td><i><span style=\"font-weight: 400;\">Du bist <\/span><\/i><b><i>aber<\/i><\/b><i><span style=\"font-weight: 400;\"> gro\u00df geworden!<\/span><\/i><\/p>\n<p><i><span style=\"font-weight: 400;\">Du kannst <\/span><\/i><b><i>aber<\/i><\/b><i><span style=\"font-weight: 400;\"> kochen!<\/span><\/i><\/p>\n<p><i><span style=\"font-weight: 400;\">Das ist <\/span><\/i><b><i>aber<\/i><\/b><i><span style=\"font-weight: 400;\"> nett von dir.<\/span><\/i><\/td>\n<\/tr>\n<tr>\n<td><b>auch<\/b><\/td>\n<td><span style=\"font-weight: 400;\">Indica uma explica\u00e7\u00e3o ou pedido de explica\u00e7\u00e3o para o motivo de algo, muitas vezes em forma de reprova\u00e7\u00e3o.\u00a0<\/span><\/td>\n<td><i><span style=\"font-weight: 400;\">A: Du bist sehr betrunken &#8211; B: Ich habe <\/span><\/i><b><i>auch<\/i><\/b><i><span style=\"font-weight: 400;\"> 10 Bier getrunken<\/span><\/i><span style=\"font-weight: 400;\">.\u00a0<\/span><\/p>\n<p><i><span style=\"font-weight: 400;\">Ist das <\/span><\/i><b><i>auch<\/i><\/b><i><span style=\"font-weight: 400;\"> wirklich wahr?<\/span><\/i><\/td>\n<\/tr>\n<tr>\n<td><b>blo\u00df<\/b><\/td>\n<td><span style=\"font-weight: 400;\">Indica uma rela\u00e7\u00e3o de restri\u00e7\u00e3o e\/ou impedimento.<\/span><\/td>\n<td><i><span style=\"font-weight: 400;\">Sei <\/span><\/i><b><i>blo\u00df<\/i><\/b><i><span style=\"font-weight: 400;\"> vorsichtig!\u00a0<\/span><\/i><\/p>\n<p><i><span style=\"font-weight: 400;\">Lass <\/span><\/i><b><i>blo\u00df<\/i><\/b><i><span style=\"font-weight: 400;\"> die Finger davon!<\/span><\/i><\/td>\n<\/tr>\n<tr>\n<td><b>denn<\/b><\/td>\n<td><span style=\"font-weight: 400;\">O motivo da pergunta est\u00e1 vinculado \u00e0 situa\u00e7\u00e3o comunicativa imediata. O falante espera que o ouvinte saiba a resposta. Pode aparecer em perguntas ret\u00f3ricas.\u00a0\u00a0<\/span><\/td>\n<td><i><span style=\"font-weight: 400;\">Was ist <\/span><\/i><b><i>denn<\/i><\/b><i><span style=\"font-weight: 400;\"> hier los?<\/span><\/i><\/p>\n<p><i><span style=\"font-weight: 400;\">Wie hei\u00dft du <\/span><\/i><b><i>denn<\/i><\/b><i><span style=\"font-weight: 400;\">?<\/span><\/i><\/p>\n<p><i><span style=\"font-weight: 400;\">Woher kommst du <\/span><\/i><b><i>denn<\/i><\/b><i><span style=\"font-weight: 400;\">?<\/span><\/i><\/td>\n<\/tr>\n<tr>\n<td><b>doch<\/b><\/td>\n<td><span style=\"font-weight: 400;\">Marca uma contradi\u00e7\u00e3o ou adversidade. Indica que o interlocutor deveria perceber\/saber algo.\u00a0<\/span><\/td>\n<td><i><span style=\"font-weight: 400;\">Lassen Sie mich <\/span><\/i><b><i>doch<\/i><\/b><i><span style=\"font-weight: 400;\"> erz\u00e4hlen!\u00a0<\/span><\/i><\/p>\n<p><i><span style=\"font-weight: 400;\">Er ist <\/span><\/i><b><i>doch<\/i><\/b><i><span style=\"font-weight: 400;\"> betrunken!<\/span><\/i><i><span style=\"font-weight: 400;\"><br \/>\n<\/span><\/i><i><span style=\"font-weight: 400;\">Das wei\u00dft du <\/span><\/i><b><i>doch<\/i><\/b><i><span style=\"font-weight: 400;\">!<\/span><\/i><\/td>\n<\/tr>\n<tr>\n<td><b>eben<\/b><\/td>\n<td><span style=\"font-weight: 400;\">Tem foco em uma evid\u00eancia ou finalidade com rela\u00e7\u00e3o a algo que foi mencionado anteriormente.\u00a0<\/span><\/td>\n<td><i><span style=\"font-weight: 400;\">Dann warte ich <\/span><\/i><b><i>eben<\/i><\/b><i><span style=\"font-weight: 400;\">.<\/span><\/i><\/p>\n<p><i><span style=\"font-weight: 400;\">Sie ist <\/span><\/i><b><i>eben<\/i><\/b><i><span style=\"font-weight: 400;\"> nicht sehr motiviert.\u00a0<\/span><\/i><\/td>\n<\/tr>\n<tr>\n<td><b>eigentlich<\/b><\/td>\n<td><span style=\"font-weight: 400;\">Marca uma mudan\u00e7a de turno. T\u00edpico para mudan\u00e7a de tema em uma conversa. Mostra interesse e tamb\u00e9m pode aparecer em perguntas ret\u00f3ricas.<\/span><\/td>\n<td><i><span style=\"font-weight: 400;\">Rauchen Sie <\/span><\/i><b><i>eigentlich?<\/i><\/b><\/p>\n<p><i><span style=\"font-weight: 400;\">Wer bist du <\/span><\/i><b><i>eigentlich?<\/i><\/b><\/p>\n<p><i><span style=\"font-weight: 400;\">Was willst du <\/span><\/i><b><i>eigentlich<\/i><\/b><i><span style=\"font-weight: 400;\"> von mir?<\/span><\/i><\/td>\n<\/tr>\n<tr>\n<td><b>einfach<\/b><\/td>\n<td><span style=\"font-weight: 400;\">Marca a proposi\u00e7\u00e3o como uma explica\u00e7\u00e3o \u00f3bvia para algo que apenas \u00e9 acess\u00edvel ao falante.\u00a0<\/span><\/td>\n<td><i><span style=\"font-weight: 400;\">Ich habe heute <\/span><\/i><b><i>einfach<\/i><\/b><i><span style=\"font-weight: 400;\"> keine Lust zu arbeiten<\/span><\/i><span style=\"font-weight: 400;\">.\u00a0<\/span><\/p>\n<p><i><span style=\"font-weight: 400;\">Das ist <\/span><\/i><b><i>doch einfach<\/i><\/b><i><span style=\"font-weight: 400;\"> eine Sau.<\/span><\/i><\/td>\n<\/tr>\n<tr>\n<td><b>etwa<\/b><\/td>\n<td><span style=\"font-weight: 400;\">Usado em perguntas relacionadas a um enunciado ou a\u00e7\u00e3o anterior, se espera uma resposta negativa ou explica\u00e7\u00e3o.\u00a0<\/span><\/td>\n<td><i><span style=\"font-weight: 400;\">Rauchen Sie <\/span><\/i><b><i>etwa<\/i><\/b><i><span style=\"font-weight: 400;\">?<\/span><\/i><i><span style=\"font-weight: 400;\"><br \/>\n<\/span><\/i><i><span style=\"font-weight: 400;\">Willst du <\/span><\/i><b><i>etwa<\/i><\/b><i><span style=\"font-weight: 400;\"> nicht mitmachen?<\/span><\/i><\/td>\n<\/tr>\n<tr>\n<td><b>gef\u00e4lligst<\/b><\/td>\n<td><span style=\"font-weight: 400;\">Refor\u00e7a a urg\u00eancia da realiza\u00e7\u00e3o de um pedido ou ordem que foi realizado anteriormente.\u00a0<\/span><\/td>\n<td><i><span style=\"font-weight: 400;\">Ruf mich <\/span><\/i><b><i>gef\u00e4lligst<\/i><\/b><i><span style=\"font-weight: 400;\"> an!<\/span><\/i><i><span style=\"font-weight: 400;\"><br \/>\n<\/span><\/i><i><span style=\"font-weight: 400;\">Jetzt h\u00f6r mal <\/span><\/i><b><i>gef\u00e4lligst<\/i><\/b><i><span style=\"font-weight: 400;\"> auf!<\/span><\/i><\/td>\n<\/tr>\n<tr>\n<td><b>ja<\/b><\/td>\n<td><span style=\"font-weight: 400;\">Marca uma concord\u00e2ncia (conhecimento comum), uma informa\u00e7\u00e3o que o interlocutor (deve) sabe(r).<\/span><\/td>\n<td><i><span style=\"font-weight: 400;\">Wir sind <\/span><\/i><b><i>ja<\/i><\/b><i><span style=\"font-weight: 400;\"> alte Bekannte!<\/span><\/i><\/p>\n<p><i><span style=\"font-weight: 400;\">Das habe ich <\/span><\/i><b><i>ja<\/i><\/b><i><span style=\"font-weight: 400;\"> gesagt.<\/span><\/i><\/p>\n<p><i><span style=\"font-weight: 400;\">Der Kaffee ist <\/span><\/i><b><i>ja<\/i><\/b><i><span style=\"font-weight: 400;\"> kalt!<\/span><\/i><\/td>\n<\/tr>\n<tr>\n<td><b>halt<\/b><\/td>\n<td><span style=\"font-weight: 400;\">Indica que os fatos expressos n\u00e3o podem ser alterados, o falante acredita que n\u00e3o se tem o que fazer. \u00c9 utilizado para apresentar uma justificativa ou explica\u00e7\u00e3o para um certo estado de coisas.\u00a0<\/span><\/td>\n<td><i><span style=\"font-weight: 400;\">Das Handy funktioniert <\/span><\/i><b><i>halt<\/i><\/b><i><span style=\"font-weight: 400;\"> nicht.<\/span><\/i><\/p>\n<p><i><span style=\"font-weight: 400;\">Das ist <\/span><\/i><b><i>halt<\/i><\/b><i><span style=\"font-weight: 400;\"> so.<\/span><\/i><\/td>\n<\/tr>\n<tr>\n<td><b>mal<\/b><\/td>\n<td><span style=\"font-weight: 400;\">Indica um pedido ou convencimento. O falante quer pedir algo (que se realize uma a\u00e7\u00e3o) naquele momento.\u00a0<\/span><\/td>\n<td><i><span style=\"font-weight: 400;\">Komm <\/span><\/i><b><i>mal<\/i><\/b><i><span style=\"font-weight: 400;\"> hierher!<\/span><\/i><\/p>\n<p><i><span style=\"font-weight: 400;\">Mach <\/span><\/i><b><i>mal<\/i><\/b><i><span style=\"font-weight: 400;\"> die Musik aus!<\/span><\/i><\/td>\n<\/tr>\n<tr>\n<td><b>nur<\/b><\/td>\n<td><span style=\"font-weight: 400;\">Indica a exist\u00eancia (ou n\u00e3o) de um obst\u00e1culo a alguma a\u00e7\u00e3o. Mostra que n\u00e3o se consegue identificar a raz\u00e3o de uma situa\u00e7\u00e3o.<\/span><\/td>\n<td><i><span style=\"font-weight: 400;\">Trau dich <\/span><\/i><b><i>nur<\/i><\/b><i><span style=\"font-weight: 400;\"> her!\u00a0<\/span><\/i><\/p>\n<p><i><span style=\"font-weight: 400;\">K\u00f6nnte ich <\/span><\/i><b><i>doch nur<\/i><\/b><i><span style=\"font-weight: 400;\"> besser Klavier spielen!<\/span><\/i><\/td>\n<\/tr>\n<tr>\n<td><b>ruhig<\/b><\/td>\n<td><span style=\"font-weight: 400;\">Indica uma permiss\u00e3o ou sugest\u00e3o a p\u00f4r em pr\u00e1tica\/em a\u00e7\u00e3o algo que se deseja fazer.\u00a0\u00a0<\/span><\/td>\n<td><i><span style=\"font-weight: 400;\">Gehen Sie <\/span><\/i><b><i>ruhig<\/i><\/b><i><span style=\"font-weight: 400;\"> nach Hause!<\/span><\/i><\/p>\n<p><i><span style=\"font-weight: 400;\">Sag <\/span><\/i><b><i>ruhig<\/i><\/b><i><span style=\"font-weight: 400;\"> was du willst.\u00a0<\/span><\/i><\/td>\n<\/tr>\n<tr>\n<td><b>schon<\/b><\/td>\n<td><span style=\"font-weight: 400;\">Indica que existe contra argumento. Em interrogativas soa reprovador, adverte o ouvinte a agir de uma certa forma.\u00a0<\/span><\/td>\n<td><i><span style=\"font-weight: 400;\">Du wirst <\/span><\/i><b><i>schon<\/i><\/b><i><span style=\"font-weight: 400;\"> gesund<\/span><\/i><span style=\"font-weight: 400;\">.<\/span><\/p>\n<p><i><span style=\"font-weight: 400;\">Wer wei\u00df das <\/span><\/i><b><i>schon<\/i><\/b><i><span style=\"font-weight: 400;\">?<\/span><\/i><\/td>\n<\/tr>\n<tr>\n<td><b>vielleicht<\/b><\/td>\n<td><span style=\"font-weight: 400;\">Restrito a frases exclamativas. O falante sabe o motivo e quer indicar que algo merece um destaque, deve ser chamado a aten\u00e7\u00e3o.\u00a0\u00a0<\/span><\/td>\n<td><i><span style=\"font-weight: 400;\">Du bist <\/span><\/i><b><i>vielleicht<\/i><\/b><i><span style=\"font-weight: 400;\"> schlau!<\/span><\/i><\/p>\n<p><i><span style=\"font-weight: 400;\">Hier ist <\/span><\/i><b><i>vielleicht<\/i><\/b><i><span style=\"font-weight: 400;\"> eine Stimmung im Raum!<\/span><\/i><\/td>\n<\/tr>\n<tr>\n<td><b>wohl<\/b><\/td>\n<td><span style=\"font-weight: 400;\">Marca incerteza, suposi\u00e7\u00e3o ou falta de comprometimento (afastamento) com rela\u00e7\u00e3o \u00e0 alguma informa\u00e7\u00e3o.\u00a0\u00a0<\/span><\/td>\n<td><i><span style=\"font-weight: 400;\">Er ist <\/span><\/i><b><i>wohl<\/i><\/b><i><span style=\"font-weight: 400;\"> nach Hause gegangen.<\/span><\/i><\/p>\n<p><i><span style=\"font-weight: 400;\">Du hast mich <\/span><\/i><b><i>wohl<\/i><\/b><i><span style=\"font-weight: 400;\"> vergessen.<\/span><\/i><\/p>\n<p><i><span style=\"font-weight: 400;\">Wer hat das <\/span><\/i><b><i>wohl<\/i><\/b><i><span style=\"font-weight: 400;\"> geschrieben?<\/span><\/i><\/td>\n<\/tr>\n<\/tbody>\n<\/table>\n<p><span style=\"font-weight: 400;\">Fonte: AQUINO, preprint<\/span><\/p>\n","protected":false},"excerpt":{"rendered":"<p>Ao escolher uma PM, o\/a falante disponibiliza informa\u00e7\u00f5es relevantes (pistas contextuais) para interpreta\u00e7\u00e3o da mensagem, sinalizando para o interlocutor a necessidade de acessar o seu ambiente cognitivo (informa\u00e7\u00f5es anteriores e\/ou do contexto) para interpreta\u00e7\u00e3o do enunciado. \u00c9 uma indica\u00e7\u00e3o de como interpretar a sua inten\u00e7\u00e3o comunicativa e um convite para a intera\u00e7\u00e3o (AQUINO, 2022) Neste [&hellip;]<\/p>\n","protected":false},"author":23775,"featured_media":0,"parent":0,"menu_order":0,"comment_status":"closed","ping_status":"closed","template":"","meta":{"footnotes":"","_links_to":"","_links_to_target":""},"categories":[9],"tags":[],"class_list":["post-217","page","type-page","status-publish","hentry","category-funcao-x-significado"],"jetpack_sharing_enabled":true,"_links":{"self":[{"href":"https:\/\/sites.usp.br\/particulasmodais\/wp-json\/wp\/v2\/pages\/217","targetHints":{"allow":["GET"]}}],"collection":[{"href":"https:\/\/sites.usp.br\/particulasmodais\/wp-json\/wp\/v2\/pages"}],"about":[{"href":"https:\/\/sites.usp.br\/particulasmodais\/wp-json\/wp\/v2\/types\/page"}],"author":[{"embeddable":true,"href":"https:\/\/sites.usp.br\/particulasmodais\/wp-json\/wp\/v2\/users\/23775"}],"replies":[{"embeddable":true,"href":"https:\/\/sites.usp.br\/particulasmodais\/wp-json\/wp\/v2\/comments?post=217"}],"version-history":[{"count":2,"href":"https:\/\/sites.usp.br\/particulasmodais\/wp-json\/wp\/v2\/pages\/217\/revisions"}],"predecessor-version":[{"id":465,"href":"https:\/\/sites.usp.br\/particulasmodais\/wp-json\/wp\/v2\/pages\/217\/revisions\/465"}],"wp:attachment":[{"href":"https:\/\/sites.usp.br\/particulasmodais\/wp-json\/wp\/v2\/media?parent=217"}],"wp:term":[{"taxonomy":"category","embeddable":true,"href":"https:\/\/sites.usp.br\/particulasmodais\/wp-json\/wp\/v2\/categories?post=217"},{"taxonomy":"post_tag","embeddable":true,"href":"https:\/\/sites.usp.br\/particulasmodais\/wp-json\/wp\/v2\/tags?post=217"}],"curies":[{"name":"wp","href":"https:\/\/api.w.org\/{rel}","templated":true}]}}