{"id":716,"date":"2025-10-20T16:18:54","date_gmt":"2025-10-20T19:18:54","guid":{"rendered":"https:\/\/sites.usp.br\/particulasmodais\/?page_id=716"},"modified":"2025-10-20T16:18:54","modified_gmt":"2025-10-20T19:18:54","slug":"einfach","status":"publish","type":"page","link":"https:\/\/sites.usp.br\/particulasmodais\/einfach\/","title":{"rendered":"Einfach"},"content":{"rendered":"<p><span style=\"font-weight: 400;\">A <\/span><b>PM <\/b><b><i>einfach<\/i><\/b><span style=\"font-weight: 400;\"> tem a fun\u00e7\u00e3o comunicativa de <\/span><b>encorajar<\/b><span style=\"font-weight: 400;\"> o interlocutor a <\/span><b>realizar uma a\u00e7\u00e3o<\/b><span style=\"font-weight: 400;\">, al\u00e9m de apresentar uma <\/span><b>justificativa<\/b><span style=\"font-weight: 400;\"> para uma decis\u00e3o tomada pelo pr\u00f3prio falante.\u00a0<\/span><\/p>\n<p><span style=\"font-weight: 400;\">Por exemplo:<\/span><\/p>\n<p><b>Probier\u2019s einfach mal!<\/b><b><br \/>\n<\/b><span style=\"font-weight: 400;\">Experimenta isso ai sim! S\u00f3 experimenta vai!<\/span><\/p>\n<p><span style=\"font-weight: 400;\">Nesse exemplo temos duas PMs com fun\u00e7\u00f5es distintas combinadas: <\/span><b>einfach<\/b><span style=\"font-weight: 400;\"> encoraja a a\u00e7\u00e3o (\u201cn\u00e3o complica, <\/span><i><span style=\"font-weight: 400;\">\u00e9 s\u00f3<\/span><\/i><span style=\"font-weight: 400;\"> tentar\u201d), enquanto <\/span><b>mal<\/b><span style=\"font-weight: 400;\"> solicita uma tentativa pontual e imediata (\u201cd\u00e1 uma testada <\/span><i><span style=\"font-weight: 400;\">agora<\/span><\/i><span style=\"font-weight: 400;\">\u201d). Juntas, <\/span><b>einfach mal<\/b><span style=\"font-weight: 400;\"> formam um empurr\u00e3o <\/span><b>encorajador<\/b><span style=\"font-weight: 400;\"> para a realiza\u00e7\u00e3o imediata de uma a\u00e7\u00e3o.\u00a0<\/span><\/p>\n<p><span style=\"font-weight: 400;\">Agora vamos ver um exemplo do nosso Corpus:<\/span><\/p>\n<p><img data-recalc-dims=\"1\" fetchpriority=\"high\" decoding=\"async\" class=\"alignnone  wp-image-717\" src=\"https:\/\/i0.wp.com\/sites.usp.br\/particulasmodais\/wp-content\/uploads\/sites\/1356\/2025\/10\/Er-sollte-doch-einfach-mal-Post-twitter.jpg?resize=427%2C236&#038;ssl=1\" alt=\"\" width=\"427\" height=\"236\" srcset=\"https:\/\/i0.wp.com\/sites.usp.br\/particulasmodais\/wp-content\/uploads\/sites\/1356\/2025\/10\/Er-sollte-doch-einfach-mal-Post-twitter.jpg?resize=300%2C166&amp;ssl=1 300w, https:\/\/i0.wp.com\/sites.usp.br\/particulasmodais\/wp-content\/uploads\/sites\/1356\/2025\/10\/Er-sollte-doch-einfach-mal-Post-twitter.jpg?resize=1024%2C568&amp;ssl=1 1024w, https:\/\/i0.wp.com\/sites.usp.br\/particulasmodais\/wp-content\/uploads\/sites\/1356\/2025\/10\/Er-sollte-doch-einfach-mal-Post-twitter.jpg?resize=768%2C426&amp;ssl=1 768w, https:\/\/i0.wp.com\/sites.usp.br\/particulasmodais\/wp-content\/uploads\/sites\/1356\/2025\/10\/Er-sollte-doch-einfach-mal-Post-twitter.jpg?w=1080&amp;ssl=1 1080w\" sizes=\"(max-width: 427px) 100vw, 427px\" \/><\/p>\n<p><span style=\"font-weight: 400;\">No enunciado citado \u2014 \u201cer solle <\/span><b>doch einfach mal wieder<\/b><span style=\"font-weight: 400;\"> lachen \/ \u2026 werde ich raten, <\/span><b>einfach mal wieder<\/b><span style=\"font-weight: 400;\"> zu laufen\u201d \u2014 as PMs <\/span><b>einfach mal<\/b><span style=\"font-weight: 400;\"> realizam a fun\u00e7\u00e3o comunicativa de impelir o interlocutor a executar uma a\u00e7\u00e3o imediata, apresentando-a como algo simples\/ao alcance (\u201c\u00e9 s\u00f3\u2026\u201d) e, assim, justificando a decis\u00e3o ou o conselho do falante. Em termos pragm\u00e1ticos, <\/span><b>einfach<\/b><span style=\"font-weight: 400;\"> enquadra a a\u00e7\u00e3o como descomplicada (\u201cbasta fazer\u201d), enquanto <\/span><b>mal<\/b><span style=\"font-weight: 400;\"> d\u00e1 o tom de tentativa <\/span><b>pontual e imediata<\/b><span style=\"font-weight: 400;\"> (\u201cd\u00e1 uma experimentada agora\u201d). No texto, essa combina\u00e7\u00e3o aparece em discurso relatado de um \u201cbom conselho\u201d a um amigo com depress\u00e3o, sendo ironizada na sequ\u00eancia (\u201cao pr\u00f3ximo cadeirante vou recomendar einfach mal wieder zu laufen\u201d).\u00a0<\/span><\/p>\n<p><span style=\"font-weight: 400;\">A fun\u00e7\u00e3o da PM einfach e as suas caracter\u00edsticas sint\u00e1ticas e pragm\u00e1ticas podem ser resumidas no formato descritivo a seguir:\u00a0<\/span><\/p>\n<table>\n<tbody>\n<tr>\n<td><b> \u00a0 \u00a0 \u00a0 einfach<\/b><\/td>\n<td><b>Part\u00edcula Modal<\/b><span style=\"font-weight: 400;\"><br \/>\n<\/span><span style=\"font-weight: 400;\">Hom\u00f4nimo: adjetivo, adv\u00e9rbio<\/span><\/td>\n<\/tr>\n<tr>\n<td><span style=\"font-weight: 400;\">Propriedades Sint\u00e1ticas\u00a0<\/span><\/td>\n<td><span style=\"font-weight: 400;\">Campo central<\/span><\/p>\n<p><span style=\"font-weight: 400;\">escopo em toda a ora\u00e7\u00e3o<\/span><\/td>\n<\/tr>\n<tr>\n<td><span style=\"font-weight: 400;\">Ocorr\u00eancia<\/span><\/td>\n<td><span style=\"font-weight: 400;\">Imperativas, Declarativas\u00a0<\/span><\/td>\n<\/tr>\n<tr>\n<td><span style=\"font-weight: 400;\">Fun\u00e7\u00e3o comunicativa<\/span><\/td>\n<td><span style=\"font-weight: 400;\">Oferece uma justificativa (em declarativas) ou encorajamento (em imperativas) para que algo seja realizado sem restri\u00e7\u00f5es (pode indicar um julgamento)<\/span><\/td>\n<\/tr>\n<tr>\n<td><span style=\"font-weight: 400;\">Inten\u00e7\u00e3o do falante<\/span><\/td>\n<td><span style=\"font-weight: 400;\">Eu digo isso, pois quero encorajar o interlocutor a fazer algo ou tomar uma decis\u00e3o\u00a0<\/span><\/td>\n<\/tr>\n<tr>\n<td><span style=\"font-weight: 400;\">Exemplo de uso<\/span><\/td>\n<td>\n<ul>\n<li style=\"font-weight: 400;\" aria-level=\"1\"><span style=\"font-weight: 400;\">Ich habe heute einfach keine Lust zu arbeiten.<\/span><\/li>\n<li style=\"font-weight: 400;\" aria-level=\"1\"><span style=\"font-weight: 400;\">Em uma das cenas da s\u00e9rie Dark Jonas, Barsotz, Magnus e Marta est\u00e3o combinando de ir nas cavernas. Quando est\u00e3o se despedindo, Jonas quer confirmar o plano e incentivar os outros a irem tamb\u00e9m. Ent\u00e3o ele diz: \u201cDann gehen wir hin und gucken einfach mal<\/span><b>.<\/b><span style=\"font-weight: 400;\">\u201d (Exemplo do corpus, Dark, ep1 Temporada 1)<\/span><span style=\"font-weight: 400;\">\n<p><\/span><\/li>\n<\/ul>\n<\/td>\n<\/tr>\n<\/tbody>\n<\/table>\n<p>&nbsp;<\/p>\n<p><span style=\"font-weight: 400;\">\u00a0<\/span><\/p>\n","protected":false},"excerpt":{"rendered":"<p>A PM einfach tem a fun\u00e7\u00e3o comunicativa de encorajar o interlocutor a realizar uma a\u00e7\u00e3o, al\u00e9m de apresentar uma justificativa para uma decis\u00e3o tomada pelo pr\u00f3prio falante.\u00a0 Por exemplo: Probier\u2019s einfach mal! Experimenta isso ai sim! S\u00f3 experimenta vai! Nesse exemplo temos duas PMs com fun\u00e7\u00f5es distintas combinadas: einfach encoraja a a\u00e7\u00e3o (\u201cn\u00e3o complica, \u00e9 [&hellip;]<\/p>\n","protected":false},"author":24932,"featured_media":0,"parent":0,"menu_order":0,"comment_status":"closed","ping_status":"closed","template":"","meta":{"footnotes":"","_links_to":"","_links_to_target":""},"categories":[46],"tags":[],"class_list":["post-716","page","type-page","status-publish","hentry","category-einfach"],"jetpack_sharing_enabled":true,"_links":{"self":[{"href":"https:\/\/sites.usp.br\/particulasmodais\/wp-json\/wp\/v2\/pages\/716","targetHints":{"allow":["GET"]}}],"collection":[{"href":"https:\/\/sites.usp.br\/particulasmodais\/wp-json\/wp\/v2\/pages"}],"about":[{"href":"https:\/\/sites.usp.br\/particulasmodais\/wp-json\/wp\/v2\/types\/page"}],"author":[{"embeddable":true,"href":"https:\/\/sites.usp.br\/particulasmodais\/wp-json\/wp\/v2\/users\/24932"}],"replies":[{"embeddable":true,"href":"https:\/\/sites.usp.br\/particulasmodais\/wp-json\/wp\/v2\/comments?post=716"}],"version-history":[{"count":1,"href":"https:\/\/sites.usp.br\/particulasmodais\/wp-json\/wp\/v2\/pages\/716\/revisions"}],"predecessor-version":[{"id":718,"href":"https:\/\/sites.usp.br\/particulasmodais\/wp-json\/wp\/v2\/pages\/716\/revisions\/718"}],"wp:attachment":[{"href":"https:\/\/sites.usp.br\/particulasmodais\/wp-json\/wp\/v2\/media?parent=716"}],"wp:term":[{"taxonomy":"category","embeddable":true,"href":"https:\/\/sites.usp.br\/particulasmodais\/wp-json\/wp\/v2\/categories?post=716"},{"taxonomy":"post_tag","embeddable":true,"href":"https:\/\/sites.usp.br\/particulasmodais\/wp-json\/wp\/v2\/tags?post=716"}],"curies":[{"name":"wp","href":"https:\/\/api.w.org\/{rel}","templated":true}]}}