{"id":732,"date":"2026-02-03T15:47:14","date_gmt":"2026-02-03T18:47:14","guid":{"rendered":"https:\/\/sites.usp.br\/particulasmodais\/?page_id=732"},"modified":"2026-02-03T15:47:14","modified_gmt":"2026-02-03T18:47:14","slug":"ruhig","status":"publish","type":"page","link":"https:\/\/sites.usp.br\/particulasmodais\/ruhig\/","title":{"rendered":"Ruhig"},"content":{"rendered":"<p><span style=\"font-weight: 400;\">A Part\u00edcula Modal <\/span><i><span style=\"font-weight: 400;\">ruhig<\/span><\/i><span style=\"font-weight: 400;\"> \u00e9 utilizada para encorajar e motivar a\/o interlocutor a realizar uma determinada a\u00e7\u00e3o. Vejamos alguns exemplos:<\/span><\/p>\n<p>&nbsp;<\/p>\n<p><span style=\"font-weight: 400;\">(i) Em uma reuni\u00e3o com a orientadora, a aluna est\u00e1 ansiosa para tomar uma decis\u00e3o sobre seu projeto de pesquisa, percebendo a incerteza da aluna, a orientadora diz:\u00a0<\/span><\/p>\n<p>&nbsp;<\/p>\n<p><span style=\"font-weight: 400;\">Nimm dir ruhig Zeit, um dar\u00fcber nachzudenken. <\/span><span style=\"font-weight: 400;\"><br \/>\n<\/span><span style=\"font-weight: 400;\">(Pode pensar com calma sobre isso; Tranquila, tira um tempinho pra pensar melhor)<\/span><\/p>\n<p><span style=\"font-weight: 400;\">\u00a0<\/span><\/p>\n<p><span style=\"font-weight: 400;\">(ii) Voc\u00ea quer encorajar uma pessoa a te ligar, caso ela tenha d\u00favidas ou precise de ajuda no futuro:\u00a0<\/span><\/p>\n<p>&nbsp;<\/p>\n<p><span style=\"font-weight: 400;\">\u201cDu kannst mich ruhig anrufen\u201d<\/span><span style=\"font-weight: 400;\"><br \/>\n<\/span><span style=\"font-weight: 400;\">(Voc\u00ea pode me ligar, sem problema; Se precisar \u00e9 s\u00f3 me ligar, de boa).<\/span><\/p>\n<p>&nbsp;<\/p>\n<table style=\"width: 100%; height: 607px;\">\n<tbody>\n<tr style=\"height: 80px;\">\n<td style=\"width: 17.2185%; height: 80px;\"><b>\u00a0 Ruhig\u00a0<\/b><\/td>\n<td style=\"width: 82.6159%; height: 80px;\"><b>\u00a0 Part\u00edcula Modal<\/b><span style=\"font-weight: 400;\"><br \/>\n<\/span><span style=\"font-weight: 400;\">\u00a0 Hom\u00f4nimo: adjetivo,<\/span><\/td>\n<\/tr>\n<tr style=\"height: 91px;\">\n<td style=\"width: 17.2185%; height: 91px;\"><span style=\"font-weight: 400;\">\u00a0 Propriedades\u00a0 \u00a0 \u00a0 Sint\u00e1ticas\u00a0<\/span><\/td>\n<td style=\"width: 82.6159%; height: 91px;\"><span style=\"font-weight: 400;\">\u00a0 Campo central<\/span><\/p>\n<p><span style=\"font-weight: 400;\">\u00a0 escopo em toda a ora\u00e7\u00e3o<\/span><\/td>\n<\/tr>\n<tr style=\"height: 52px;\">\n<td style=\"width: 17.2185%; height: 52px;\"><span style=\"font-weight: 400;\">\u00a0 Ocorr\u00eancia<\/span><\/td>\n<td style=\"width: 82.6159%; height: 52px;\"><span style=\"font-weight: 400;\">\u00a0 Imperativas<\/span><\/td>\n<\/tr>\n<tr style=\"height: 80px;\">\n<td style=\"width: 17.2185%; height: 80px;\"><span style=\"font-weight: 400;\">\u00a0 Fun\u00e7\u00e3o\u00a0 \u00a0 \u00a0 \u00a0 \u00a0 \u00a0 \u00a0 \u00a0 \u00a0comunicativa<\/span><\/td>\n<td style=\"width: 82.6159%; height: 80px;\"><span style=\"font-weight: 400;\">\u00a0 Indica um incentivo para que uma a\u00e7\u00e3o possa ser realizada sem restri\u00e7\u00e3o<\/span><\/td>\n<\/tr>\n<tr style=\"height: 80px;\">\n<td style=\"width: 17.2185%; height: 80px;\"><span style=\"font-weight: 400;\">\u00a0 Significado<\/span><\/td>\n<td style=\"width: 82.6159%; height: 80px;\"><span style=\"font-weight: 400;\">\u00a0 Digo isso, pois quero encorajar o interlocutor a executar uma a\u00e7\u00e3o, mas sem que\u00a0 \u00a0 \u00a0 \u00a0haja press\u00e3o para a sua realiza\u00e7\u00e3o<\/span><\/td>\n<\/tr>\n<tr style=\"height: 224px;\">\n<td style=\"width: 17.2185%; height: 224px;\"><span style=\"font-weight: 400;\">\u00a0 Exemplo de\u00a0 \u00a0 \u00a0 \u00a0 \u00a0 uso<\/span><\/td>\n<td style=\"width: 82.6159%; height: 224px;\">\n<ul>\n<li style=\"font-weight: 400;\" aria-level=\"1\"><span style=\"font-weight: 400;\">Na cena, os personagens Tristan e Rahim est\u00e3o no banheiro. Depois de um coment\u00e1rio sobre drogas, Rahim entende que Tristan est\u00e1 insinuando que ele vende drogas. Ele fala que Tristan pode perguntar pra ele, pra saber se ele vende ou n\u00e3o. Ent\u00e3o Rahim diz: \u201cKannst mich <\/span><b>ruhig<\/b><span style=\"font-weight: 400;\"> fragen.\u201d <\/span>(Exemplo retirado do corpus.<a style=\"font-family: inherit; font-size: inherit;\" href=\"https:\/\/docs.google.com\/document\/d\/1XsYiV4gehKLRtiADoBBdWSi2unHauxYE\/edit\"> Wir sind die Welle &#8211; T1. Ep1<\/a><span style=\"font-family: inherit; font-size: inherit;\">)<\/span><\/li>\n<\/ul>\n<p><span style=\"font-weight: 400;\">\u00a0<\/span><\/td>\n<\/tr>\n<\/tbody>\n<\/table>\n<p>&nbsp;<\/p>\n<p><span style=\"font-weight: 400;\">Exemplo do Corpus: Na postagem, a PM ruhig convida o final de semana a ficar mais tempo, encorajando-o a permanecer o quanto quiser. Nessa postagem tamb\u00e9m temos a ocorr\u00eancia da PM doch, que tem a fun\u00e7\u00e3o comunicativa de contradi\u00e7\u00e3o. Assim, juntas, as PMs indicam: n\u00e3o quero que voc\u00ea v\u00e1 embora final de semana, o que acontece aos domingos, por exemplo (contradi\u00e7\u00e3o de doch), pois quero te encorajar a ficar mais (encorajamento e motiva\u00e7\u00e3o de ruhig).\u00a0<\/span><\/p>\n<p><img data-recalc-dims=\"1\" fetchpriority=\"high\" decoding=\"async\" class=\"alignnone  wp-image-733\" src=\"https:\/\/i0.wp.com\/sites.usp.br\/particulasmodais\/wp-content\/uploads\/sites\/1356\/2026\/02\/Bleib-doch-ruhig-Imegem.jpg?resize=362%2C362&#038;ssl=1\" alt=\"\" width=\"362\" height=\"362\" srcset=\"https:\/\/i0.wp.com\/sites.usp.br\/particulasmodais\/wp-content\/uploads\/sites\/1356\/2026\/02\/Bleib-doch-ruhig-Imegem.jpg?resize=300%2C300&amp;ssl=1 300w, https:\/\/i0.wp.com\/sites.usp.br\/particulasmodais\/wp-content\/uploads\/sites\/1356\/2026\/02\/Bleib-doch-ruhig-Imegem.jpg?resize=150%2C150&amp;ssl=1 150w, https:\/\/i0.wp.com\/sites.usp.br\/particulasmodais\/wp-content\/uploads\/sites\/1356\/2026\/02\/Bleib-doch-ruhig-Imegem.jpg?w=640&amp;ssl=1 640w\" sizes=\"(max-width: 362px) 100vw, 362px\" \/><\/p>\n","protected":false},"excerpt":{"rendered":"<p>A Part\u00edcula Modal ruhig \u00e9 utilizada para encorajar e motivar a\/o interlocutor a realizar uma determinada a\u00e7\u00e3o. Vejamos alguns exemplos: &nbsp; (i) Em uma reuni\u00e3o com a orientadora, a aluna est\u00e1 ansiosa para tomar uma decis\u00e3o sobre seu projeto de pesquisa, percebendo a incerteza da aluna, a orientadora diz:\u00a0 &nbsp; Nimm dir ruhig Zeit, um [&hellip;]<\/p>\n","protected":false},"author":24932,"featured_media":0,"parent":0,"menu_order":0,"comment_status":"closed","ping_status":"closed","template":"","meta":{"footnotes":"","_links_to":"","_links_to_target":""},"categories":[],"tags":[],"class_list":["post-732","page","type-page","status-publish","hentry"],"jetpack_sharing_enabled":true,"_links":{"self":[{"href":"https:\/\/sites.usp.br\/particulasmodais\/wp-json\/wp\/v2\/pages\/732","targetHints":{"allow":["GET"]}}],"collection":[{"href":"https:\/\/sites.usp.br\/particulasmodais\/wp-json\/wp\/v2\/pages"}],"about":[{"href":"https:\/\/sites.usp.br\/particulasmodais\/wp-json\/wp\/v2\/types\/page"}],"author":[{"embeddable":true,"href":"https:\/\/sites.usp.br\/particulasmodais\/wp-json\/wp\/v2\/users\/24932"}],"replies":[{"embeddable":true,"href":"https:\/\/sites.usp.br\/particulasmodais\/wp-json\/wp\/v2\/comments?post=732"}],"version-history":[{"count":1,"href":"https:\/\/sites.usp.br\/particulasmodais\/wp-json\/wp\/v2\/pages\/732\/revisions"}],"predecessor-version":[{"id":734,"href":"https:\/\/sites.usp.br\/particulasmodais\/wp-json\/wp\/v2\/pages\/732\/revisions\/734"}],"wp:attachment":[{"href":"https:\/\/sites.usp.br\/particulasmodais\/wp-json\/wp\/v2\/media?parent=732"}],"wp:term":[{"taxonomy":"category","embeddable":true,"href":"https:\/\/sites.usp.br\/particulasmodais\/wp-json\/wp\/v2\/categories?post=732"},{"taxonomy":"post_tag","embeddable":true,"href":"https:\/\/sites.usp.br\/particulasmodais\/wp-json\/wp\/v2\/tags?post=732"}],"curies":[{"name":"wp","href":"https:\/\/api.w.org\/{rel}","templated":true}]}}