{"id":80,"date":"2023-09-25T18:23:48","date_gmt":"2023-09-25T21:23:48","guid":{"rendered":"https:\/\/sites.usp.br\/particulasmodais\/?page_id=80"},"modified":"2025-04-29T15:46:30","modified_gmt":"2025-04-29T18:46:30","slug":"pagina-inicial","status":"publish","type":"page","link":"https:\/\/sites.usp.br\/particulasmodais\/","title":{"rendered":"Willkommen! Bem vindes ao projeto das PMs!"},"content":{"rendered":"<p>&nbsp;<\/p>\n<p><img data-recalc-dims=\"1\" fetchpriority=\"high\" decoding=\"async\" class=\"alignnone wp-image-552 size-full\" src=\"https:\/\/i0.wp.com\/sites.usp.br\/particulasmodais\/wp-content\/uploads\/sites\/1356\/2024\/01\/Logo-PM.png?resize=604%2C357&#038;ssl=1\" alt=\"\" width=\"604\" height=\"357\" srcset=\"https:\/\/i0.wp.com\/sites.usp.br\/particulasmodais\/wp-content\/uploads\/sites\/1356\/2024\/01\/Logo-PM.png?w=958&amp;ssl=1 958w, https:\/\/i0.wp.com\/sites.usp.br\/particulasmodais\/wp-content\/uploads\/sites\/1356\/2024\/01\/Logo-PM.png?resize=300%2C178&amp;ssl=1 300w, https:\/\/i0.wp.com\/sites.usp.br\/particulasmodais\/wp-content\/uploads\/sites\/1356\/2024\/01\/Logo-PM.png?resize=768%2C455&amp;ssl=1 768w\" sizes=\"(max-width: 604px) 100vw, 604px\" \/><\/p>\n<p>Com este site temos o intuito de pesquisar, divulgar e desenvolver materiais did\u00e1ticos para o ensino e aprendizagem das Part\u00edculas Modais atrav\u00e9s de um vi\u00e9s te\u00f3rico baseado nos estudos atuais de lingu\u00edstica e ensino de l\u00ednguas. Tamb\u00e9m temos o objetivo de desenvolver propostas did\u00e1ticas pr\u00e1ticas para o ensino destes elementos modais, com uso g\u00eaneros aut\u00eanticos voltado para o p\u00fablico local (filmes, s\u00e9ries, Instagram, Quadrinhos, Tiktok, Twitter, Podcasts, entre outros).<\/p>\n<p><strong>Coordenadora: Profa. Dra. Marceli Cherchiglia Aquino<br \/>\n\u00c1rea de Alem\u00e3o (DLM-FFLCH-USP)<br \/>\n<\/strong>Contato do projeto: <span style=\"font-weight: 400;\">particulasmodais@gmail.com<\/span><br \/>\nInstagram: <a href=\"https:\/\/www.instagram.com\/modalpartikeln\/\">@modalpartikeln<\/a><br \/>\nContato da professora marceli.c.aquino@usp.br<\/p>\n","protected":false},"excerpt":{"rendered":"<p>&nbsp; Com este site temos o intuito de pesquisar, divulgar e desenvolver materiais did\u00e1ticos para o ensino e aprendizagem das Part\u00edculas Modais atrav\u00e9s de um vi\u00e9s te\u00f3rico baseado nos estudos atuais de lingu\u00edstica e ensino de l\u00ednguas. Tamb\u00e9m temos o objetivo de desenvolver propostas did\u00e1ticas pr\u00e1ticas para o ensino destes elementos modais, com uso g\u00eaneros [&hellip;]<\/p>\n","protected":false},"author":23776,"featured_media":0,"parent":0,"menu_order":0,"comment_status":"closed","ping_status":"closed","template":"","meta":{"footnotes":"","_links_to":"","_links_to_target":""},"categories":[],"tags":[],"class_list":["post-80","page","type-page","status-publish","hentry"],"jetpack_sharing_enabled":true,"_links":{"self":[{"href":"https:\/\/sites.usp.br\/particulasmodais\/wp-json\/wp\/v2\/pages\/80","targetHints":{"allow":["GET"]}}],"collection":[{"href":"https:\/\/sites.usp.br\/particulasmodais\/wp-json\/wp\/v2\/pages"}],"about":[{"href":"https:\/\/sites.usp.br\/particulasmodais\/wp-json\/wp\/v2\/types\/page"}],"author":[{"embeddable":true,"href":"https:\/\/sites.usp.br\/particulasmodais\/wp-json\/wp\/v2\/users\/23776"}],"replies":[{"embeddable":true,"href":"https:\/\/sites.usp.br\/particulasmodais\/wp-json\/wp\/v2\/comments?post=80"}],"version-history":[{"count":4,"href":"https:\/\/sites.usp.br\/particulasmodais\/wp-json\/wp\/v2\/pages\/80\/revisions"}],"predecessor-version":[{"id":615,"href":"https:\/\/sites.usp.br\/particulasmodais\/wp-json\/wp\/v2\/pages\/80\/revisions\/615"}],"wp:attachment":[{"href":"https:\/\/sites.usp.br\/particulasmodais\/wp-json\/wp\/v2\/media?parent=80"}],"wp:term":[{"taxonomy":"category","embeddable":true,"href":"https:\/\/sites.usp.br\/particulasmodais\/wp-json\/wp\/v2\/categories?post=80"},{"taxonomy":"post_tag","embeddable":true,"href":"https:\/\/sites.usp.br\/particulasmodais\/wp-json\/wp\/v2\/tags?post=80"}],"curies":[{"name":"wp","href":"https:\/\/api.w.org\/{rel}","templated":true}]}}