{"id":79,"date":"2014-02-24T16:51:20","date_gmt":"2014-02-24T18:51:20","guid":{"rendered":"http:\/\/sites.usp.br\/patgamalab\/?page_id=79"},"modified":"2024-08-16T18:59:53","modified_gmt":"2024-08-16T20:59:53","slug":"pagina-inicial","status":"publish","type":"page","link":"https:\/\/sites.usp.br\/patgamalab\/","title":{"rendered":"P\u00e1gina Inicial"},"content":{"rendered":"<div id=\"pl-79\"  class=\"panel-layout\" ><div id=\"pg-79-0\"  class=\"panel-grid panel-has-style\" ><div class=\"siteorigin-panels-stretch panel-row-style panel-row-style-for-79-0\" data-stretch-type=\"full\" ><div id=\"pgc-79-0-0\"  class=\"panel-grid-cell panel-grid-cell-empty\" ><\/div><\/div><\/div><div id=\"pg-79-1\"  class=\"panel-grid panel-has-style\" ><div class=\"panel-row-style panel-row-style-for-79-1\" ><div id=\"pgc-79-1-0\"  class=\"panel-grid-cell\" ><div id=\"panel-79-1-0-0\" class=\"so-panel widget widget_sow-headline panel-first-child panel-last-child\" data-index=\"0\" ><div class=\"panel-widget-style panel-widget-style-for-79-1-0-0\" ><div\n\t\t\t\n\t\t\tclass=\"so-widget-sow-headline so-widget-sow-headline-default-ac705350e074-79\"\n\t\t\t\n\t\t><div class=\"sow-headline-container \">\n\t\t\t\t\t\t\t<h2 class=\"sow-headline\">\n\t\t\t\t\t\tBem vindos ao website do Laborat\u00f3rio de Biologia de Epit\u00e9lios Digestivos!\t\t\t\t\t\t<\/h2>\n\t\t\t\t\t\t\t\t\t\t\t\t<h3 class=\"sow-sub-headline\">\n\t\t\t\t\t\tInstituto de Ci\u00eancias Biom\u00e9dicas - USP\t\t\t\t\t\t<\/h3>\n\t\t\t\t\t\t\t\t\t\t\t<div class=\"decoration\">\n\t\t\t\t\t\t<div class=\"decoration-inside\"><\/div>\n\t\t\t\t\t<\/div>\n\t\t\t\t\t<\/div>\n<\/div><\/div><\/div><\/div><\/div><\/div><div id=\"pg-79-2\"  class=\"panel-grid panel-no-style\" ><div id=\"pgc-79-2-0\"  class=\"panel-grid-cell\" ><div id=\"panel-79-2-0-0\" class=\"so-panel widget widget_sow-editor panel-first-child\" data-index=\"1\" ><div\n\t\t\t\n\t\t\tclass=\"so-widget-sow-editor so-widget-sow-editor-base\"\n\t\t\t\n\t\t>\n<div class=\"siteorigin-widget-tinymce textwidget\">\n\t<p style=\"text-align: justify;\"><span style=\"color: #000000;\">O epit\u00e9lio do Trato Gastrintestinal se renova continuamente e esse processo \u00e9 controlado por diversos fatores, tais como, alimento, horm\u00f4nios, fatores de crescimento e inerva\u00e7\u00e3o. Utilizamos diversas abordagens para avaliar a complexa intera\u00e7\u00e3o entre esses elementos e seu efeito sobre a cin\u00e9tica celular epitelial durante o desenvolvimento da mucosa g\u00e1strica e intestinal. No in\u00edcio do desenvolvimento p\u00f3s-natal, a amamenta\u00e7\u00e3o age como uma via importante no controle do crescimento e da matura\u00e7\u00e3o do trato gastrintestinal. Procuramos assim, estudar o efeito de alguns horm\u00f4nios e fatores de crescimento presentes no leite sobre a cin\u00e9tica celular, utilizando sobretudo t\u00e9cnicas aplicadas \u00e0 morfologia e \u00e0 biologia molecular.<\/span><\/p>\n<p style=\"text-align: justify;\"><em><span style=\"color: #000000;\">Figura \u00e0 direita: Imunofluoresc\u00eancia para identifica\u00e7\u00e3o de c\u00e9lulas proliferativas na mucosa g\u00e1strica de ratos de 30 dias de vida p\u00f3s-natal. Ki-67 identificado com AlexaFluor\u00ae-563 (vermelho). N\u00facleos corados com DAPI (azul). Aumento original: 400x<\/span><\/em><\/p>\n<p>&nbsp;<\/p>\n<p style=\"text-align: justify;\"><span style=\"color: #000000;\"><\/span><\/em><\/p>\n<\/div>\n<\/div><\/div><div id=\"panel-79-2-0-1\" class=\"so-panel widget widget_sow-button panel-last-child\" data-index=\"2\" ><div\n\t\t\t\n\t\t\tclass=\"so-widget-sow-button so-widget-sow-button-wire-70ca43e8ab5e-79\"\n\t\t\t\n\t\t><div class=\"ow-button-base ow-button-align-center\"\n>\n\t\t\t<a\n\t\t\t\t\thref=\"https:\/\/sites.usp.br\/patgamalab\/pesquisa\/\"\n\t\t\t\t\tclass=\"sowb-button ow-icon-placement-left ow-button-hover\" \t>\n\t\t<span>\n\t\t\t\n\t\t\tSaiba mais\t\t<\/span>\n\t\t\t<\/a>\n\t<\/div>\n<\/div><\/div><\/div><div id=\"pgc-79-2-1\"  class=\"panel-grid-cell\" ><div id=\"panel-79-2-1-0\" class=\"so-panel widget widget_sow-image panel-first-child panel-last-child\" data-index=\"3\" ><div\n\t\t\t\n\t\t\tclass=\"so-widget-sow-image so-widget-sow-image-default-b4513c7b55bb-79\"\n\t\t\t\n\t\t>\n<div class=\"sow-image-container\">\n\t\t<img \n\tsrc=\"https:\/\/sites.usp.br\/patgamalab\/wp-content\/uploads\/sites\/760\/2020\/08\/IMF-est\u00f4mago-ki67_40x-400x534.jpg\" width=\"400\" height=\"534\" srcset=\"https:\/\/sites.usp.br\/patgamalab\/wp-content\/uploads\/sites\/760\/2020\/08\/IMF-est\u00f4mago-ki67_40x-400x534.jpg 400w, https:\/\/sites.usp.br\/patgamalab\/wp-content\/uploads\/sites\/760\/2020\/08\/IMF-est\u00f4mago-ki67_40x-225x300.jpg 225w, https:\/\/sites.usp.br\/patgamalab\/wp-content\/uploads\/sites\/760\/2020\/08\/IMF-est\u00f4mago-ki67_40x-767x1024.jpg 767w, https:\/\/sites.usp.br\/patgamalab\/wp-content\/uploads\/sites\/760\/2020\/08\/IMF-est\u00f4mago-ki67_40x-768x1025.jpg 768w, https:\/\/sites.usp.br\/patgamalab\/wp-content\/uploads\/sites\/760\/2020\/08\/IMF-est\u00f4mago-ki67_40x.jpg 1040w\" sizes=\"(max-width: 400px) 100vw, 400px\" title=\"Imunofluoresc\u00eancia para identifica\u00e7\u00e3o de c\u00e9lulas proliferativas na mucosa g\u00e1strica de ratos de 30 dias de vida p\u00f3s-natal. Ki-67 identificado com AlexaFluor\u00ae-563 (vermelho). N\u00facleos corados com DAPI (azul). Aumento original: 400x \" alt=\"\" \t\tclass=\"so-widget-image\"\/>\n\t<\/div>\n\n<\/div><\/div><\/div><\/div><div id=\"pg-79-3\"  class=\"panel-grid panel-has-style\" ><div class=\"panel-row-style panel-row-style-for-79-3\" ><div id=\"pgc-79-3-0\"  class=\"panel-grid-cell\" ><div id=\"panel-79-3-0-0\" class=\"so-panel widget widget_sow-image panel-first-child\" data-index=\"4\" ><div\n\t\t\t\n\t\t\tclass=\"so-widget-sow-image so-widget-sow-image-default-bd1185e8e8f4-79\"\n\t\t\t\n\t\t>\n<div class=\"sow-image-container\">\n\t\t<img \n\tsrc=\"https:\/\/sites.usp.br\/patgamalab\/wp-content\/uploads\/sites\/760\/2020\/08\/Troy_BombaATPase-e1598223656810-400x534.jpeg\" width=\"400\" height=\"534\" srcset=\"https:\/\/sites.usp.br\/patgamalab\/wp-content\/uploads\/sites\/760\/2020\/08\/Troy_BombaATPase-e1598223656810-400x534.jpeg 400w, https:\/\/sites.usp.br\/patgamalab\/wp-content\/uploads\/sites\/760\/2020\/08\/Troy_BombaATPase-e1598223656810-225x300.jpeg 225w, https:\/\/sites.usp.br\/patgamalab\/wp-content\/uploads\/sites\/760\/2020\/08\/Troy_BombaATPase-e1598223656810-767x1024.jpeg 767w, https:\/\/sites.usp.br\/patgamalab\/wp-content\/uploads\/sites\/760\/2020\/08\/Troy_BombaATPase-e1598223656810-768x1025.jpeg 768w, https:\/\/sites.usp.br\/patgamalab\/wp-content\/uploads\/sites\/760\/2020\/08\/Troy_BombaATPase-e1598223656810.jpeg 1040w\" sizes=\"(max-width: 400px) 100vw, 400px\" title=\"Dupla marca\u00e7\u00e3o em imunofluoresc\u00eancia para c\u00e9lulas Troy positivas identificadas por AlexaFluor\u00ae-633 (vermelho) e c\u00e9lulas parietais, AlexaFluor\u00ae-488 (verde) em ratos de 60 dias de vida. N\u00facleos corados com DAPI (azul). Aumento original: 200","protected":false},"excerpt":{"rendered":"<p>Bem vindos ao website do Laborat\u00f3rio de Biologia de Epit\u00e9lios Digestivos! Instituto de Ci\u00eancias Biom\u00e9dicas &#8211; USP O epit\u00e9lio do Trato Gastrintestinal se renova continuamente e esse processo \u00e9 controlado por diversos fatores, tais como, alimento, horm\u00f4nios, fatores de crescimento e inerva\u00e7\u00e3o. Utilizamos diversas abordagens para avaliar a complexa intera\u00e7\u00e3o entre esses elementos e seu<a href=\"https:\/\/sites.usp.br\/patgamalab\/\">[&#8230;]<\/a><\/p>\n","protected":false},"author":1200,"featured_media":0,"parent":0,"menu_order":0,"comment_status":"closed","ping_status":"closed","template":"template-fullwidth.php","meta":{"footnotes":"","_links_to":"","_links_to_target":""},"class_list":["post-79","page","type-page","status-publish","hentry"],"_links":{"self":[{"href":"https:\/\/sites.usp.br\/patgamalab\/wp-json\/wp\/v2\/pages\/79","targetHints":{"allow":["GET"]}}],"collection":[{"href":"https:\/\/sites.usp.br\/patgamalab\/wp-json\/wp\/v2\/pages"}],"about":[{"href":"https:\/\/sites.usp.br\/patgamalab\/wp-json\/wp\/v2\/types\/page"}],"author":[{"embeddable":true,"href":"https:\/\/sites.usp.br\/patgamalab\/wp-json\/wp\/v2\/users\/1200"}],"replies":[{"embeddable":true,"href":"https:\/\/sites.usp.br\/patgamalab\/wp-json\/wp\/v2\/comments?post=79"}],"version-history":[{"count":7,"href":"https:\/\/sites.usp.br\/patgamalab\/wp-json\/wp\/v2\/pages\/79\/revisions"}],"predecessor-version":[{"id":1236,"href":"https:\/\/sites.usp.br\/patgamalab\/wp-json\/wp\/v2\/pages\/79\/revisions\/1236"}],"wp:attachment":[{"href":"https:\/\/sites.usp.br\/patgamalab\/wp-json\/wp\/v2\/media?parent=79"}],"curies":[{"name":"wp","href":"https:\/\/api.w.org\/{rel}","templated":true}]}}