{"id":1283,"date":"2016-08-03T11:17:10","date_gmt":"2016-08-03T14:17:10","guid":{"rendered":"http:\/\/sites.usp.br\/pcvet\/?page_id=1283"},"modified":"2026-02-19T14:48:15","modified_gmt":"2026-02-19T17:48:15","slug":"informacoes-gerais","status":"publish","type":"page","link":"https:\/\/sites.usp.br\/pcvet\/informacoes-gerais\/","title":{"rendered":"Informa\u00e7\u00f5es"},"content":{"rendered":"<p><\/p>\n<p style=\"text-align: left;\"><a href=\"https:\/\/sites.usp.br\/pcvet\/apresentacao-2\/\" target=\"_blank\" rel=\"noopener\">Apresenta\u00e7\u00e3o<\/a><\/p>\n<p style=\"text-align: left;\"><a href=\"http:\/\/sites.usp.br\/pcvet\/historico\/\" target=\"_blank\" rel=\"noopener\">Hist\u00f3rico<\/a><\/p>\n<p style=\"text-align: left;\"><a href=\"http:\/\/sites.usp.br\/pcvet\/comissao-coordenadora\/\" target=\"_blank\" rel=\"noopener\">Comiss\u00e3o coordenadora<\/a><\/p>\n<p style=\"text-align: left;\"><a href=\"http:\/\/sites.usp.br\/pcvet\/orientadores\/\" target=\"_blank\" rel=\"noopener\">Orientadores<\/a><\/p>\n<p style=\"text-align: left;\"><a href=\"http:\/\/sites.usp.br\/pcvet\/normas\/\" target=\"_blank\" rel=\"noopener\">Normas<\/a><\/p>\n<p style=\"text-align: left;\"><a href=\"http:\/\/sites.usp.br\/pcvet\/localizacao-e-equipe\/\" target=\"_blank\" rel=\"noopener\">Localiza\u00e7\u00e3o e equipe<\/a><\/p>\n<p style=\"text-align: left;\"><a href=\"http:\/\/sites.usp.br\/pcvet\/contato\/\" target=\"_blank\" rel=\"noopener\">Contato<\/a><\/p>\n<p style=\"text-align: center;\">Veja nosso v\u00eddeo:<\/p>\n<p><a href=\"https:\/\/www.youtube.com\/watch?v=Hc_fg4DFugo&amp;ab_channel=Pr%C3%B3-ReitoriadeP%C3%B3s-Gradua%C3%A7%C3%A3o-USP\" target=\"_blank\" rel=\"noopener\"><img loading=\"lazy\" decoding=\"async\" class=\"wp-image-2495 aligncenter\" src=\"https:\/\/sites.usp.br\/pcvet\/wp-content\/uploads\/sites\/224\/2021\/04\/Capa-vem-ser-PCVet-1024x576.jpg\" alt=\"\" width=\"543\" height=\"305\" data-id=\"2495\" srcset=\"https:\/\/sites.usp.br\/pcvet\/wp-content\/uploads\/sites\/224\/2021\/04\/Capa-vem-ser-PCVet-1024x576.jpg 1024w, https:\/\/sites.usp.br\/pcvet\/wp-content\/uploads\/sites\/224\/2021\/04\/Capa-vem-ser-PCVet-300x169.jpg 300w, https:\/\/sites.usp.br\/pcvet\/wp-content\/uploads\/sites\/224\/2021\/04\/Capa-vem-ser-PCVet-768x432.jpg 768w, https:\/\/sites.usp.br\/pcvet\/wp-content\/uploads\/sites\/224\/2021\/04\/Capa-vem-ser-PCVet-310x174.jpg 310w, https:\/\/sites.usp.br\/pcvet\/wp-content\/uploads\/sites\/224\/2021\/04\/Capa-vem-ser-PCVet.jpg 1280w\" sizes=\"auto, (max-width: 543px) 100vw, 543px\" \/><\/a><\/p>\n<p>&nbsp;<\/p>\n<p><\/p>","protected":false},"excerpt":{"rendered":"<p>Apresenta\u00e7\u00e3o Hist\u00f3rico Comiss\u00e3o coordenadora Orientadores Normas Localiza\u00e7\u00e3o e equipe Contato Veja nosso v\u00eddeo: &nbsp;<\/p>\n","protected":false},"author":148,"featured_media":0,"parent":0,"menu_order":0,"comment_status":"closed","ping_status":"closed","template":"","meta":{"footnotes":"","_links_to":"","_links_to_target":""},"class_list":["post-1283","page","type-page","status-publish","hentry"],"_links":{"self":[{"href":"https:\/\/sites.usp.br\/pcvet\/wp-json\/wp\/v2\/pages\/1283","targetHints":{"allow":["GET"]}}],"collection":[{"href":"https:\/\/sites.usp.br\/pcvet\/wp-json\/wp\/v2\/pages"}],"about":[{"href":"https:\/\/sites.usp.br\/pcvet\/wp-json\/wp\/v2\/types\/page"}],"author":[{"embeddable":true,"href":"https:\/\/sites.usp.br\/pcvet\/wp-json\/wp\/v2\/users\/148"}],"replies":[{"embeddable":true,"href":"https:\/\/sites.usp.br\/pcvet\/wp-json\/wp\/v2\/comments?post=1283"}],"version-history":[{"count":4,"href":"https:\/\/sites.usp.br\/pcvet\/wp-json\/wp\/v2\/pages\/1283\/revisions"}],"predecessor-version":[{"id":3083,"href":"https:\/\/sites.usp.br\/pcvet\/wp-json\/wp\/v2\/pages\/1283\/revisions\/3083"}],"wp:attachment":[{"href":"https:\/\/sites.usp.br\/pcvet\/wp-json\/wp\/v2\/media?parent=1283"}],"curies":[{"name":"wp","href":"https:\/\/api.w.org\/{rel}","templated":true}]}}