{"id":1608,"date":"2016-10-27T15:08:36","date_gmt":"2016-10-27T17:08:36","guid":{"rendered":"http:\/\/sites.usp.br\/pcvet\/?page_id=1608"},"modified":"2021-04-29T13:16:33","modified_gmt":"2021-04-29T16:16:33","slug":"aluno-especial","status":"publish","type":"page","link":"https:\/\/sites.usp.br\/pcvet\/aluno-especial\/","title":{"rendered":"Aluno especial"},"content":{"rendered":"<p><\/p>\n<p class=\"page-title\" style=\"text-align: justify;\"><span style=\"color: #808080;\">Segundo o Regimento da USP, alunos especiais s\u00e3o aqueles matriculados apenas em disciplinas isoladas sem v\u00ednculo com qualquer Programa de P\u00f3s-Gradua\u00e7\u00e3o da USP.<\/span><\/p>\n<p class=\"page-title\" style=\"text-align: justify;\"><span style=\"color: #808080;\">S\u00e3o considerados alunos especiais aqueles que desejem cursar apenas disciplina sem se inscrever no programa de p\u00f3s-gradua\u00e7\u00e3o, seja por estarem matriculados em outro programa de p\u00f3s-gradua\u00e7\u00e3o fora da USP ou por j\u00e1 estarem inseridos no mercado de trabalho.<\/span><\/p>\n<div class=\"region region-content\">\n<div id=\"block-system-main\" class=\"block block-system\">\n<div class=\"content\">\n<div class=\"content node-pagina\">\n<div class=\"field field-name-body field-type-text-with-summary field-label-hidden\">\n<div class=\"field-items\">\n<div class=\"field-item even\">\n<p><span style=\"color: #808080;\">Os documentos necess\u00e1rios para a inscri\u00e7\u00e3o como aluno(a) especial s\u00e3o:<\/span><\/p>\n<p style=\"text-align: justify;\"><span style=\"color: #808080;\">&#8211; \u00a0<span style=\"color: #0000ff;\"><a href=\"https:\/\/sites.usp.br\/pcvet\/wp-content\/uploads\/sites\/224\/2021\/04\/Aluno-Especial.doc\" target=\"_blank\" rel=\"noopener\">Requerimento de matr\u00edcula<\/a><strong>\u00a0<\/strong><\/span>devidamente preenchido;<\/span><\/p>\n<p style=\"text-align: justify;\"><span style=\"color: #808080;\">&#8211; C\u00f3pia leg\u00edvel do\u00a0diploma ou certificado de cola\u00e7\u00e3o de grau de curso superior (gradua\u00e7\u00e3o ou p\u00f3s-gradua\u00e7\u00e3o);<\/span><\/p>\n<p style=\"text-align: justify;\"><span style=\"color: #808080;\">&#8211; C\u00f3pia leg\u00edvel do\u00a0hist\u00f3rico escolar de curso superior (gradua\u00e7\u00e3o ou p\u00f3s-gradua\u00e7\u00e3o);<\/span><\/p>\n<p style=\"text-align: justify;\"><span style=\"color: #808080;\">&#8211; C\u00f3pia leg\u00edvel da c\u00e9dula de identidade (para estrangeiros, c\u00f3pia do passaporte e do RNE);<\/span><\/p>\n<p style=\"text-align: justify;\"><span style=\"color: #808080;\">&#8211; C\u00f3pia leg\u00edvel do cadastro de pessoa f\u00edsica (CPF);<\/span><\/p>\n<p style=\"text-align: justify;\"><span style=\"color: #808080;\">&#8211;\u00a0Justificativa do candidato expondo suas raz\u00f5es para cursar a disciplina. No caso do candidato ser inscrito em algum Programa de P\u00f3s-Gradua\u00e7\u00e3o (fora da USP), a justificativa dever\u00e1 ter a ci\u00eancia do orientador.<\/span><\/p>\n<p style=\"text-align: justify;\"><span style=\"color: #808080;\">Os documentos dever\u00e3o ser enviados, por e-mail, at\u00e9 10 (dez) dias \u00fateis da data de in\u00edcio da disciplina para a Secretaria do Programa a qual ela est\u00e1 sendo oferecida.<\/span><\/p>\n<p style=\"text-align: center;\"><span style=\"color: #808080;\">Faculdade de Medicina Veterin\u00e1ria e Zootecnia da USP<\/span><br \/>\n<span style=\"color: #808080;\"> Programa de P\u00f3s-Gradua\u00e7\u00e3o em<span style=\"color: #ff6600;\"> Cl\u00ednica Veterin\u00e1ria<\/span><\/span><br \/>\n<span style=\"color: #808080;\"> Avenida Prof. Dr.\u00a0Orlando Marques de Paiva, 87<\/span><br \/>\n<span style=\"color: #808080;\"> Cidade Universit\u00e1ria \u2013 S\u00e3o Paulo \u2013 SP<\/span><br \/>\n<span style=\"color: #808080;\"> 05508-270<br \/>\npcvet@usp.br<\/span><\/p>\n<p style=\"text-align: center;\"><span style=\"color: #808080; text-align: justify;\">Lembramos que a aceita\u00e7\u00e3o passar\u00e1 por an\u00e1lise da Comiss\u00e3o de P\u00f3s-Gradua\u00e7\u00e3o que levar\u00e1 em considera\u00e7\u00e3o, entre outros, fatores como o hist\u00f3rico escolar e o n\u00famero de vagas na disciplina.<\/span><\/p>\n<\/div>\n<\/div>\n<div class=\"field-items\">\n<p style=\"text-align: justify;\"><span style=\"color: #808080;\">Informa\u00e7\u00f5es complementares acessar o <span style=\"color: #0000ff;\"><a style=\"color: #0000ff;\" href=\"http:\/\/posgraduacao.fmvz.usp.br\/aluno-especial\/\" target=\"_blank\" rel=\"noopener noreferrer\">site da SPG<\/a><\/span><\/span><\/p>\n<\/div>\n<\/div>\n<\/div>\n<\/div>\n<\/div>\n<\/div>\n<p><\/p>","protected":false},"excerpt":{"rendered":"<p>Segundo o Regimento da USP, alunos especiais s\u00e3o aqueles matriculados apenas em disciplinas isoladas sem v\u00ednculo com qualquer Programa de P\u00f3s-Gradua\u00e7\u00e3o da USP. S\u00e3o considerados alunos especiais aqueles que desejem cursar apenas disciplina sem se inscrever no programa de p\u00f3s-gradua\u00e7\u00e3o, seja por estarem matriculados em outro programa de p\u00f3s-gradua\u00e7\u00e3o fora da USP ou por j\u00e1 estarem inseridos no mercado de trabalho. Os documentos necess\u00e1rios para a inscri\u00e7\u00e3o como aluno(a) especial s\u00e3o: &#8211; \u00a0Requerimento de matr\u00edcula\u00a0devidamente preenchido; &#8211; C\u00f3pia leg\u00edvel do\u00a0diploma ou certificado de cola\u00e7\u00e3o de grau de curso superior (gradua\u00e7\u00e3o ou p\u00f3s-gradua\u00e7\u00e3o); &#8211; C\u00f3pia leg\u00edvel do\u00a0hist\u00f3rico escolar de curso superior (gradua\u00e7\u00e3o ou p\u00f3s-gradua\u00e7\u00e3o); &#8211; C\u00f3pia leg\u00edvel da c\u00e9dula de identidade (para estrangeiros, c\u00f3pia do passaporte e do RNE); &#8211; C\u00f3pia leg\u00edvel do cadastro de pessoa f\u00edsica (CPF); &#8211;\u00a0Justificativa do candidato expondo suas raz\u00f5es para cursar a disciplina. No caso do candidato ser inscrito em algum Programa de P\u00f3s-Gradua\u00e7\u00e3o (fora da USP), a justificativa dever\u00e1 ter a ci\u00eancia do orientador. Os documentos dever\u00e3o ser enviados, por e-mail, at\u00e9 10 (dez) dias \u00fateis da data de in\u00edcio da disciplina para a Secretaria do Programa a qual ela est\u00e1 sendo oferecida. Faculdade de Medicina Veterin\u00e1ria e Zootecnia da USP Programa de P\u00f3s-Gradua\u00e7\u00e3o em [&#8230;]<\/p>\n","protected":false},"author":148,"featured_media":0,"parent":0,"menu_order":0,"comment_status":"closed","ping_status":"closed","template":"page-full.php","meta":{"footnotes":"","_links_to":"","_links_to_target":""},"class_list":["post-1608","page","type-page","status-publish","hentry"],"_links":{"self":[{"href":"https:\/\/sites.usp.br\/pcvet\/wp-json\/wp\/v2\/pages\/1608","targetHints":{"allow":["GET"]}}],"collection":[{"href":"https:\/\/sites.usp.br\/pcvet\/wp-json\/wp\/v2\/pages"}],"about":[{"href":"https:\/\/sites.usp.br\/pcvet\/wp-json\/wp\/v2\/types\/page"}],"author":[{"embeddable":true,"href":"https:\/\/sites.usp.br\/pcvet\/wp-json\/wp\/v2\/users\/148"}],"replies":[{"embeddable":true,"href":"https:\/\/sites.usp.br\/pcvet\/wp-json\/wp\/v2\/comments?post=1608"}],"version-history":[{"count":4,"href":"https:\/\/sites.usp.br\/pcvet\/wp-json\/wp\/v2\/pages\/1608\/revisions"}],"predecessor-version":[{"id":2521,"href":"https:\/\/sites.usp.br\/pcvet\/wp-json\/wp\/v2\/pages\/1608\/revisions\/2521"}],"wp:attachment":[{"href":"https:\/\/sites.usp.br\/pcvet\/wp-json\/wp\/v2\/media?parent=1608"}],"curies":[{"name":"wp","href":"https:\/\/api.w.org\/{rel}","templated":true}]}}