{"id":1693,"date":"2017-01-17T17:07:11","date_gmt":"2017-01-17T19:07:11","guid":{"rendered":"http:\/\/sites.usp.br\/pcvet\/?page_id=1693"},"modified":"2026-02-25T16:55:33","modified_gmt":"2026-02-25T19:55:33","slug":"linhas-de-pesquisa","status":"publish","type":"page","link":"https:\/\/sites.usp.br\/pcvet\/linhas-de-pesquisa\/","title":{"rendered":"Linhas de Pesquisa Vigentes (2026\u20132029)"},"content":{"rendered":"<p><strong><span style=\"color: #ff6600;\">Ci\u00eancias Cl\u00ednicas Translacionais<br \/>\n<\/span><\/strong><\/p>\n<div>\n<p>Esta linha promove a integra\u00e7\u00e3o entre pesquisa b\u00e1sica, cl\u00ednica e pr\u00e1tica veterin\u00e1ria, acelerando a convers\u00e3o de descobertas cient\u00edficas em diagn\u00f3sticos, terapias e estrat\u00e9gias preventivas, ou seja, benef\u00edcios concretos para a sa\u00fade &#8211; seja humana ou animal. Envolve esp\u00e9cies de companhia, produ\u00e7\u00e3o e silvestres, considerando tamb\u00e9m a abordagem One Health (Uma S\u00f3 Sa\u00fade), que conecta sa\u00fade animal, humana e ambiental. A ci\u00eancia translacional <strong>quebra barreiras<\/strong> entre o \u201c<strong>banco<\/strong>\u201d e o \u201c<strong>leito<\/strong>\u201d (<em>bench to bedside<\/em>), promovendo a <strong>colabora\u00e7\u00e3o interdisciplinar<\/strong> e a <strong>resolu\u00e7\u00e3o de problemas reais<\/strong> em sa\u00fade animal e coletiva.<\/p>\n<p>ODS Associadas:<br \/>\n&#8211; ODS 3: Sa\u00fade e bem-estar<br \/>\n&#8211; ODS 4 : Educa\u00e7\u00e3o de Qualidade<br \/>\n&#8211; ODS 9: Ind\u00fastria, inova\u00e7\u00e3o e infraestrutura<br \/>\n&#8211; ODS 17: Parcerias e meios de implementa\u00e7\u00e3o<\/p>\n<\/div>\n<p><strong><span style=\"color: #ff6600;\">Cl\u00ednica Animal para a Produ\u00e7\u00e3o Sustent\u00e1vel<\/span><\/strong><\/p>\n<p>Foca na cl\u00ednica m\u00e9dica de esp\u00e9cies produtivas (bovinos, ovinos, caprinos, equinos) com \u00eanfase em bem-estar animal, preven\u00e7\u00e3o de doen\u00e7as, sanidade e sustentabilidade zoot\u00e9cnica. Busca aliar sa\u00fade animal ao desempenho produtivo respons\u00e1vel, promovendo seguran\u00e7a alimentar e boas pr\u00e1ticas de manejo. Envolve esp\u00e9cies de produ\u00e7\u00e3o, por exemplo: bovinos, caprinos, ovinos e equinos, com \u00eanfase em produ\u00e7\u00e3o sustent\u00e1vel.<\/p>\n<p>ODS Associadas:<br \/>\n&#8211; ODS 2: Fome zero e agricultura sustent\u00e1vel<br \/>\n&#8211; ODS 4 : Educa\u00e7\u00e3o de Qualidade<br \/>\n&#8211; ODS 8: Trabalho decente e crescimento econ\u00f4mico<br \/>\n&#8211; ODS 12: Consumo e produ\u00e7\u00e3o respons\u00e1veis<\/p>\n<p><strong><span style=\"color: #ff6600;\">Sa\u00fade Integrada e Bem-Estar Humano-Animal <\/span><\/strong><\/p>\n<p>Estuda o v\u00ednculo entre seres humanos e animais, abordando aspectos f\u00edsicos, emocionais e mentais da sa\u00fade compartilhada. Envolve \u00e1reas como zooterapia, impactos emocionais da conviv\u00eancia e intera\u00e7\u00e3o humano-animal, inclusividade e promo\u00e7\u00e3o de bem-estar m\u00fatuo.<\/p>\n<p>ODS Associadas:<br \/>\n&#8211; ODS 3: Sa\u00fade e bem-estar<br \/>\n&#8211; ODS 4 : Educa\u00e7\u00e3o de Qualidade<br \/>\n&#8211; ODS 10: Redu\u00e7\u00e3o das desigualdades<br \/>\n&#8211; ODS 11: Cidades e comunidades sustent\u00e1veis<\/p>\n<p><strong><span style=\"color: #ff6600;\">Inova\u00e7\u00e3o e Tecnologia<br \/>\n<\/span><\/strong><\/p>\n<p>Inova\u00e7\u00e3o \u00e9 o processo de criar, aprimorar ou aplicar novas ideias, m\u00e9todos, produtos ou servi\u00e7os que resultem em melhorias significativas na pr\u00e1tica, efici\u00eancia, bem-estar ou sustentabilidade. Na Medicina Veterin\u00e1ria, a inova\u00e7\u00e3o pode se manifestar em novos protocolos terap\u00eauticos, diagn\u00f3sticos mais precisos, tecnologias de monitoramento ou produtos nutricionais funcionais que promovem a sa\u00fade animal e a seguran\u00e7a alimentar. Engloba a biotecnologia aplicada \u00e0 veterin\u00e1ria, como vacinas recombinantes, modula\u00e7\u00e3o da microbiota, medicina regenerativa, diagn\u00f3sticos moleculares e engenharia gen\u00e9tica.<\/p>\n<p>ODS Associadas:<br \/>\n&#8211; ODS 3: Sa\u00fade e bem-estar<br \/>\n&#8211; ODS 4 : Educa\u00e7\u00e3o de Qualidade<br \/>\n&#8211; ODS 9: Ind\u00fastria, inova\u00e7\u00e3o e infraestrutura<br \/>\n&#8211; ODS 12: Consumo e produ\u00e7\u00e3o respons\u00e1veis<\/p>\n<p>&nbsp;<\/p>\n<header class=\"post-header\">\n<h1 class=\"entry-title\"><span style=\"color: #3366ff;\">Linhas de pesquisa em Transi\u00e7\u00e3o (Projetos anteriores a 2025)<\/span><\/h1>\n<\/header>\n<p><strong><span style=\"color: #ff6600;\">Cl\u00ednica M\u00e9dica de Bovinos, Caprinos e Ovinos <\/span><\/strong><\/p>\n<p style=\"text-align: justify;\">Esta linha de pesquisa tem como objetivo a investiga\u00e7\u00e3o da etiologia, patogenia, diagn\u00f3stico e terapia das principais enfermidades em esp\u00e9cimes ruminantes de animais dom\u00e9sticos. D\u00e1-se \u00eanfase aos estudos que aumentem a produtividade e efici\u00eancia no setor agropecu\u00e1rio; promovam a sa\u00fade animal e humana, com foco no controle de zoonoses e resist\u00eancia antimicrobiana; tornem os sistemas de produ\u00e7\u00e3o mais eficientes, otimizando os recursos h\u00eddricos e diminuindo o impacto ambiental; capacitem produtores rurais e gerem crescimento econ\u00f4mico sustent\u00e1vel; promovam pr\u00e1ticas mais eficientes e sustent\u00e1veis, com o uso de tecnologia para o monitoramento ambiental; reduzam a pegada de carbono na produ\u00e7\u00e3o animal; e fortale\u00e7am as parcerias para o avan\u00e7o da pesquisa e inova\u00e7\u00e3o no setor agropecu\u00e1rio.<\/p>\n<p>Prof\u00aa. Dr\u00aa. <strong>Alice Maria Melville Paiva Della Libera<\/strong><\/p>\n<p>Prof. Dr.<strong> F\u00e1bio Celidonio Pogliani<\/strong><\/p>\n<p>Prof. Dr.<strong> Fernando Nogueira de Souza<\/strong><\/p>\n<p>Prof\u00aa. Dr\u00aa. <strong>Lilian Gregory<\/strong><\/p>\n<p>Prof\u00aa. Dr\u00aa. <strong>Nat\u00e1lia Carrilo Gaeta<\/strong><\/p>\n<p>Prof\u00aa. Dr\u00aa. <strong>Raquel Fraga e Silva Raimondo<\/strong><\/p>\n<p>Prof. Dr. <strong>Valdir Heitor Barzotto<\/strong><\/p>\n<p>Prof\u00aa. Dr\u00aa.<strong> Viviani Gomes<\/strong><\/p>\n<p>&nbsp;<\/p>\n<p><span style=\"color: #ff6600;\"><strong>Cl\u00ednica M\u00e9dica de Caninos e Felinos <\/strong><\/span><\/p>\n<p style=\"text-align: justify;\">A linha de pesquisa tem forte apelo \u00e0 resolu\u00e7\u00e3o dos problemas que atingem a cl\u00ednica individualizada dos animais de companhia. Ela \u00e9 direcionada para o estudo das principais afec\u00e7\u00f5es renais e metab\u00f3licas, infecciosas, cardiopulmonares, oncol\u00f3gicas e de car\u00e1ter etiol\u00f3gico, tendo como objetivo promover avan\u00e7os significativos no diagn\u00f3stico, tratamento e preven\u00e7\u00e3o de condi\u00e7\u00f5es que acometem c\u00e3es e gatos.<br \/>\nAl\u00e9m de interdisciplinar, ela incentiva a colabora\u00e7\u00e3o entre discentes, professores e profissionais do setor. Os resultados obtidos n\u00e3o apenas contribuem para o avan\u00e7o do conhecimento acad\u00eamico, mas tamb\u00e9m possuem um impacto direto na pr\u00e1tica cl\u00ednica, melhorando a qualidade de vida dos animais e fortalecendo a rela\u00e7\u00e3o entre animais e humanos.<\/p>\n<p>Prof. Dr. <strong>Archivaldo Reche Junior<\/strong><\/p>\n<p>Prof\u00aa. Dr\u00aa.<strong> Denise Saretta Schwartz<\/strong><\/p>\n<p>Prof. Dr. <strong>Fabio Alves Teixeira<\/strong><\/p>\n<p>Prof\u00aa. Dr\u00aa.<strong> Fernanda Chicharo Chacar<\/strong><\/p>\n<p>Prof\u00aa. Dr\u00aa. <strong>M\u00e1rcia de Oliveira Sampaio Gomes<\/strong><\/p>\n<p>Prof. Dr. <strong>Valdir Heitor Barzotto<\/strong><\/p>\n<p>&nbsp;<\/p>\n<p><span style=\"color: #ff6600;\"><strong>Cl\u00ednica M\u00e9dica de Equinos <\/strong><\/span><\/p>\n<p style=\"text-align: justify;\">A linha de pesquisa tem como objetivo o estudo da patogenia, diagn\u00f3stico e terapia das afec\u00e7\u00f5es que acometem os diferentes sistemas org\u00e2nicos dos equ\u00eddeos, com enfoque principal nos sistemas musculoesquel\u00e9tico e gastrointestinal. Estudos voltados \u00e0 Nutrologia Equina, Medicina Regenerativa e Fisioterapia e Reabilita\u00e7\u00e3o est\u00e3o inseridos nestes temas. Nos \u00faltimos anos a linha de pesquisa tem abrigado estudos pioneiros sobre sono, interpreta\u00e7\u00e3o do eletroencefalograma (EEG) e etologia, relacionando bem-estar com performance atl\u00e9tica.<\/p>\n<p>Prof. Dr. <strong>Adriano Marques Gon\u00e7alves<\/strong><\/p>\n<p>Prof\u00aa. Dr\u00aa. <strong>Carla Bargi Belli <\/strong><\/p>\n<p>Prof\u00aa. Dr\u00aa. <strong>Raquel Yvonne Arantes Baccarin<\/strong><\/p>\n<p>Prof. Dr. <strong>Valdir Heitor Barzotto<\/strong><\/p>\n<p>&nbsp;<\/p>\n<p><span style=\"color: #ff6600;\"><strong>Cl\u00ednica M\u00e9dica das Doen\u00e7as Nutricionais e Metab\u00f3licas<\/strong><\/span><\/p>\n<p style=\"text-align: justify;\">Estuda a etiologia, patogenia, diagn\u00f3stico e tratamento das principais enfermidades nutricionais e metab\u00f3licas que acometem os animais dom\u00e9sticos. Possui a vertente voltada \u00e0 pecu\u00e1ria nacional para resolu\u00e7\u00e3o de problemas e promo\u00e7\u00e3o de pr\u00e1ticas nutricionais mais eficientes e com menor impacto ambiental, contribuindo diretamente aos Objetivos de Desenvolvimento Sustent\u00e1vel (ODS). Ao mesmo tempo aborda a correla\u00e7\u00e3o entre dieta e desenvolvimento de enfermidades em animais de companhia, estrat\u00e9gias para promo\u00e7\u00e3o da eubiose e homeostase do organismo, e desenvolve estudos sobre alimentos completos e balanceados, alimentos espec\u00edficos, suplementos e nutrac\u00eauticos para pets.<\/p>\n<p>Prof. Dr. <strong>Adriano Marques Gon\u00e7alves<\/strong><\/p>\n<p>Prof. Dr. <strong>Fabio Alves Teixeira<\/strong><\/p>\n<p>Prof. Dr. <strong>Julio C\u00e9sar de Carvalho Baliero<\/strong><\/p>\n<p>Prof\u00aa. Dr\u00aa.<strong> Maria Claudia Araripe Sucupira<\/strong><\/p>\n<p>Prof\u00aa. Dr\u00aa. <strong>M\u00e1rcia de Oliveira Sampaio Gomes<\/strong><\/p>\n<p>Prof. Dr. <strong>Valdir Heitor Barzotto<\/strong><\/p>\n<p>&nbsp;<\/p>\n<p><span style=\"color: #ff6600;\"><strong>Patologia Cl\u00ednica Veterin\u00e1ria<\/strong><\/span><\/p>\n<p style=\"text-align: justify;\">A linha de pesquisa tem como objetivo a avalia\u00e7\u00e3o de alternativas terap\u00eauticas por meio de t\u00e9cnicas ou m\u00e9todos laboratoriais, sejam eles tradicionais ou avan\u00e7ados, bem como desenvolvimento de padr\u00f5es bioqu\u00edmicos e hematol\u00f3gicos, e novos m\u00e9todos de diagn\u00f3stico para preven\u00e7\u00e3o de doen\u00e7as. Recentemente, avan\u00e7os nos estudos computacionais tornou o redirecionamento de f\u00e1rmacos, com ou sem modifica\u00e7\u00f5es, uma ferramenta vi\u00e1vel e empregada nos estudos desenvolvidos dentro desta linha de pesquisa.<\/p>\n<p>Prof. Dr. <strong>Adriano Marques Gon\u00e7alves<\/strong><\/p>\n<p>Prof. Dr. <strong>Archivaldo Reche Junior<\/strong><\/p>\n<p>Prof\u00aa. Dr\u00aa. <strong>Carla Bargi Belli<\/strong><\/p>\n<p>Prof. Dr.<strong> F\u00e1bio Celidonio Pogliani<\/strong><\/p>\n<p>Prof. Dr.<strong> Fernando Nogueira de Souza<\/strong><\/p>\n<p>Prof\u00aa. Dr\u00aa. <strong>L\u00edlian Gregory<\/strong><\/p>\n<p>Prof\u00aa. Dr\u00aa.<strong> Maria Claudia Araripe Sucupira<\/strong><\/p>\n<p>Prof\u00aa. Dr\u00aa. <strong>M\u00e1rcia de Oliveira Sampaio Gomes<\/strong><\/p>\n<p>Prof\u00aa. Dr\u00aa. <strong>Nat\u00e1lia Carrillo Gaeta<\/strong><\/p>\n<p>Prof\u00aa. Dr\u00aa. <strong>Raquel Fraga e Silva Raimondo<\/strong><\/p>\n<p>Prof\u00aa. Dr\u00aa. <strong>Raquel Yvonne Arantes Baccarin<\/strong><\/p>\n<p>Prof. Dr. <strong>Valdir Heitor Barzotto<\/strong><\/p>\n<p>Prof\u00aa. Dr\u00aa. <strong><strong>Viviani Gomes<\/strong> <\/strong><\/p>\n<p>&nbsp;<\/p>\n<h4><em><a href=\"https:\/\/sites.usp.br\/pcvet\/orientadores\/\">Conhe\u00e7a nossos orientadores!<\/a><\/em><\/h4>\n","protected":false},"excerpt":{"rendered":"<p>Ci\u00eancias Cl\u00ednicas Translacionais Esta linha promove a integra\u00e7\u00e3o entre pesquisa b\u00e1sica, cl\u00ednica e pr\u00e1tica veterin\u00e1ria, acelerando a convers\u00e3o de descobertas cient\u00edficas em diagn\u00f3sticos, terapias e estrat\u00e9gias preventivas, ou seja, benef\u00edcios concretos para a sa\u00fade &#8211; seja humana ou animal. Envolve esp\u00e9cies de companhia, produ\u00e7\u00e3o e silvestres, considerando tamb\u00e9m a abordagem One Health (Uma S\u00f3 Sa\u00fade), que conecta sa\u00fade animal, humana e ambiental. A ci\u00eancia translacional quebra barreiras entre o \u201cbanco\u201d e o \u201cleito\u201d (bench to bedside), promovendo a colabora\u00e7\u00e3o interdisciplinar e a resolu\u00e7\u00e3o de problemas reais em sa\u00fade animal e coletiva. ODS Associadas: &#8211; ODS 3: Sa\u00fade e bem-estar &#8211; ODS 4 : Educa\u00e7\u00e3o de Qualidade &#8211; ODS 9: Ind\u00fastria, inova\u00e7\u00e3o e infraestrutura &#8211; ODS 17: Parcerias e meios de implementa\u00e7\u00e3o Cl\u00ednica Animal para a Produ\u00e7\u00e3o Sustent\u00e1vel Foca na cl\u00ednica m\u00e9dica de esp\u00e9cies produtivas (bovinos, ovinos, caprinos, equinos) com \u00eanfase em bem-estar animal, preven\u00e7\u00e3o de doen\u00e7as, sanidade e sustentabilidade zoot\u00e9cnica. Busca aliar sa\u00fade animal ao desempenho produtivo respons\u00e1vel, promovendo seguran\u00e7a alimentar e boas pr\u00e1ticas de manejo. Envolve esp\u00e9cies de produ\u00e7\u00e3o, por exemplo: bovinos, caprinos, ovinos e equinos, com \u00eanfase em produ\u00e7\u00e3o sustent\u00e1vel. ODS Associadas: &#8211; ODS 2: Fome zero e agricultura sustent\u00e1vel &#8211; ODS 4 : Educa\u00e7\u00e3o de Qualidade &#8211; [&#8230;]<\/p>\n","protected":false},"author":428,"featured_media":0,"parent":0,"menu_order":0,"comment_status":"closed","ping_status":"closed","template":"","meta":{"footnotes":"","_links_to":"","_links_to_target":""},"class_list":["post-1693","page","type-page","status-publish","hentry"],"_links":{"self":[{"href":"https:\/\/sites.usp.br\/pcvet\/wp-json\/wp\/v2\/pages\/1693","targetHints":{"allow":["GET"]}}],"collection":[{"href":"https:\/\/sites.usp.br\/pcvet\/wp-json\/wp\/v2\/pages"}],"about":[{"href":"https:\/\/sites.usp.br\/pcvet\/wp-json\/wp\/v2\/types\/page"}],"author":[{"embeddable":true,"href":"https:\/\/sites.usp.br\/pcvet\/wp-json\/wp\/v2\/users\/428"}],"replies":[{"embeddable":true,"href":"https:\/\/sites.usp.br\/pcvet\/wp-json\/wp\/v2\/comments?post=1693"}],"version-history":[{"count":5,"href":"https:\/\/sites.usp.br\/pcvet\/wp-json\/wp\/v2\/pages\/1693\/revisions"}],"predecessor-version":[{"id":3095,"href":"https:\/\/sites.usp.br\/pcvet\/wp-json\/wp\/v2\/pages\/1693\/revisions\/3095"}],"wp:attachment":[{"href":"https:\/\/sites.usp.br\/pcvet\/wp-json\/wp\/v2\/media?parent=1693"}],"curies":[{"name":"wp","href":"https:\/\/api.w.org\/{rel}","templated":true}]}}