{"id":1763,"date":"2017-01-30T15:08:49","date_gmt":"2017-01-30T17:08:49","guid":{"rendered":"http:\/\/sites.usp.br\/pcvet\/?page_id=1763"},"modified":"2017-01-30T15:10:07","modified_gmt":"2017-01-30T17:10:07","slug":"banco-de-teses-e-dissertacoes","status":"publish","type":"page","link":"https:\/\/sites.usp.br\/pcvet\/banco-de-teses-e-dissertacoes\/","title":{"rendered":"Banco de Teses e Disserta\u00e7\u00f5es"},"content":{"rendered":"<p>Para visulizar o Banco de Teses e Disserta\u00e7\u00f5es acesse a <a href=\"http:\/\/www.teses.usp.br\/index.php?option=com_jumi&amp;fileid=9&amp;Itemid=159&amp;lang=pt-br&amp;id=10136&amp;prog=10007&amp;exp=0\" target=\"_blank\">Biblioteca Digital da USP<\/a><\/p>","protected":false},"excerpt":{"rendered":"<p>Para visulizar o Banco de Teses e Disserta\u00e7\u00f5es acesse a Biblioteca Digital da USP<\/p>\n","protected":false},"author":428,"featured_media":0,"parent":0,"menu_order":0,"comment_status":"closed","ping_status":"closed","template":"","meta":{"footnotes":"","_links_to":"","_links_to_target":""},"class_list":["post-1763","page","type-page","status-publish","hentry"],"_links":{"self":[{"href":"https:\/\/sites.usp.br\/pcvet\/wp-json\/wp\/v2\/pages\/1763","targetHints":{"allow":["GET"]}}],"collection":[{"href":"https:\/\/sites.usp.br\/pcvet\/wp-json\/wp\/v2\/pages"}],"about":[{"href":"https:\/\/sites.usp.br\/pcvet\/wp-json\/wp\/v2\/types\/page"}],"author":[{"embeddable":true,"href":"https:\/\/sites.usp.br\/pcvet\/wp-json\/wp\/v2\/users\/428"}],"replies":[{"embeddable":true,"href":"https:\/\/sites.usp.br\/pcvet\/wp-json\/wp\/v2\/comments?post=1763"}],"version-history":[{"count":2,"href":"https:\/\/sites.usp.br\/pcvet\/wp-json\/wp\/v2\/pages\/1763\/revisions"}],"predecessor-version":[{"id":1766,"href":"https:\/\/sites.usp.br\/pcvet\/wp-json\/wp\/v2\/pages\/1763\/revisions\/1766"}],"wp:attachment":[{"href":"https:\/\/sites.usp.br\/pcvet\/wp-json\/wp\/v2\/media?parent=1763"}],"curies":[{"name":"wp","href":"https:\/\/api.w.org\/{rel}","templated":true}]}}