{"id":474,"date":"2020-09-09T02:29:56","date_gmt":"2020-09-09T04:29:56","guid":{"rendered":"http:\/\/sites.usp.br\/pef\/?page_id=474"},"modified":"2020-10-27T04:17:58","modified_gmt":"2020-10-27T06:17:58","slug":"pos-graduacao","status":"publish","type":"page","link":"https:\/\/sites.usp.br\/pef\/pos-graduacao\/","title":{"rendered":"P\u00f3s-Gradua\u00e7\u00e3o"},"content":{"rendered":"<div><span style=\"font-family: 'times new roman', times, serif; font-size: 10pt;\"><span style=\"font-family: arial, helvetica, sans-serif;\">PEF5705 Dimensionamento de Estruturas em Situa\u00e7\u00e3o de Inc\u00eandio<\/span><\/span><span style=\"font-family: arial, helvetica, sans-serif;\"><strong><span style=\"font-size: 10pt;\"> <span style=\"color: #33cccc;\"><a style=\"color: #33cccc;\" href=\"https:\/\/uspdigital.usp.br\/janus\/componente\/catalogoDisciplinasInicial.jsf?action=3&amp;sgldis=PEF5705\" target=\"_blank\" rel=\"noopener noreferrer\">Janus<\/a><\/span><\/span><\/strong><\/span><\/div>\n<div><span style=\"font-family: 'times new roman', times, serif; font-size: 10pt;\"><span style=\"font-family: arial, helvetica, sans-serif;\">PEF5711 Fundamentos da Mec\u00e2nica Computacional<\/span><\/span><span style=\"font-family: georgia, palatino, serif; font-size: 12pt;\"><strong style=\"color: #000000;\">\u00a0<\/strong><\/span><span style=\"font-family: arial, helvetica, sans-serif; font-size: 10pt; color: #33cccc;\"><strong><a style=\"color: #33cccc;\" href=\"https:\/\/uspdigital.usp.br\/janus\/componente\/catalogoDisciplinasInicial.jsf?action=3&amp;sgldis=PEF5711\" target=\"_blank\" rel=\"noopener noreferrer\">Janus\u00a0<\/a><\/strong><\/span><\/div>\n<div><span style=\"font-family: arial, helvetica, sans-serif; font-size: 10pt;\"><span style=\"color: #000000;\"><span class=\"txt_arial_12pt_black\">PEF5731 <\/span><\/span><span class=\"infopt\"><span style=\"color: #000000;\"><span class=\"txt_arial_12pt_black\">Fratura e Fadiga Aplicadas \u00e0 Engenharia de Estruturas <span style=\"font-family: arial, helvetica, sans-serif; font-size: 10pt; color: #33cccc;\"><strong><a style=\"color: #33cccc;\" href=\"https:\/\/uspdigital.usp.br\/janus\/componente\/catalogoDisciplinasInicial.jsf?action=3&amp;sgldis=PEF5731\" target=\"_blank\" rel=\"noopener noreferrer\">Janus\u00a0<\/a><\/strong><\/span><\/span><\/span><\/span><\/span><\/div>\n<div><span style=\"color: #000000; font-family: arial, helvetica, sans-serif; font-size: 10pt;\"><span class=\"txt_arial_12pt_black\">PEF5734 Fundamentos das Estruturas de A\u00e7o <span style=\"font-family: arial, helvetica, sans-serif; font-size: 10pt; color: #33cccc;\"><strong><a style=\"color: #33cccc;\" href=\"https:\/\/uspdigital.usp.br\/janus\/componente\/catalogoDisciplinasInicial.jsf?action=3&amp;sgldis=PEF5734\" target=\"_blank\" rel=\"noopener noreferrer\">Janus\u00a0<\/a><\/strong><\/span><\/span><\/span><\/div>\n<div><span style=\"font-family: arial, helvetica, sans-serif; font-size: 10pt;\"><span style=\"color: #000000;\"><span class=\"txt_arial_12pt_black\">PEF5737 <\/span><\/span><span class=\"infopt\"><span style=\"color: #000000;\"><span class=\"txt_arial_12pt_black\">Din\u00e2mica n\u00e3o Linear e Estabilidade <span style=\"font-family: arial, helvetica, sans-serif; font-size: 10pt; color: #33cccc;\"><strong><a style=\"color: #33cccc;\" href=\"https:\/\/uspdigital.usp.br\/janus\/componente\/catalogoDisciplinasInicial.jsf?action=3&amp;sgldis=PEF5737\" target=\"_blank\" rel=\"noopener noreferrer\">Janus\u00a0<\/a><\/strong><\/span><\/span><\/span><\/span><\/span><\/div>\n<div><span style=\"font-family: arial, helvetica, sans-serif; font-size: 10pt;\"><span style=\"color: #000000;\"><span class=\"txt_arial_12pt_black\">PEF5738 <\/span><\/span><span class=\"infopt\"><span style=\"color: #000000;\"><span class=\"txt_arial_12pt_black\">A\u00e7\u00f5es e Seguran\u00e7a das Estruturas <span style=\"font-family: arial, helvetica, sans-serif; font-size: 10pt; color: #33cccc;\"><strong><a style=\"color: #33cccc;\" href=\"https:\/\/uspdigital.usp.br\/janus\/componente\/catalogoDisciplinasInicial.jsf?action=3&amp;sgldis=PEF5738\" target=\"_blank\" rel=\"noopener noreferrer\">Janus\u00a0<\/a><\/strong><\/span><\/span><\/span><\/span><\/span><\/div>\n<div id=\"icpbravoaccess_loaded\"><span style=\"font-family: 'times new roman', times, serif; font-size: 10pt;\"><span style=\"font-family: arial, helvetica, sans-serif;\">PEF5743 Computa\u00e7\u00e3o Gr\u00e1fica para Modelagem em Engenharia de Estruturas<\/span><span style=\"color: #33cccc; font-family: arial, helvetica, sans-serif;\"><strong><a style=\"color: #33cccc;\" href=\"https:\/\/uspdigital.usp.br\/janus\/componente\/catalogoDisciplinasInicial.jsf?action=3&amp;sgldis=PEF5743\" target=\"_blank\" rel=\"noopener noreferrer\"> Janus<\/a><\/strong><\/span><\/span><\/div>\n<div><span style=\"font-family: arial, helvetica, sans-serif; font-size: 10pt;\"><span style=\"color: #000000;\"><span class=\"txt_arial_12pt_black\">PEF5749 <\/span><\/span><span class=\"infopt\"><span style=\"color: #000000;\"><span class=\"txt_arial_12pt_black\">Modelagem Computacional de Estruturas de Concreto <span style=\"font-family: arial, helvetica, sans-serif; font-size: 10pt; color: #33cccc;\"><strong><a style=\"color: #33cccc;\" href=\"https:\/\/uspdigital.usp.br\/janus\/componente\/catalogoDisciplinasInicial.jsf?action=3&amp;sgldis=PEF5749\" target=\"_blank\" rel=\"noopener noreferrer\">Janus\u00a0<\/a><\/strong><\/span><\/span><\/span><\/span><\/span><\/div>\n<div><span style=\"font-family: arial, helvetica, sans-serif; font-size: 10pt;\"><span style=\"color: #000000;\"><span class=\"txt_arial_12pt_black\">PEF5750 <\/span><\/span><span class=\"infopt\"><span style=\"color: #000000;\"><span class=\"txt_arial_12pt_black\">Estruturas Leves <span style=\"color: #000000; font-family: arial, helvetica, sans-serif; font-size: 10pt;\"><span style=\"font-family: arial, helvetica, sans-serif; font-size: 10pt; color: #33cccc;\"><strong><a style=\"color: #33cccc;\" href=\"https:\/\/uspdigital.usp.br\/janus\/componente\/catalogoDisciplinasInicial.jsf?action=3&amp;sgldis=PEF5750\" target=\"_blank\" rel=\"noopener noreferrer\">Janus\u00a0<\/a><\/strong><\/span><\/span><\/span><\/span><\/span><\/span><\/div>\n<div><span style=\"font-family: arial, helvetica, sans-serif; font-size: 10pt;\"><span style=\"color: #000000;\"><span class=\"txt_arial_12pt_black\">PEF5762 <\/span><\/span><span class=\"infopt\"><span style=\"color: #000000;\"><span class=\"txt_arial_12pt_black\">M\u00e9todo dos Elementos Finitos <span style=\"color: #000000; font-family: arial, helvetica, sans-serif; font-size: 10pt;\"><span style=\"font-family: arial, helvetica, sans-serif; font-size: 10pt; color: #33cccc;\"><strong><a style=\"color: #33cccc;\" href=\"https:\/\/uspdigital.usp.br\/janus\/componente\/catalogoDisciplinasInicial.jsf?action=3&amp;sgldis=PEF5762\" target=\"_blank\" rel=\"noopener noreferrer\">Janus\u00a0<\/a><\/strong><\/span><\/span><\/span><\/span><\/span><\/span><\/div>\n<div><span style=\"font-family: arial, helvetica, sans-serif; font-size: 10pt;\">PEF5799 Infraestrutura Ferrovi\u00e1ria: Modela\u00e7\u00e3o e Monitoriza\u00e7\u00e3o <span style=\"color: #000000; font-family: arial, helvetica, sans-serif; font-size: 10pt;\"><span class=\"txt_arial_12pt_black\"><span style=\"font-family: arial, helvetica, sans-serif; font-size: 10pt; color: #33cccc;\"><strong><a style=\"color: #33cccc;\" href=\"https:\/\/uspdigital.usp.br\/janus\/componente\/catalogoDisciplinasInicial.jsf?action=3&amp;sgldis=PEF5799\" target=\"_blank\" rel=\"noopener noreferrer\">Janus\u00a0<\/a><\/strong><\/span><\/span><\/span><\/span><\/div>\n<div><span style=\"font-family: 'times new roman', times, serif;\"><span style=\"font-size: 10pt; font-family: arial, helvetica, sans-serif;\">PEF5802 Mec\u00e2nica dos Solos Experimental <\/span><\/span><span style=\"font-family: arial, helvetica, sans-serif;\"><strong><span style=\"font-size: 10pt; color: #33cccc;\"><a style=\"color: #33cccc;\" href=\"https:\/\/uspdigital.usp.br\/janus\/componente\/catalogoDisciplinasInicial.jsf?action=3&amp;sgldis=PEF5802\" target=\"_blank\" rel=\"noopener noreferrer\">Janus<\/a><\/span><\/strong><\/span><\/div>\n<div><span style=\"font-family: arial, helvetica, sans-serif; font-size: 10pt;\"><span style=\"color: #000000;\"><span class=\"txt_arial_12pt_black\">PEF5803 <\/span><\/span><span class=\"infopt\"><span style=\"color: #000000;\"><span class=\"txt_arial_12pt_black\">Resist\u00eancia e Deformalidade dos Solos <span style=\"color: #000000; font-family: arial, helvetica, sans-serif; font-size: 10pt;\"><span style=\"font-family: arial, helvetica, sans-serif; font-size: 10pt; color: #33cccc;\"><strong><a style=\"color: #33cccc;\" href=\"https:\/\/uspdigital.usp.br\/janus\/componente\/catalogoDisciplinasInicial.jsf?action=3&amp;sgldis=PEF5803\" target=\"_blank\" rel=\"noopener noreferrer\">Janus\u00a0<\/a><\/strong><\/span><\/span><\/span><\/span><\/span><\/span><\/div>\n<div id=\"icpbravoaccess_loaded\"><span style=\"font-family: arial, helvetica, sans-serif; font-size: 10pt;\"><span style=\"color: #000000;\"><span class=\"txt_arial_12pt_black\">PEF5805 <\/span><\/span><span class=\"infopt\"><span style=\"color: #000000;\"><span class=\"txt_arial_12pt_black\">Permeabilidade e Adensamento <span style=\"font-family: arial, helvetica, sans-serif; font-size: 10pt; color: #33cccc;\"><strong><a style=\"color: #33cccc;\" href=\"https:\/\/uspdigital.usp.br\/janus\/componente\/catalogoDisciplinasInicial.jsf?action=3&amp;sgldis=PEF5805\" target=\"_blank\" rel=\"noopener noreferrer\">Janus\u00a0<\/a><\/strong><\/span><\/span><\/span><\/span><\/span><\/div>\n<div><span style=\"font-family: arial, helvetica, sans-serif; font-size: 10pt;\"><span style=\"color: #000000;\"><span class=\"txt_arial_12pt_black\">PEF5821 <\/span><\/span><span class=\"infopt\"><span style=\"color: #000000;\"><span class=\"txt_arial_12pt_black\">Estacas Verticais Submetidas a Esfor\u00e7os Axiais <span style=\"color: #000000; font-family: arial, helvetica, sans-serif; font-size: 10pt;\"><span style=\"font-family: arial, helvetica, sans-serif; font-size: 10pt; color: #33cccc;\"><strong><a style=\"color: #33cccc;\" href=\"https:\/\/uspdigital.usp.br\/janus\/componente\/catalogoDisciplinasInicial.jsf?action=3&amp;sgldis=PEF5821\" target=\"_blank\" rel=\"noopener noreferrer\">Janus\u00a0<\/a><\/strong><\/span><\/span><\/span><\/span><\/span><\/span><\/div>\n<div><span style=\"font-family: arial, helvetica, sans-serif; font-size: 10pt;\"><span style=\"color: #000000;\"><span class=\"txt_arial_12pt_black\">PEF5827 <\/span><\/span><span class=\"infopt\"><span style=\"color: #000000;\"><span class=\"txt_arial_12pt_black\">Estabilidade e Estabiliza\u00e7\u00e3o de Taludes Aplicados em Obras de Infraestrutura <span style=\"color: #000000; font-family: arial, helvetica, sans-serif; font-size: 10pt;\"><span style=\"font-family: arial, helvetica, sans-serif; font-size: 10pt; color: #33cccc;\"><strong><a style=\"color: #33cccc;\" href=\"https:\/\/uspdigital.usp.br\/janus\/componente\/catalogoDisciplinasInicial.jsf?action=3&amp;sgldis=PEF5827\" target=\"_blank\" rel=\"noopener noreferrer\">Janus\u00a0<\/a><\/strong><\/span><\/span><\/span><\/span><\/span><\/span><\/div>\n<div><span style=\"font-family: arial, helvetica, sans-serif; font-size: 10pt;\"><span style=\"color: #000000;\"><span class=\"txt_arial_12pt_black\">PEF5829 <\/span><\/span><span class=\"infopt\"><span style=\"color: #000000;\"><span class=\"txt_arial_12pt_black\">Ensaios In Situ e Instrumenta\u00e7\u00e3o em Obras <span style=\"font-family: arial, helvetica, sans-serif;\"><strong><span style=\"font-size: 10pt; color: #33cccc;\"><a style=\"color: #33cccc;\" href=\"https:\/\/uspdigital.usp.br\/janus\/componente\/catalogoDisciplinasInicial.jsf?action=3&amp;sgldis=PEF5829\" target=\"_blank\" rel=\"noopener noreferrer\">Janus<\/a><\/span><\/strong><\/span><\/span><\/span><\/span><\/span><\/div>\n<div><span style=\"font-family: arial, helvetica, sans-serif; font-size: 10pt;\"><span style=\"color: #000000;\"><span class=\"txt_arial_12pt_black\">PEF5873 <\/span><\/span><span class=\"infopt\"><span style=\"color: #000000;\"><span class=\"txt_arial_12pt_black\">Solos Refor\u00e7ados para Obras de Infraestrutura: Conceitos e Aplica\u00e7\u00f5es <span style=\"color: #000000; font-family: arial, helvetica, sans-serif; font-size: 10pt;\"><span style=\"font-family: arial, helvetica, sans-serif; font-size: 10pt; color: #33cccc;\"><strong><a style=\"color: #33cccc;\" href=\"https:\/\/uspdigital.usp.br\/janus\/componente\/catalogoDisciplinasInicial.jsf?action=3&amp;sgldis=PEF5873\" target=\"_blank\" rel=\"noopener noreferrer\">Janus\u00a0<\/a><\/strong><\/span><\/span><\/span><\/span><\/span><\/span><\/div>\n<div><span style=\"font-family: arial, helvetica, sans-serif; font-size: 10pt;\"><span style=\"color: #000000;\"><span class=\"txt_arial_12pt_black\">PEF5874 <\/span><\/span><span class=\"infopt\"><span style=\"color: #000000;\"><span class=\"txt_arial_12pt_black\">Conceitos e Aplica\u00e7\u00f5es de Mec\u00e2nica dos Solos N\u00e3o Saturados em Obras de Infraestrutura Geot\u00e9cnica <span style=\"font-family: arial, helvetica, sans-serif; font-size: 10pt; color: #33cccc;\"><strong><a style=\"color: #33cccc;\" href=\"https:\/\/uspdigital.usp.br\/janus\/componente\/catalogoDisciplinasInicial.jsf?action=3&amp;sgldis=PEF5874\" target=\"_blank\" rel=\"noopener noreferrer\">Janus\u00a0<\/a><\/strong><\/span><\/span><\/span><\/span><\/span><\/div>\n<div><span style=\"font-family: arial, helvetica, sans-serif; font-size: 10pt;\"><span style=\"color: #000000;\"><span class=\"txt_arial_12pt_black\">PEF5875 <\/span><\/span><span class=\"infopt\"><span style=\"color: #000000;\"><span class=\"txt_arial_12pt_black\">Barragens <span style=\"font-family: arial, helvetica, sans-serif; font-size: 10pt; color: #33cccc;\"><strong><a style=\"color: #33cccc;\" href=\"https:\/\/uspdigital.usp.br\/janus\/componente\/catalogoDisciplinasInicial.jsf?action=3&amp;sgldis=PEF5875\" target=\"_blank\" rel=\"noopener noreferrer\">Janus\u00a0<\/a><\/strong><\/span><\/span><\/span><\/span><\/span><\/div>\n<div id=\"icpbravoaccess_loaded\"><span style=\"color: #000000; font-family: arial, helvetica, sans-serif; font-size: 10pt;\"><span class=\"txt_arial_12pt_black\">PEF5876 Geotecnia dos Solos Marinhos da Baixada Santista <span style=\"font-family: arial, helvetica, sans-serif;\"><strong><span style=\"font-size: 10pt; color: #33cccc;\"><a style=\"color: #33cccc;\" href=\"https:\/\/uspdigital.usp.br\/janus\/componente\/catalogoDisciplinasInicial.jsf?action=3&amp;sgldis=PEF5876\" target=\"_blank\" rel=\"noopener noreferrer\">Janus<\/a><\/span><\/strong><\/span><\/span><\/span><\/div>\n<div><span style=\"font-family: arial, helvetica, sans-serif; font-size: 10pt;\">PEF5916 Din\u00e2mica e Estabilidade das Estruturas <span class=\"infopt\"><span style=\"color: #000000;\"><span class=\"txt_arial_12pt_black\"><span style=\"font-family: arial, helvetica, sans-serif; font-size: 10pt; color: #33cccc;\"><strong><a style=\"color: #33cccc;\" href=\"https:\/\/uspdigital.usp.br\/janus\/componente\/catalogoDisciplinasInicial.jsf?action=3&amp;sgldis=PEF5916\" target=\"_blank\" rel=\"noopener noreferrer\">Janus\u00a0<\/a><\/strong><\/span><\/span><\/span><\/span><\/span><\/div>\n<div><span style=\"color: #000000; font-family: arial, helvetica, sans-serif; font-size: 10pt;\"><span class=\"txt_arial_12pt_black\">PEF5917 Elementos de Mec\u00e2nica dos S\u00f3lidos Deform\u00e1veis <span style=\"font-family: arial, helvetica, sans-serif; font-size: 10pt;\"><span class=\"infopt\"><span style=\"color: #000000;\"><span style=\"font-family: arial, helvetica, sans-serif;\"><strong><span style=\"font-size: 10pt; color: #33cccc;\"><a style=\"color: #33cccc;\" href=\"https:\/\/uspdigital.usp.br\/janus\/componente\/catalogoDisciplinasInicial.jsf?action=3&amp;sgldis=PEF5917\" target=\"_blank\" rel=\"noopener noreferrer\">Janus<\/a><\/span><\/strong><\/span><\/span><\/span><\/span><\/span><\/span><\/div>\n<div><span style=\"font-family: arial, helvetica, sans-serif; font-size: 10pt;\"><span style=\"color: #000000;\"><span class=\"txt_arial_12pt_black\">PEF5918 <\/span><\/span><span class=\"infopt\"><span style=\"color: #000000;\"><span class=\"txt_arial_12pt_black\">Fundamentos da Mec\u00e2nica dos S\u00f3lidos Deform\u00e1veis e das Estruturas <span style=\"font-family: arial, helvetica, sans-serif;\"><strong><span style=\"font-size: 10pt; color: #33cccc;\"><a style=\"color: #33cccc;\" href=\"https:\/\/uspdigital.usp.br\/janus\/componente\/catalogoDisciplinasInicial.jsf?action=3&amp;sgldis=PEF5918\" target=\"_blank\" rel=\"noopener noreferrer\">Janus<\/a><\/span><\/strong><\/span><\/span><\/span><\/span><\/span><\/div>\n<div><span style=\"font-family: arial, helvetica, sans-serif; font-size: 10pt;\">PEF5920 Fundamentos do Concreto Estrutural <span class=\"infopt\"><span style=\"color: #000000;\"><span class=\"txt_arial_12pt_black\"><span style=\"color: #000000; font-family: arial, helvetica, sans-serif; font-size: 10pt;\"><span style=\"font-family: arial, helvetica, sans-serif; font-size: 10pt; color: #33cccc;\"><strong><a style=\"color: #33cccc;\" href=\"https:\/\/uspdigital.usp.br\/janus\/componente\/catalogoDisciplinasInicial.jsf?action=3&amp;sgldis=PEF5920\" target=\"_blank\" rel=\"noopener noreferrer\">Janus\u00a0<\/a><\/strong><\/span><\/span><\/span><\/span><\/span><\/span><\/div>\n<div id=\"icpbravoaccess_loaded\"><span style=\"font-family: arial, helvetica, sans-serif; font-size: 10pt;\"><span style=\"color: #000000;\"><span class=\"txt_arial_12pt_black\">PEF6000 <\/span><\/span><span class=\"infopt\"><span style=\"color: #000000;\"><span class=\"txt_arial_12pt_black\">T\u00f3picos Especiais em Din\u00e2mica de Estruturas <span style=\"color: #000000; font-family: arial, helvetica, sans-serif; font-size: 10pt;\"><span style=\"font-family: arial, helvetica, sans-serif; font-size: 10pt; color: #33cccc;\"><strong><a style=\"color: #33cccc;\" href=\"https:\/\/uspdigital.usp.br\/janus\/componente\/catalogoDisciplinasInicial.jsf?action=3&amp;sgldis=PEF6000\" target=\"_blank\" rel=\"noopener noreferrer\">Janus\u00a0<\/a><\/strong><\/span><\/span><\/span><\/span><\/span><\/span><\/div>\n<div><span style=\"font-family: arial, helvetica, sans-serif; font-size: 10pt;\"><span style=\"color: #000000;\"><span class=\"txt_arial_12pt_black\">PEF6001 <\/span><\/span><span class=\"infopt\"><span style=\"color: #000000;\"><span class=\"txt_arial_12pt_black\">Mec\u00e2nica computacional aplicada a estruturas reticuladas <span style=\"color: #000000; font-family: arial, helvetica, sans-serif; font-size: 10pt;\"><span style=\"font-family: arial, helvetica, sans-serif;\"><strong><span style=\"font-size: 10pt; color: #33cccc;\"><a style=\"color: #33cccc;\" href=\"https:\/\/uspdigital.usp.br\/janus\/componente\/catalogoDisciplinasInicial.jsf?action=3&amp;sgldis=PEF6001\" target=\"_blank\" rel=\"noopener noreferrer\">Janus<\/a><\/span><\/strong><\/span><\/span><\/span><\/span><\/span><\/span><\/div>\n<div><span style=\"font-family: arial, helvetica, sans-serif; font-size: 10pt;\"><span style=\"color: #000000;\"><span class=\"txt_arial_12pt_black\">PEF6002 <\/span><\/span><span class=\"infopt\"><span style=\"color: #000000;\"><span class=\"txt_arial_12pt_black\">T\u00f3picos Avan\u00e7ados em Mec\u00e2nica Computacional: Otimiza\u00e7\u00e3o, Plasticidade, Contato e Din\u00e2mica de Sistemas de Corpos Flex\u00edveis <span style=\"font-family: arial, helvetica, sans-serif; font-size: 10pt; color: #33cccc;\"><strong><a style=\"color: #33cccc;\" href=\"https:\/\/uspdigital.usp.br\/janus\/componente\/catalogoDisciplinasInicial.jsf?action=3&amp;sgldis=PEF6002\" target=\"_blank\" rel=\"noopener noreferrer\">Janus\u00a0<\/a><\/strong><\/span><\/span><\/span><\/span><\/span><\/div>\n<div><span style=\"font-family: arial, helvetica, sans-serif; font-size: 10pt;\"><span style=\"color: #000000;\"><span class=\"txt_arial_12pt_black\">PEF6003 <\/span><\/span><span class=\"infopt\"><span style=\"color: #000000;\"><span class=\"txt_arial_12pt_black\">Chapas, Placas e Cascas <span style=\"font-family: arial, helvetica, sans-serif;\"><strong><span style=\"font-size: 10pt; color: #33cccc;\"><a style=\"color: #33cccc;\" href=\"https:\/\/uspdigital.usp.br\/janus\/componente\/catalogoDisciplinasInicial.jsf?action=3&amp;sgldis=PEF6003\" target=\"_blank\" rel=\"noopener noreferrer\">Janus<\/a><\/span><\/strong><\/span><\/span><\/span><\/span><\/span><\/div>\n<div><span style=\"font-family: arial, helvetica, sans-serif; font-size: 10pt;\">PEF6004 Estabilidade e Bifurca\u00e7\u00f5es <span class=\"infopt\"><span style=\"color: #000000;\"><span class=\"txt_arial_12pt_black\"><span style=\"color: #000000; font-family: arial, helvetica, sans-serif; font-size: 10pt;\"><span style=\"font-family: arial, helvetica, sans-serif; font-size: 10pt; color: #33cccc;\"><strong><a style=\"color: #33cccc;\" href=\"https:\/\/uspdigital.usp.br\/janus\/componente\/catalogoDisciplinasInicial.jsf?action=3&amp;sgldis=PEF6004\" target=\"_blank\" rel=\"noopener noreferrer\">Janus\u00a0<\/a><\/strong><\/span><\/span><\/span><\/span><\/span><\/span><\/div>\n<div id=\"icpbravoaccess_loaded\"><\/div>\n<div id=\"icpbravoaccess_loaded\"><\/div>\n<div id=\"icpbravoaccess_loaded\"><\/div>\n<div id=\"icpbravoaccess_loaded\"><\/div>\n<div id=\"icpbravoaccess_loaded\"><\/div>\n<div id=\"icpbravoaccess_loaded\"><\/div>\n<div id=\"icpbravoaccess_loaded\"><\/div>\n<div id=\"icpbravoaccess_loaded\"><\/div>\n<div id=\"icpbravoaccess_loaded\"><\/div>\n<div id=\"icpbravoaccess_loaded\"><\/div>\n<div id=\"icpbravoaccess_loaded\"><\/div>\n<div id=\"icpbravoaccess_loaded\"><\/div>\n<div id=\"icpbravoaccess_loaded\"><\/div>\n","protected":false},"excerpt":{"rendered":"<p>PEF5705 Dimensionamento de Estruturas em Situa\u00e7\u00e3o de Inc\u00eandio Janus PEF5711 Fundamentos da Mec\u00e2nica Computacional\u00a0Janus\u00a0 PEF5731 Fratura e Fadiga Aplicadas \u00e0 Engenharia de Estruturas Janus\u00a0 PEF5734 Fundamentos das Estruturas de A\u00e7o Janus\u00a0 PEF5737 Din\u00e2mica n\u00e3o Linear e Estabilidade Janus\u00a0 PEF5738 A\u00e7\u00f5es e Seguran\u00e7a das Estruturas Janus\u00a0 PEF5743 Computa\u00e7\u00e3o Gr\u00e1fica para Modelagem em Engenharia de Estruturas Janus [&hellip;]<\/p>\n","protected":false},"author":1197,"featured_media":0,"parent":0,"menu_order":0,"comment_status":"closed","ping_status":"closed","template":"","meta":{"ocean_post_layout":"","ocean_both_sidebars_style":"","ocean_both_sidebars_content_width":0,"ocean_both_sidebars_sidebars_width":0,"ocean_sidebar":"0","ocean_second_sidebar":"0","ocean_disable_margins":"enable","ocean_add_body_class":"","ocean_shortcode_before_top_bar":"","ocean_shortcode_after_top_bar":"","ocean_shortcode_before_header":"","ocean_shortcode_after_header":"","ocean_has_shortcode":"","ocean_shortcode_after_title":"","ocean_shortcode_before_footer_widgets":"","ocean_shortcode_after_footer_widgets":"","ocean_shortcode_before_footer_bottom":"","ocean_shortcode_after_footer_bottom":"","ocean_display_top_bar":"default","ocean_display_header":"default","ocean_header_style":"","ocean_center_header_left_menu":"0","ocean_custom_header_template":"0","ocean_custom_logo":0,"ocean_custom_retina_logo":0,"ocean_custom_logo_max_width":0,"ocean_custom_logo_tablet_max_width":0,"ocean_custom_logo_mobile_max_width":0,"ocean_custom_logo_max_height":0,"ocean_custom_logo_tablet_max_height":0,"ocean_custom_logo_mobile_max_height":0,"ocean_header_custom_menu":"0","ocean_menu_typo_font_family":"0","ocean_menu_typo_font_subset":"","ocean_menu_typo_font_size":0,"ocean_menu_typo_font_size_tablet":0,"ocean_menu_typo_font_size_mobile":0,"ocean_menu_typo_font_size_unit":"px","ocean_menu_typo_font_weight":"","ocean_menu_typo_font_weight_tablet":"","ocean_menu_typo_font_weight_mobile":"","ocean_menu_typo_transform":"","ocean_menu_typo_transform_tablet":"","ocean_menu_typo_transform_mobile":"","ocean_menu_typo_line_height":0,"ocean_menu_typo_line_height_tablet":0,"ocean_menu_typo_line_height_mobile":0,"ocean_menu_typo_line_height_unit":"","ocean_menu_typo_spacing":0,"ocean_menu_typo_spacing_tablet":0,"ocean_menu_typo_spacing_mobile":0,"ocean_menu_typo_spacing_unit":"","ocean_menu_link_color":"","ocean_menu_link_color_hover":"","ocean_menu_link_color_active":"","ocean_menu_link_background":"","ocean_menu_link_hover_background":"","ocean_menu_link_active_background":"","ocean_menu_social_links_bg":"","ocean_menu_social_hover_links_bg":"","ocean_menu_social_links_color":"","ocean_menu_social_hover_links_color":"","ocean_disable_title":"default","ocean_disable_heading":"default","ocean_post_title":"","ocean_post_subheading":"","ocean_post_title_style":"","ocean_post_title_background_color":"","ocean_post_title_background":0,"ocean_post_title_bg_image_position":"","ocean_post_title_bg_image_attachment":"","ocean_post_title_bg_image_repeat":"","ocean_post_title_bg_image_size":"","ocean_post_title_height":0,"ocean_post_title_bg_overlay":0.5,"ocean_post_title_bg_overlay_color":"","ocean_disable_breadcrumbs":"default","ocean_breadcrumbs_color":"","ocean_breadcrumbs_separator_color":"","ocean_breadcrumbs_links_color":"","ocean_breadcrumbs_links_hover_color":"","ocean_display_footer_widgets":"default","ocean_display_footer_bottom":"default","ocean_custom_footer_template":"0","footnotes":"","_links_to":"","_links_to_target":""},"class_list":["post-474","page","type-page","status-publish","hentry","entry"],"_links":{"self":[{"href":"https:\/\/sites.usp.br\/pef\/wp-json\/wp\/v2\/pages\/474","targetHints":{"allow":["GET"]}}],"collection":[{"href":"https:\/\/sites.usp.br\/pef\/wp-json\/wp\/v2\/pages"}],"about":[{"href":"https:\/\/sites.usp.br\/pef\/wp-json\/wp\/v2\/types\/page"}],"author":[{"embeddable":true,"href":"https:\/\/sites.usp.br\/pef\/wp-json\/wp\/v2\/users\/1197"}],"replies":[{"embeddable":true,"href":"https:\/\/sites.usp.br\/pef\/wp-json\/wp\/v2\/comments?post=474"}],"version-history":[{"count":3,"href":"https:\/\/sites.usp.br\/pef\/wp-json\/wp\/v2\/pages\/474\/revisions"}],"predecessor-version":[{"id":1026,"href":"https:\/\/sites.usp.br\/pef\/wp-json\/wp\/v2\/pages\/474\/revisions\/1026"}],"wp:attachment":[{"href":"https:\/\/sites.usp.br\/pef\/wp-json\/wp\/v2\/media?parent=474"}],"curies":[{"name":"wp","href":"https:\/\/api.w.org\/{rel}","templated":true}]}}