{"id":1663,"date":"2023-09-17T17:05:37","date_gmt":"2023-09-17T19:05:37","guid":{"rendered":"https:\/\/sites.usp.br\/pexurb\/?page_id=1663"},"modified":"2025-06-27T20:17:53","modified_gmt":"2025-06-27T22:17:53","slug":"juquitiba","status":"publish","type":"page","link":"https:\/\/sites.usp.br\/pexurb\/juquitiba\/","title":{"rendered":"PERSPECTIVAS MULTIESCALARES PARA O DESENVOLVIMENTO SUSTENT\u00c1VEL DE JUQUITIBA-SP"},"content":{"rendered":"<div id=\"pl-1663\"  class=\"panel-layout\" ><div id=\"pg-1663-0\"  class=\"panel-grid panel-no-style\" ><div id=\"pgc-1663-0-0\"  class=\"panel-grid-cell\" ><div id=\"panel-1663-0-0-0\" class=\"so-panel widget widget_text panel-first-child\" data-index=\"0\" >\t\t\t<div class=\"textwidget\"><p><b>Per\u00edodo de elabora\u00e7\u00e3o: <\/b><span style=\"font-weight: 400;\">2022 (conclu\u00eddo)<br \/>\n<strong>Escopo do projeto: <\/strong><\/span>Formula\u00e7\u00e3o de m\u00e9todo de an\u00e1lise territorial em diferentes n\u00edveis (municipal, estadual, federal; local, metropolitano, regional, nacional). Decorreu de assist\u00eancia ao Instituto Terra Luminous sobre \u00e1rea de interesse ambiental no munic\u00edpio de Juquitiba-SP, a partir das complexidades da franja da Regi\u00e3o Metropolitana de S\u00e3o Paulo. Resultou em a\u00e7\u00f5es cr\u00edticas sobre a revis\u00e3o do plano diretor municipal, colaborando na sua reformula\u00e7\u00e3o.<br \/>\n<b>Parcerias:<\/b><span style=\"font-weight: 400;\"> Instituto Terra Luminous<br \/>\n<\/span><\/p>\n<p><strong>Popula\u00e7\u00e3o atendida (aproximada):<\/strong> 31.844 habitantes<\/p>\n<p><strong>\u00c1rea beneficiada (aproximada):\u00a0<\/strong> 522.169.000,00 m\u00b2<\/p>\n<p><strong>Coordenador e colaboradores:<\/strong> Jeferson Tavares (coordenador e respons\u00e1vel), Gabrielle Gomes Coelho e Naiara Nunes Ribeiro (l\u00edderes de projeto)<\/p>\n<p><strong>Orienta\u00e7\u00f5es no IAU-USP:<\/strong> Anna Laura Pereira Rossi, Beatriz Varani Eleut\u00e9rio, Carolina Menezes Horiquini, Cynthia Daiane Diniz, Gabrielle Gomes Coelho, Giovanna de Vitro Chiachio, Ingridth Sarah Hopp, Janaina Matoso Santos, Mariana Fernandes Minar\u00e9, Mariana Higa Briani, Naiara Nunes Ribeiro, Vitor Rozante Porto, V\u00edvian de Almeida Cor\u00f3<\/p>\n<p><strong>Trabalhos t\u00e9cnicos:<\/strong> Invent\u00e1rio t\u00e9cnico, reuni\u00f5es com membros da organiza\u00e7\u00e3o da sociedade civil (4) e participa\u00e7\u00e3o nas reuni\u00f5es do plano diretor (2). Envolvimento de sociedade civil e t\u00e9cnicos<\/p>\n<p>Recursos: &#8212;<\/p>\n<p><strong>DESCRI\u00c7\u00c3O DO PROJETO<\/strong><\/p>\n<p style=\"text-align: justify;\"><span style=\"font-weight: 400;\">Pesquisa aplicada e atividade de extens\u00e3o voltada \u00e0 gest\u00e3o multiescalar de planejamento. O objetivo geral dos trabalhos foi buscar alternativas ao desenvolvimento econ\u00f4mico sustent\u00e1vel em condi\u00e7\u00f5es ambientalmente vulner\u00e1veis e restritivas. Para isso, considerou os diferentes n\u00edveis que comp\u00f5em o planejamento incidente no munic\u00edpio de Juquitiba-SP, iluminando oportunidades e definindo recortes territoriais para seu desenvolvimento sustent\u00e1vel. Diante da realidade regionalizada do desenvolvimento dos munic\u00edpios brasileiros, especialmente os paulistas, a presente proposta busca articular diferentes objetos de a\u00e7\u00e3o planejadora com o interesse de avan\u00e7ar nas pr\u00e1ticas setoriais e escalares. Com isso, pretendeu-se constituir espa\u00e7os e agentes de interfer\u00eancia no \u00e2mbito local do planejamento, sobretudo durante a revis\u00e3o do plano diretor municipal. O projeto contou com envolvimento do Instituto Terra Luminous (CNPJ 26.261.835\/0001-99) por meio de conv\u00eanio n. 48161 com IAU-USP.<br \/>\n<\/span><\/p>\n<p>&nbsp;<\/p>\n<p><b>PUBLICA\u00c7\u00d5ES RELACIONADAS<\/b><\/p>\n<p style=\"text-align: justify;\"><span style=\"font-weight: 400;\">TAVARES, Jeferson Cristiano. <\/span><b>Perspectivas multiescalares para o desenvolvimento sustent\u00e1vel de Juquitiba-SP<\/b><span style=\"font-weight: 400;\">. Relat\u00f3rio de Pesquisa. IAUUSP: S\u00e3o Carlos, 2022. Dispon\u00edvel em: <a href=\"https:\/\/sites.usp.br\/pexurb\/wp-content\/uploads\/sites\/716\/2023\/12\/ARQUIVO-DIGITAL_Perspectivas-multiescalares-para-o-desenvolvimento-sustentavel-de-Juquitiba-SP.pdf\">https:\/\/sites.usp.br\/pexurb\/wp-content\/uploads\/sites\/716\/2023\/12\/ARQUIVO-DIGITAL_Perspectivas-multiescalares-para-o-desenvolvimento-sustentavel-de-Juquitiba-SP.pdf<\/a><\/span><\/p>\n<p style=\"text-align: justify;\"><span style=\"font-weight: 400;\"><br \/>\nTavares, Jeferson; COELHO, G. G. ; SANTOS, J. M. ; RIBEIRO, N. N. Perspectivas multiescalares para o desenvolvimento sustent\u00e1vel: experi\u00eancias urban\u00edsticas e metodologias de planejamento em territ\u00f3rios com conflitos urbano-regionais. In: ENANPUR, 20, 2023, Bel\u00e9m. <b>Anais\u2026<\/b> Bel\u00e9m: ANPUR, 2023. Dispon\u00edvel em: <a href=\"https:\/\/anpur.org.br\/wp-content\/uploads\/2023\/05\/st02-44.pdf\">https:\/\/anpur.org.br\/wp-content\/uploads\/2023\/05\/st02-44.pdf<\/a><br \/>\n<\/span><\/p>\n<p>&nbsp;<\/p>\n<p><b>PR\u00caMIOS RECEBIDOS PELO PROJETO:<\/b><\/p>\n<p style=\"text-align: justify;\"><span style=\"font-weight: 400;\">(2023) Perspectivas multiescalares para o desenvolvimento sustent\u00e1vel: inova\u00e7\u00e3o em ensino, pesquisa e extens\u00e3o \u2013 o caso de Juquitiba-SP. <a href=\"https:\/\/sites.usp.br\/pexurb\/wp-content\/uploads\/sites\/716\/2023\/12\/EDITAL-BOAS-PRATICAS-CONSTRUINDO-O-PRESENTE.pdf\"><b>Pr\u00eamio Construindo o Presente &#8211; Boas pr\u00e1ticas: valoriza\u00e7\u00e3o do exerc\u00edcio profissional em arquitetura e urbanismo<\/b><\/a>. Institui\u00e7\u00e3o promotora: CAU SP.<br \/>\n<\/span><\/p>\n<\/div>\n\t\t<\/div><div id=\"panel-1663-0-0-1\" class=\"so-panel widget widget_media_gallery panel-last-child\" data-index=\"1\" ><div id='gallery-1' class='gallery galleryid-1663 gallery-columns-3 gallery-size-thumbnail'><figure class='gallery-item'>\n\t\t\t<div class='gallery-icon portrait'>\n\t\t\t\t<a href='https:\/\/sites.usp.br\/pexurb\/wp-content\/uploads\/sites\/716\/2023\/09\/PERSPECTIVAS-MULTIESCALARES-PARA-O-DESENVOLVIMENTO-SUSTENTAVEL_-prancha-01_page-0001-scaled.jpg'><img decoding=\"async\" width=\"150\" height=\"150\" src=\"https:\/\/sites.usp.br\/pexurb\/wp-content\/uploads\/sites\/716\/2023\/09\/PERSPECTIVAS-MULTIESCALARES-PARA-O-DESENVOLVIMENTO-SUSTENTAVEL_-prancha-01_page-0001-150x150.jpg\" class=\"attachment-thumbnail size-thumbnail\" alt=\"\" srcset=\"https:\/\/sites.usp.br\/pexurb\/wp-content\/uploads\/sites\/716\/2023\/09\/PERSPECTIVAS-MULTIESCALARES-PARA-O-DESENVOLVIMENTO-SUSTENTAVEL_-prancha-01_page-0001-150x150.jpg 150w, https:\/\/sites.usp.br\/pexurb\/wp-content\/uploads\/sites\/716\/2023\/09\/PERSPECTIVAS-MULTIESCALARES-PARA-O-DESENVOLVIMENTO-SUSTENTAVEL_-prancha-01_page-0001-100x100.jpg 100w, https:\/\/sites.usp.br\/pexurb\/wp-content\/uploads\/sites\/716\/2023\/09\/PERSPECTIVAS-MULTIESCALARES-PARA-O-DESENVOLVIMENTO-SUSTENTAVEL_-prancha-01_page-0001-45x45.jpg 45w, https:\/\/sites.usp.br\/pexurb\/wp-content\/uploads\/sites\/716\/2023\/09\/PERSPECTIVAS-MULTIESCALARES-PARA-O-DESENVOLVIMENTO-SUSTENTAVEL_-prancha-01_page-0001-200x200.jpg 200w\" sizes=\"100vw\" \/><\/a>\n\t\t\t<\/div><\/figure><figure class='gallery-item'>\n\t\t\t<div class='gallery-icon portrait'>\n\t\t\t\t<a href='https:\/\/sites.usp.br\/pexurb\/wp-content\/uploads\/sites\/716\/2023\/09\/PERSPECTIVAS-MULTIESCALARES-PARA-O-DESENVOLVIMENTO-SUSTENTAVEL_-prancha-02.pdf_page-0001-1-scaled.jpg'><img decoding=\"async\" width=\"150\" height=\"150\" src=\"https:\/\/sites.usp.br\/pexurb\/wp-content\/uploads\/sites\/716\/2023\/09\/PERSPECTIVAS-MULTIESCALARES-PARA-O-DESENVOLVIMENTO-SUSTENTAVEL_-prancha-02.pdf_page-0001-1-150x150.jpg\" class=\"attachment-thumbnail size-thumbnail\" alt=\"\" srcset=\"https:\/\/sites.usp.br\/pexurb\/wp-content\/uploads\/sites\/716\/2023\/09\/PERSPECTIVAS-MULTIESCALARES-PARA-O-DESENVOLVIMENTO-SUSTENTAVEL_-prancha-02.pdf_page-0001-1-150x150.jpg 150w, https:\/\/sites.usp.br\/pexurb\/wp-content\/uploads\/sites\/716\/2023\/09\/PERSPECTIVAS-MULTIESCALARES-PARA-O-DESENVOLVIMENTO-SUSTENTAVEL_-prancha-02.pdf_page-0001-1-100x100.jpg 100w, https:\/\/sites.usp.br\/pexurb\/wp-content\/uploads\/sites\/716\/2023\/09\/PERSPECTIVAS-MULTIESCALARES-PARA-O-DESENVOLVIMENTO-SUSTENTAVEL_-prancha-02.pdf_page-0001-1-45x45.jpg 45w, https:\/\/sites.usp.br\/pexurb\/wp-content\/uploads\/sites\/716\/2023\/09\/PERSPECTIVAS-MULTIESCALARES-PARA-O-DESENVOLVIMENTO-SUSTENTAVEL_-prancha-02.pdf_page-0001-1-200x200.jpg 200w\" sizes=\"100vw\" \/><\/a>\n\t\t\t<\/div><\/figure><figure class='gallery-item'>\n\t\t\t<div class='gallery-icon landscape'>\n\t\t\t\t<a href='https:\/\/sites.usp.br\/pexurb\/wp-content\/uploads\/sites\/716\/2023\/12\/PERSPECTIVAS-MULTIESCALARES-PARA-O-DESENVOLVIMENTO-SUSTENTAVEL_imagem-sintese.jpeg'><img decoding=\"async\" width=\"150\" height=\"150\" src=\"https:\/\/sites.usp.br\/pexurb\/wp-content\/uploads\/sites\/716\/2023\/12\/PERSPECTIVAS-MULTIESCALARES-PARA-O-DESENVOLVIMENTO-SUSTENTAVEL_imagem-sintese-150x150.jpeg\" class=\"attachment-thumbnail size-thumbnail\" alt=\"\" srcset=\"https:\/\/sites.usp.br\/pexurb\/wp-content\/uploads\/sites\/716\/2023\/12\/PERSPECTIVAS-MULTIESCALARES-PARA-O-DESENVOLVIMENTO-SUSTENTAVEL_imagem-sintese-150x150.jpeg 150w, https:\/\/sites.usp.br\/pexurb\/wp-content\/uploads\/sites\/716\/2023\/12\/PERSPECTIVAS-MULTIESCALARES-PARA-O-DESENVOLVIMENTO-SUSTENTAVEL_imagem-sintese-100x100.jpeg 100w, https:\/\/sites.usp.br\/pexurb\/wp-content\/uploads\/sites\/716\/2023\/12\/PERSPECTIVAS-MULTIESCALARES-PARA-O-DESENVOLVIMENTO-SUSTENTAVEL_imagem-sintese-45x45.jpeg 45w, https:\/\/sites.usp.br\/pexurb\/wp-content\/uploads\/sites\/716\/2023\/12\/PERSPECTIVAS-MULTIESCALARES-PARA-O-DESENVOLVIMENTO-SUSTENTAVEL_imagem-sintese-200x200.jpeg 200w\" sizes=\"100vw\" \/><\/a>\n\t\t\t<\/div><\/figure>\n\t\t<\/div>\n<\/div><\/div><\/div><\/div>","protected":false},"excerpt":{"rendered":"<p>Per\u00edodo de elabora\u00e7\u00e3o: 2022 (conclu\u00eddo) Escopo do projeto: Formula\u00e7\u00e3o de m\u00e9todo de an\u00e1lise territorial em diferentes n\u00edveis (municipal, estadual, federal; local, metropolitano, regional, nacional). Decorreu de assist\u00eancia ao Instituto Terra Luminous sobre \u00e1rea de interesse ambiental no munic\u00edpio de Juquitiba-SP, a partir das complexidades da franja da Regi\u00e3o Metropolitana de S\u00e3o Paulo. Resultou em a\u00e7\u00f5es &hellip; <\/p>\n<p class=\"link-more\"><a href=\"https:\/\/sites.usp.br\/pexurb\/juquitiba\/\" class=\"more-link\">Continue lendo<span class=\"screen-reader-text\"> &#8220;PERSPECTIVAS MULTIESCALARES PARA O DESENVOLVIMENTO SUSTENT\u00c1VEL DE JUQUITIBA-SP&#8221;<\/span><\/a><\/p>\n","protected":false},"author":21820,"featured_media":0,"parent":0,"menu_order":0,"comment_status":"closed","ping_status":"closed","template":"","meta":{"footnotes":"","_links_to":"","_links_to_target":""},"class_list":["post-1663","page","type-page","status-publish","hentry"],"_links":{"self":[{"href":"https:\/\/sites.usp.br\/pexurb\/wp-json\/wp\/v2\/pages\/1663","targetHints":{"allow":["GET"]}}],"collection":[{"href":"https:\/\/sites.usp.br\/pexurb\/wp-json\/wp\/v2\/pages"}],"about":[{"href":"https:\/\/sites.usp.br\/pexurb\/wp-json\/wp\/v2\/types\/page"}],"author":[{"embeddable":true,"href":"https:\/\/sites.usp.br\/pexurb\/wp-json\/wp\/v2\/users\/21820"}],"replies":[{"embeddable":true,"href":"https:\/\/sites.usp.br\/pexurb\/wp-json\/wp\/v2\/comments?post=1663"}],"version-history":[{"count":4,"href":"https:\/\/sites.usp.br\/pexurb\/wp-json\/wp\/v2\/pages\/1663\/revisions"}],"predecessor-version":[{"id":2390,"href":"https:\/\/sites.usp.br\/pexurb\/wp-json\/wp\/v2\/pages\/1663\/revisions\/2390"}],"wp:attachment":[{"href":"https:\/\/sites.usp.br\/pexurb\/wp-json\/wp\/v2\/media?parent=1663"}],"curies":[{"name":"wp","href":"https:\/\/api.w.org\/{rel}","templated":true}]}}