{"id":184,"date":"2020-04-24T11:49:03","date_gmt":"2020-04-24T13:49:03","guid":{"rendered":"https:\/\/sites.usp.br\/pexurb\/?page_id=184"},"modified":"2025-06-27T19:47:37","modified_gmt":"2025-06-27T21:47:37","slug":"casa-branca","status":"publish","type":"page","link":"https:\/\/sites.usp.br\/pexurb\/casa-branca\/","title":{"rendered":"PLANO DIRETOR DE CASA BRANCA-SP"},"content":{"rendered":"<div id=\"pl-184\"  class=\"panel-layout\" ><div id=\"pg-184-0\"  class=\"panel-grid panel-no-style\" ><div id=\"pgc-184-0-0\"  class=\"panel-grid-cell\" ><div id=\"panel-184-0-0-0\" class=\"so-panel widget widget_text panel-first-child\" data-index=\"0\" >\t\t\t<div class=\"textwidget\"><p>&nbsp;<\/p>\n<p style=\"text-align: justify;\"><strong>Escopo do Projeto:<\/strong> Revis\u00e3o do plano diretor com processo participativo e importante atua\u00e7\u00e3o dos gestores p\u00fablicos. Prop\u00f4s novos instrumentos e solu\u00e7\u00f5es para o ordenamento territorial municipal levando-se em considera\u00e7\u00e3o sua condi\u00e7\u00e3o de munic\u00edpio de pequeno porte inserido em realidade regionalizada. Partiu das cr\u00edticas sobre o planejamento e o plano diretor e buscou inovar por planos de a\u00e7\u00f5es, desenho urban\u00edstico e governan\u00e7a.<\/p>\n<p><strong>Trabalhos t\u00e9cnicos:<\/strong> Pesquisa de campo, reuni\u00f5es com a comunidade para formula\u00e7\u00e3o do plano (7), audi\u00eancia p\u00fablica (1). Envolvimento de gestores p\u00fablicos, lideran\u00e7as comunit\u00e1rias, sociedade civil e t\u00e9cnicos<\/p>\n<p><strong>Popula\u00e7\u00e3o atendida (aproximada):<\/strong> 30.000 habitantes (diretamente)<\/p>\n<p><strong>\u00c1rea beneficiada (aproximada):<\/strong>\u00a0 864.225.000 m\u00b2 (diretamente)<\/p>\n<p><strong>Coordenador e colaboradores:<\/strong> Jeferson Tavares (coordenador e respons\u00e1vel t\u00e9cnico); Barossi Nakamura Arquitetos Associados<\/p>\n<p><strong>Equipe:<\/strong> Anna Laura Pereira Rossi, Ana Victoria Silva Gon\u00e7alves, Caroline Brassi Scapol, Erick Rodrigues de Souza, Felipe Galimberti dos Santos, J\u00falia Caltabiano Sampaio Vianna Carvalho Rosas, Lucas Campos Patr\u00edcio, Luiza Paes de Barros Camara de Lucia Beltramini, Marcelo Fern\u00e1ndez Baca dos Santos, Maria Brabo Silvestre Cust\u00f3dio, Mar\u00edlia Gaspar de Souza Lima, Natalia Mayumi Bernardino Tamanaka, Natalia Jacomino, Sara Marcelino da Silva de Almeida, Pedro Manfrinato Pavani Andrade, Vin\u00edcius Viccino Granato<\/p>\n<p>&nbsp;<\/p>\n<p><b>PUBLICA\u00c7\u00d5ES RELACIONADAS:<\/b><\/p>\n<p style=\"text-align: justify;\"><span style=\"font-weight: 400;\">PREFEITURA DE CASA BRANCA. <\/span><b>Lei n\u00ba 3.870, de 10 de novembro de 2022<\/b><span style=\"font-weight: 400;\">. Disp\u00f5e sobre o Plano Diretor Estrat\u00e9gico do munic\u00edpio de Casa Branca &#8211; SP. Casa Branca, 2022. Dispon\u00edvel em: <\/span><a href=\"https:\/\/leismunicipais.com.br\/plano-diretor-casa-branca-sp\"><span style=\"font-weight: 400;\">https:\/\/leismunicipais.com.br\/plano-diretor-casa-branca-sp<\/span><\/a><span style=\"font-weight: 400;\">\u00a0<\/span><\/p>\n<p>&nbsp;<\/p>\n<p><b>\u00a0PR\u00caMIOS RECEBIDOS PELO PROJETO:\u00a0<\/b><\/p>\n<p style=\"text-align: justify;\"><span style=\"font-weight: 400;\">(2022) Plano Diretor de Casa Branca 2020-2023. <\/span><b>Projeto selecionado para o <\/b><a href=\"https:\/\/sites.usp.br\/pexurb\/wp-content\/uploads\/sites\/716\/2023\/11\/3_GUIA_AGENDA_IAB_V4-compactado.pdf\"><b>3\u00b0 Guia IAB para Agenda 2030 (ODS 13)<\/b><\/a><span style=\"font-weight: 400;\">. Institui\u00e7\u00e3o promotora: IAB.<\/span><\/p>\n<p style=\"text-align: justify;\"><span style=\"font-weight: 400;\">(2021). A\u00e7\u00e3o contra a mudan\u00e7a global do clima: Plano Diretor de Casa Branca-SP 2020-2030. <\/span><b>Premia\u00e7\u00e3o IAB 2021<\/b><span style=\"font-weight: 400;\">. Institui\u00e7\u00e3o promotora: IAB.<\/span><\/p>\n<\/div>\n\t\t<\/div><div id=\"panel-184-0-0-1\" class=\"so-panel widget widget_media_gallery panel-last-child\" data-index=\"1\" ><div id='gallery-1' class='gallery galleryid-184 gallery-columns-3 gallery-size-thumbnail'><figure class='gallery-item'>\n\t\t\t<div class='gallery-icon landscape'>\n\t\t\t\t<a href='https:\/\/sites.usp.br\/pexurb\/wp-content\/uploads\/sites\/716\/2021\/08\/alterado_ordenamento-territorial768.png'><img decoding=\"async\" width=\"150\" height=\"150\" src=\"https:\/\/sites.usp.br\/pexurb\/wp-content\/uploads\/sites\/716\/2021\/08\/alterado_ordenamento-territorial768-150x150.png\" class=\"attachment-thumbnail size-thumbnail\" alt=\"\" srcset=\"https:\/\/sites.usp.br\/pexurb\/wp-content\/uploads\/sites\/716\/2021\/08\/alterado_ordenamento-territorial768-150x150.png 150w, https:\/\/sites.usp.br\/pexurb\/wp-content\/uploads\/sites\/716\/2021\/08\/alterado_ordenamento-territorial768-300x300.png 300w, https:\/\/sites.usp.br\/pexurb\/wp-content\/uploads\/sites\/716\/2021\/08\/alterado_ordenamento-territorial768-1024x1024.png 1024w, https:\/\/sites.usp.br\/pexurb\/wp-content\/uploads\/sites\/716\/2021\/08\/alterado_ordenamento-territorial768-768x768.png 768w, https:\/\/sites.usp.br\/pexurb\/wp-content\/uploads\/sites\/716\/2021\/08\/alterado_ordenamento-territorial768-1536x1536.png 1536w, https:\/\/sites.usp.br\/pexurb\/wp-content\/uploads\/sites\/716\/2021\/08\/alterado_ordenamento-territorial768-2048x2048.png 2048w, https:\/\/sites.usp.br\/pexurb\/wp-content\/uploads\/sites\/716\/2021\/08\/alterado_ordenamento-territorial768-45x45.png 45w, https:\/\/sites.usp.br\/pexurb\/wp-content\/uploads\/sites\/716\/2021\/08\/alterado_ordenamento-territorial768-200x200.png 200w, https:\/\/sites.usp.br\/pexurb\/wp-content\/uploads\/sites\/716\/2021\/08\/alterado_ordenamento-territorial768-400x400.png 400w\" sizes=\"100vw\" \/><\/a>\n\t\t\t<\/div><\/figure><figure class='gallery-item'>\n\t\t\t<div class='gallery-icon landscape'>\n\t\t\t\t<a href='https:\/\/sites.usp.br\/pexurb\/wp-content\/uploads\/sites\/716\/2021\/06\/alterado_dimensoes-do-planejamento-1.png'><img decoding=\"async\" width=\"150\" height=\"150\" src=\"https:\/\/sites.usp.br\/pexurb\/wp-content\/uploads\/sites\/716\/2021\/06\/alterado_dimensoes-do-planejamento-1-150x150.png\" class=\"attachment-thumbnail size-thumbnail\" alt=\"\" srcset=\"https:\/\/sites.usp.br\/pexurb\/wp-content\/uploads\/sites\/716\/2021\/06\/alterado_dimensoes-do-planejamento-1-150x150.png 150w, https:\/\/sites.usp.br\/pexurb\/wp-content\/uploads\/sites\/716\/2021\/06\/alterado_dimensoes-do-planejamento-1-300x300.png 300w, https:\/\/sites.usp.br\/pexurb\/wp-content\/uploads\/sites\/716\/2021\/06\/alterado_dimensoes-do-planejamento-1-1024x1024.png 1024w, https:\/\/sites.usp.br\/pexurb\/wp-content\/uploads\/sites\/716\/2021\/06\/alterado_dimensoes-do-planejamento-1-768x768.png 768w, https:\/\/sites.usp.br\/pexurb\/wp-content\/uploads\/sites\/716\/2021\/06\/alterado_dimensoes-do-planejamento-1-1536x1536.png 1536w, https:\/\/sites.usp.br\/pexurb\/wp-content\/uploads\/sites\/716\/2021\/06\/alterado_dimensoes-do-planejamento-1-2048x2048.png 2048w, https:\/\/sites.usp.br\/pexurb\/wp-content\/uploads\/sites\/716\/2021\/06\/alterado_dimensoes-do-planejamento-1-45x45.png 45w, https:\/\/sites.usp.br\/pexurb\/wp-content\/uploads\/sites\/716\/2021\/06\/alterado_dimensoes-do-planejamento-1-200x200.png 200w, https:\/\/sites.usp.br\/pexurb\/wp-content\/uploads\/sites\/716\/2021\/06\/alterado_dimensoes-do-planejamento-1-400x400.png 400w\" sizes=\"100vw\" \/><\/a>\n\t\t\t<\/div><\/figure><figure class='gallery-item'>\n\t\t\t<div class='gallery-icon landscape'>\n\t\t\t\t<a href='https:\/\/sites.usp.br\/pexurb\/wp-content\/uploads\/sites\/716\/2021\/06\/plano-multiescalar.png'><img decoding=\"async\" width=\"150\" height=\"150\" src=\"https:\/\/sites.usp.br\/pexurb\/wp-content\/uploads\/sites\/716\/2021\/06\/plano-multiescalar-150x150.png\" class=\"attachment-thumbnail size-thumbnail\" alt=\"\" srcset=\"https:\/\/sites.usp.br\/pexurb\/wp-content\/uploads\/sites\/716\/2021\/06\/plano-multiescalar-150x150.png 150w, https:\/\/sites.usp.br\/pexurb\/wp-content\/uploads\/sites\/716\/2021\/06\/plano-multiescalar-300x300.png 300w, https:\/\/sites.usp.br\/pexurb\/wp-content\/uploads\/sites\/716\/2021\/06\/plano-multiescalar-1024x1024.png 1024w, https:\/\/sites.usp.br\/pexurb\/wp-content\/uploads\/sites\/716\/2021\/06\/plano-multiescalar-768x768.png 768w, https:\/\/sites.usp.br\/pexurb\/wp-content\/uploads\/sites\/716\/2021\/06\/plano-multiescalar-1536x1536.png 1536w, https:\/\/sites.usp.br\/pexurb\/wp-content\/uploads\/sites\/716\/2021\/06\/plano-multiescalar-2048x2048.png 2048w, https:\/\/sites.usp.br\/pexurb\/wp-content\/uploads\/sites\/716\/2021\/06\/plano-multiescalar-45x45.png 45w, https:\/\/sites.usp.br\/pexurb\/wp-content\/uploads\/sites\/716\/2021\/06\/plano-multiescalar-200x200.png 200w, https:\/\/sites.usp.br\/pexurb\/wp-content\/uploads\/sites\/716\/2021\/06\/plano-multiescalar-400x400.png 400w\" sizes=\"100vw\" \/><\/a>\n\t\t\t<\/div><\/figure><figure class='gallery-item'>\n\t\t\t<div class='gallery-icon landscape'>\n\t\t\t\t<a href='https:\/\/sites.usp.br\/pexurb\/wp-content\/uploads\/sites\/716\/2021\/06\/wc3.png'><img loading=\"lazy\" decoding=\"async\" width=\"150\" height=\"150\" src=\"https:\/\/sites.usp.br\/pexurb\/wp-content\/uploads\/sites\/716\/2021\/06\/wc3-150x150.png\" class=\"attachment-thumbnail size-thumbnail\" alt=\"\" srcset=\"https:\/\/sites.usp.br\/pexurb\/wp-content\/uploads\/sites\/716\/2021\/06\/wc3-150x150.png 150w, https:\/\/sites.usp.br\/pexurb\/wp-content\/uploads\/sites\/716\/2021\/06\/wc3-45x45.png 45w, https:\/\/sites.usp.br\/pexurb\/wp-content\/uploads\/sites\/716\/2021\/06\/wc3-200x200.png 200w\" sizes=\"100vw\" \/><\/a>\n\t\t\t<\/div><\/figure><figure class='gallery-item'>\n\t\t\t<div class='gallery-icon landscape'>\n\t\t\t\t<a href='https:\/\/sites.usp.br\/pexurb\/wp-content\/uploads\/sites\/716\/2021\/06\/Alterado_Diagrama-antes-e-depois.png'><img loading=\"lazy\" decoding=\"async\" width=\"150\" height=\"150\" src=\"https:\/\/sites.usp.br\/pexurb\/wp-content\/uploads\/sites\/716\/2021\/06\/Alterado_Diagrama-antes-e-depois-150x150.png\" class=\"attachment-thumbnail size-thumbnail\" alt=\"\" srcset=\"https:\/\/sites.usp.br\/pexurb\/wp-content\/uploads\/sites\/716\/2021\/06\/Alterado_Diagrama-antes-e-depois-150x150.png 150w, https:\/\/sites.usp.br\/pexurb\/wp-content\/uploads\/sites\/716\/2021\/06\/Alterado_Diagrama-antes-e-depois-45x45.png 45w, https:\/\/sites.usp.br\/pexurb\/wp-content\/uploads\/sites\/716\/2021\/06\/Alterado_Diagrama-antes-e-depois-200x200.png 200w\" sizes=\"100vw\" \/><\/a>\n\t\t\t<\/div><\/figure>\n\t\t<\/div>\n<\/div><\/div><\/div><\/div>","protected":false},"excerpt":{"rendered":"<p>&nbsp; Escopo do Projeto: Revis\u00e3o do plano diretor com processo participativo e importante atua\u00e7\u00e3o dos gestores p\u00fablicos. Prop\u00f4s novos instrumentos e solu\u00e7\u00f5es para o ordenamento territorial municipal levando-se em considera\u00e7\u00e3o sua condi\u00e7\u00e3o de munic\u00edpio de pequeno porte inserido em realidade regionalizada. Partiu das cr\u00edticas sobre o planejamento e o plano diretor e buscou inovar por &hellip; <\/p>\n<p class=\"link-more\"><a href=\"https:\/\/sites.usp.br\/pexurb\/casa-branca\/\" class=\"more-link\">Continue lendo<span class=\"screen-reader-text\"> &#8220;PLANO DIRETOR DE CASA BRANCA-SP&#8221;<\/span><\/a><\/p>\n","protected":false},"author":21820,"featured_media":0,"parent":0,"menu_order":0,"comment_status":"closed","ping_status":"closed","template":"","meta":{"footnotes":"","_links_to":"","_links_to_target":""},"class_list":["post-184","page","type-page","status-publish","hentry"],"_links":{"self":[{"href":"https:\/\/sites.usp.br\/pexurb\/wp-json\/wp\/v2\/pages\/184","targetHints":{"allow":["GET"]}}],"collection":[{"href":"https:\/\/sites.usp.br\/pexurb\/wp-json\/wp\/v2\/pages"}],"about":[{"href":"https:\/\/sites.usp.br\/pexurb\/wp-json\/wp\/v2\/types\/page"}],"author":[{"embeddable":true,"href":"https:\/\/sites.usp.br\/pexurb\/wp-json\/wp\/v2\/users\/21820"}],"replies":[{"embeddable":true,"href":"https:\/\/sites.usp.br\/pexurb\/wp-json\/wp\/v2\/comments?post=184"}],"version-history":[{"count":4,"href":"https:\/\/sites.usp.br\/pexurb\/wp-json\/wp\/v2\/pages\/184\/revisions"}],"predecessor-version":[{"id":2218,"href":"https:\/\/sites.usp.br\/pexurb\/wp-json\/wp\/v2\/pages\/184\/revisions\/2218"}],"wp:attachment":[{"href":"https:\/\/sites.usp.br\/pexurb\/wp-json\/wp\/v2\/media?parent=184"}],"curies":[{"name":"wp","href":"https:\/\/api.w.org\/{rel}","templated":true}]}}