{"id":26,"date":"2013-11-21T19:00:33","date_gmt":"2013-11-21T19:00:33","guid":{"rendered":"http:\/\/sites.usp.br\/pexurb\/?page_id=26"},"modified":"2025-06-28T01:58:17","modified_gmt":"2025-06-28T04:58:17","slug":"contato","status":"publish","type":"page","link":"https:\/\/sites.usp.br\/pexurb\/contato\/","title":{"rendered":"CONTATOS"},"content":{"rendered":"<div id=\"pl-26\"  class=\"panel-layout\" ><div id=\"pg-26-0\"  class=\"panel-grid panel-no-style\" ><div id=\"pgc-26-0-0\"  class=\"panel-grid-cell\" ><div id=\"panel-26-0-0-0\" class=\"so-panel widget widget_text panel-first-child panel-last-child\" data-index=\"0\" >\t\t\t<div class=\"textwidget\"><p><a href=\"https:\/\/sites.usp.br\/pexurb\/wp-content\/uploads\/sites\/716\/2025\/06\/cropped-logo-PEX.png\"><img loading=\"lazy\" decoding=\"async\" class=\"alignnone wp-image-2500\" src=\"https:\/\/sites.usp.br\/pexurb\/wp-content\/uploads\/sites\/716\/2025\/06\/cropped-logo-PEX.png\" alt=\"\" width=\"180\" height=\"180\" srcset=\"https:\/\/sites.usp.br\/pexurb\/wp-content\/uploads\/sites\/716\/2025\/06\/cropped-logo-PEX.png 250w, https:\/\/sites.usp.br\/pexurb\/wp-content\/uploads\/sites\/716\/2025\/06\/cropped-logo-PEX-150x150.png 150w, https:\/\/sites.usp.br\/pexurb\/wp-content\/uploads\/sites\/716\/2025\/06\/cropped-logo-PEX-100x100.png 100w, https:\/\/sites.usp.br\/pexurb\/wp-content\/uploads\/sites\/716\/2025\/06\/cropped-logo-PEX-45x45.png 45w, https:\/\/sites.usp.br\/pexurb\/wp-content\/uploads\/sites\/716\/2025\/06\/cropped-logo-PEX-200x200.png 200w\" sizes=\"(max-width: 180px) 100vw, 180px\" \/><\/a><\/p>\n<p><strong>PExURB<\/strong><br \/>\nPr\u00e1ticas em Pesquisa, Ensino e<br \/>\nExtens\u00e3o em Urbanismo<\/p>\n<p><strong>Coordena\u00e7\u00e3o<\/strong><br \/>\nDr. Jeferson Cristiano Tavares<br \/>\nContato: jctavares@usp.br<\/p>\n<p><a href=\"https:\/\/www.instagram.com\/pex.urb\/\" target=\"_blank\" rel=\"https:\/\/www.instagram.com\/pex.urb\/ noopener\"><img loading=\"lazy\" decoding=\"async\" class=\"alignnone wp-image-2530\" src=\"https:\/\/sites.usp.br\/pexurb\/wp-content\/uploads\/sites\/716\/2025\/06\/Black-White-Elegant-Classic-Minimalist-Personal-Monogram-Logo-4-300x300.png\" alt=\"\" width=\"50\" height=\"50\" srcset=\"https:\/\/sites.usp.br\/pexurb\/wp-content\/uploads\/sites\/716\/2025\/06\/Black-White-Elegant-Classic-Minimalist-Personal-Monogram-Logo-4-300x300.png 300w, https:\/\/sites.usp.br\/pexurb\/wp-content\/uploads\/sites\/716\/2025\/06\/Black-White-Elegant-Classic-Minimalist-Personal-Monogram-Logo-4-1024x1024.png 1024w, https:\/\/sites.usp.br\/pexurb\/wp-content\/uploads\/sites\/716\/2025\/06\/Black-White-Elegant-Classic-Minimalist-Personal-Monogram-Logo-4-150x150.png 150w, https:\/\/sites.usp.br\/pexurb\/wp-content\/uploads\/sites\/716\/2025\/06\/Black-White-Elegant-Classic-Minimalist-Personal-Monogram-Logo-4-768x768.png 768w, https:\/\/sites.usp.br\/pexurb\/wp-content\/uploads\/sites\/716\/2025\/06\/Black-White-Elegant-Classic-Minimalist-Personal-Monogram-Logo-4-1536x1536.png 1536w, https:\/\/sites.usp.br\/pexurb\/wp-content\/uploads\/sites\/716\/2025\/06\/Black-White-Elegant-Classic-Minimalist-Personal-Monogram-Logo-4-100x100.png 100w, https:\/\/sites.usp.br\/pexurb\/wp-content\/uploads\/sites\/716\/2025\/06\/Black-White-Elegant-Classic-Minimalist-Personal-Monogram-Logo-4-45x45.png 45w, https:\/\/sites.usp.br\/pexurb\/wp-content\/uploads\/sites\/716\/2025\/06\/Black-White-Elegant-Classic-Minimalist-Personal-Monogram-Logo-4-200x200.png 200w, https:\/\/sites.usp.br\/pexurb\/wp-content\/uploads\/sites\/716\/2025\/06\/Black-White-Elegant-Classic-Minimalist-Personal-Monogram-Logo-4-400x400.png 400w, https:\/\/sites.usp.br\/pexurb\/wp-content\/uploads\/sites\/716\/2025\/06\/Black-White-Elegant-Classic-Minimalist-Personal-Monogram-Logo-4.png 1563w\" sizes=\"(max-width: 50px) 100vw, 50px\" \/><\/a><a href=\"https:\/\/www.youtube.com\/@grupodepesquisapexurb6136\" target=\"_blank\" rel=\"https:\/\/www.youtube.com\/@grupodepesquisapexurb6136 noopener\">\u00a0 \u00a0<img loading=\"lazy\" decoding=\"async\" class=\"alignnone wp-image-2529\" src=\"https:\/\/sites.usp.br\/pexurb\/wp-content\/uploads\/sites\/716\/2025\/06\/Black-White-Elegant-Classic-Minimalist-Personal-Monogram-Logo-5-300x300.png\" alt=\"\" width=\"50\" height=\"50\" srcset=\"https:\/\/sites.usp.br\/pexurb\/wp-content\/uploads\/sites\/716\/2025\/06\/Black-White-Elegant-Classic-Minimalist-Personal-Monogram-Logo-5-300x300.png 300w, https:\/\/sites.usp.br\/pexurb\/wp-content\/uploads\/sites\/716\/2025\/06\/Black-White-Elegant-Classic-Minimalist-Personal-Monogram-Logo-5-1024x1024.png 1024w, https:\/\/sites.usp.br\/pexurb\/wp-content\/uploads\/sites\/716\/2025\/06\/Black-White-Elegant-Classic-Minimalist-Personal-Monogram-Logo-5-150x150.png 150w, https:\/\/sites.usp.br\/pexurb\/wp-content\/uploads\/sites\/716\/2025\/06\/Black-White-Elegant-Classic-Minimalist-Personal-Monogram-Logo-5-768x768.png 768w, https:\/\/sites.usp.br\/pexurb\/wp-content\/uploads\/sites\/716\/2025\/06\/Black-White-Elegant-Classic-Minimalist-Personal-Monogram-Logo-5-1536x1536.png 1536w, https:\/\/sites.usp.br\/pexurb\/wp-content\/uploads\/sites\/716\/2025\/06\/Black-White-Elegant-Classic-Minimalist-Personal-Monogram-Logo-5-100x100.png 100w, https:\/\/sites.usp.br\/pexurb\/wp-content\/uploads\/sites\/716\/2025\/06\/Black-White-Elegant-Classic-Minimalist-Personal-Monogram-Logo-5-45x45.png 45w, https:\/\/sites.usp.br\/pexurb\/wp-content\/uploads\/sites\/716\/2025\/06\/Black-White-Elegant-Classic-Minimalist-Personal-Monogram-Logo-5-200x200.png 200w, https:\/\/sites.usp.br\/pexurb\/wp-content\/uploads\/sites\/716\/2025\/06\/Black-White-Elegant-Classic-Minimalist-Personal-Monogram-Logo-5-400x400.png 400w, https:\/\/sites.usp.br\/pexurb\/wp-content\/uploads\/sites\/716\/2025\/06\/Black-White-Elegant-Classic-Minimalist-Personal-Monogram-Logo-5.png 1563w\" sizes=\"(max-width: 50px) 100vw, 50px\" \/><\/a><\/p>\n<\/div>\n\t\t<\/div><\/div><div id=\"pgc-26-0-1\"  class=\"panel-grid-cell\" ><div id=\"panel-26-0-1-0\" class=\"so-panel widget widget_text panel-first-child panel-last-child\" data-index=\"1\" >\t\t\t<div class=\"textwidget\"><p>&nbsp;<\/p>\n<p><a href=\"https:\/\/sites.usp.br\/pexurb\/wp-content\/uploads\/sites\/716\/2025\/06\/logo_principal_assinatura03_preto.png\"><img loading=\"lazy\" decoding=\"async\" loading=\"lazy\" class=\"alignnone wp-image-2508\" src=\"https:\/\/sites.usp.br\/pexurb\/wp-content\/uploads\/sites\/716\/2025\/06\/logo_principal_assinatura03_preto-300x96.png\" alt=\"\" width=\"250\" height=\"80\" srcset=\"https:\/\/sites.usp.br\/pexurb\/wp-content\/uploads\/sites\/716\/2025\/06\/logo_principal_assinatura03_preto-300x96.png 300w, https:\/\/sites.usp.br\/pexurb\/wp-content\/uploads\/sites\/716\/2025\/06\/logo_principal_assinatura03_preto-1024x329.png 1024w, https:\/\/sites.usp.br\/pexurb\/wp-content\/uploads\/sites\/716\/2025\/06\/logo_principal_assinatura03_preto-768x247.png 768w, https:\/\/sites.usp.br\/pexurb\/wp-content\/uploads\/sites\/716\/2025\/06\/logo_principal_assinatura03_preto-1536x494.png 1536w, https:\/\/sites.usp.br\/pexurb\/wp-content\/uploads\/sites\/716\/2025\/06\/logo_principal_assinatura03_preto-2048x658.png 2048w, https:\/\/sites.usp.br\/pexurb\/wp-content\/uploads\/sites\/716\/2025\/06\/logo_principal_assinatura03_preto-400x129.png 400w\" sizes=\"auto, (max-width: 250px) 100vw, 250px\" \/><\/a><\/p>\n<p>&nbsp;<\/p>\n<p><strong>Instituto de Arquitetura e Urbanismo<\/strong><br \/>\nUniversidade de S\u00e3o Paulo &#8211; <em>Campus<\/em> S\u00e3o Carlos<br \/>\nAvenida Trabalhador S\u00e3o-Carlense, 400<br \/>\nS\u00e3o Carlos &#8211; SP &#8211; Brasil<br \/>\nCEP 13.566-90<br \/>\nTelefone: +55 (16)\u00a03373-9310<\/p>\n<\/div>\n\t\t<\/div><\/div><\/div><\/div>","protected":false},"excerpt":{"rendered":"<p>PExURB Pr\u00e1ticas em Pesquisa, Ensino e Extens\u00e3o em Urbanismo Coordena\u00e7\u00e3o Dr. Jeferson Cristiano Tavares Contato: jctavares@usp.br \u00a0 \u00a0 &nbsp; &nbsp; Instituto de Arquitetura e Urbanismo Universidade de S\u00e3o Paulo &#8211; Campus S\u00e3o Carlos Avenida Trabalhador S\u00e3o-Carlense, 400 S\u00e3o Carlos &#8211; SP &#8211; Brasil CEP 13.566-90 Telefone: +55 (16)\u00a03373-9310<\/p>\n","protected":false},"author":1,"featured_media":0,"parent":0,"menu_order":0,"comment_status":"closed","ping_status":"closed","template":"","meta":{"footnotes":"","_links_to":"","_links_to_target":""},"class_list":["post-26","page","type-page","status-publish","hentry"],"_links":{"self":[{"href":"https:\/\/sites.usp.br\/pexurb\/wp-json\/wp\/v2\/pages\/26","targetHints":{"allow":["GET"]}}],"collection":[{"href":"https:\/\/sites.usp.br\/pexurb\/wp-json\/wp\/v2\/pages"}],"about":[{"href":"https:\/\/sites.usp.br\/pexurb\/wp-json\/wp\/v2\/types\/page"}],"author":[{"embeddable":true,"href":"https:\/\/sites.usp.br\/pexurb\/wp-json\/wp\/v2\/users\/1"}],"replies":[{"embeddable":true,"href":"https:\/\/sites.usp.br\/pexurb\/wp-json\/wp\/v2\/comments?post=26"}],"version-history":[{"count":4,"href":"https:\/\/sites.usp.br\/pexurb\/wp-json\/wp\/v2\/pages\/26\/revisions"}],"predecessor-version":[{"id":2532,"href":"https:\/\/sites.usp.br\/pexurb\/wp-json\/wp\/v2\/pages\/26\/revisions\/2532"}],"wp:attachment":[{"href":"https:\/\/sites.usp.br\/pexurb\/wp-json\/wp\/v2\/media?parent=26"}],"curies":[{"name":"wp","href":"https:\/\/api.w.org\/{rel}","templated":true}]}}