{"id":199,"date":"2026-01-28T16:04:27","date_gmt":"2026-01-28T18:04:27","guid":{"rendered":"https:\/\/sites.usp.br\/pgeha\/?page_id=199"},"modified":"2026-03-04T16:06:01","modified_gmt":"2026-03-04T18:06:01","slug":"processo-seletivo","status":"publish","type":"page","link":"https:\/\/sites.usp.br\/pgeha\/processo-seletivo\/","title":{"rendered":"PROCESSO SELETIVO"},"content":{"rendered":"\n<p><span style=\"font-family: arial, helvetica, sans-serif; font-size: 14pt;\">O processo seletivo para Aluno Regular (publica\u00e7\u00e3o do edital, inscri\u00e7\u00f5es e provas de sele\u00e7\u00e3o) acontece, normalmente, no segundo semestre de cada ano; os alunos selecionados iniciam seus cursos, portanto, no primeiro semestre do ano seguinte.<\/span><\/p>\n\n\n\n<p><span style=\"font-family: arial, helvetica, sans-serif; font-size: 14pt;\">O processo seletivo para Aluno Especial (publica\u00e7\u00e3o do edital, inscri\u00e7\u00f5es e sele\u00e7\u00e3o) acontece a cada semestre, depois que temos a defini\u00e7\u00e3o de quais disciplinas ser\u00e3o oferecidas no semestre seguinte. O edital \u00e9 publicado, portanto, em meados de janeiro para o ingresso no primeiro semestre e em meados de junho para o ingresso no segundo semestre. Os cr\u00e9ditos obtidos como Aluno Especial podem ser aproveitados futuramente, mediante regulamento vigente, num poss\u00edvel ingresso como Aluno Regular.<\/span><\/p>\n\n\n\n<p><span style=\"font-family: arial, helvetica, sans-serif; font-size: 14pt;\">Os editais \u201cencerrados\u201d permanecem p\u00fablicos para servirem de orienta\u00e7\u00e3o ao interessado: fique atento ao calend\u00e1rio.<\/span><\/p>\n\n\n\n<p><span style=\"font-family: arial, helvetica, sans-serif; font-size: 14pt;\">O\u00a0<strong>Programa de P\u00f3s-Gradua\u00e7\u00e3o Interunidades em Est\u00e9tica e Hist\u00f3ria da Arte<\/strong>\u00a0oferece, regularmente, vagas para\u00a0<a href=\"https:\/\/sites.usp.br\/pgeha\/aluno-regular\/\" target=\"_blank\" rel=\"noreferrer noopener\">Aluno Regular<\/a>\u00a0(Mestrado e Doutorado) e vagas para\u00a0<a href=\"https:\/\/sites.usp.br\/pgeha\/aluno-especial\/\">Aluno Especial<\/a>\u00a0(pessoas que acompanham as aulas de alguma disciplina).<\/span><\/p>\n\n\n\n<p><span style=\"font-family: arial, helvetica, sans-serif; font-size: 14pt;\">Os crit\u00e9rios para sele\u00e7\u00e3o de novos alunos est\u00e3o descritos no&nbsp;<a href=\"http:\/\/www.leginf.usp.br\/?resolucao=resolucao-copgr-no-7942-de-18-de-marco-de-2020\" target=\"_blank\" rel=\"noopener\">Regulamento do PGEHA<\/a>. Normas espec\u00edficas de cada processo seletivo (datas, n\u00famero de vagas, etc.) s\u00e3o estabelecidos em edital publicado a cada nova oferta de vagas.<\/span><\/p>\n\n\n\n<p><strong><span style=\"font-family: arial, helvetica, sans-serif; font-size: 14pt;\">Providencie profici\u00eancia em l\u00edngua estrangeira.<\/span><\/strong><\/p>\n\n\n\n<p><strong><span style=\"font-family: arial, helvetica, sans-serif; font-size: 14pt;\">Veja, nos editais, quais s\u00e3o os documentos exigidos para a inscri\u00e7\u00e3o e a matr\u00edcula.&nbsp;<\/span><\/strong><\/p>\n","protected":false},"excerpt":{"rendered":"<p>O processo seletivo para Aluno Regular (publica\u00e7\u00e3o do edital, inscri\u00e7\u00f5es e provas de sele\u00e7\u00e3o) acontece, normalmente, no segundo semestre de cada ano; os alunos selecionados iniciam seus cursos, portanto, no primeiro semestre do ano seguinte. O processo seletivo para Aluno Especial (publica\u00e7\u00e3o do edital, inscri\u00e7\u00f5es e sele\u00e7\u00e3o) acontece a cada semestre, depois que temos a defini\u00e7\u00e3o de quais disciplinas ser\u00e3o oferecidas no semestre seguinte. O edital \u00e9 publicado, portanto, em meados de janeiro para o ingresso no primeiro semestre e em meados de junho para o ingresso no segundo semestre. Os cr\u00e9ditos obtidos como Aluno Especial podem ser aproveitados futuramente, mediante regulamento vigente, num poss\u00edvel ingresso como Aluno Regular. Os editais \u201cencerrados\u201d permanecem p\u00fablicos para servirem de orienta\u00e7\u00e3o ao interessado: fique atento ao calend\u00e1rio. O\u00a0Programa de P\u00f3s-Gradua\u00e7\u00e3o Interunidades em Est\u00e9tica e Hist\u00f3ria da Arte\u00a0oferece, regularmente, vagas para\u00a0Aluno Regular\u00a0(Mestrado e Doutorado) e vagas para\u00a0Aluno Especial\u00a0(pessoas que acompanham as aulas de alguma disciplina). Os crit\u00e9rios para sele\u00e7\u00e3o de novos alunos est\u00e3o descritos no&nbsp;Regulamento do PGEHA. Normas espec\u00edficas de cada processo seletivo (datas, n\u00famero de vagas, etc.) s\u00e3o estabelecidos em edital publicado a cada nova oferta de vagas. Providencie profici\u00eancia em l\u00edngua estrangeira. Veja, nos editais, quais s\u00e3o os documentos exigidos para a [&#8230;]<\/p>\n","protected":false},"author":1214,"featured_media":0,"parent":0,"menu_order":0,"comment_status":"closed","ping_status":"closed","template":"","meta":{"footnotes":"","_links_to":"","_links_to_target":""},"class_list":["post-199","page","type-page","status-publish","hentry"],"_links":{"self":[{"href":"https:\/\/sites.usp.br\/pgeha\/wp-json\/wp\/v2\/pages\/199","targetHints":{"allow":["GET"]}}],"collection":[{"href":"https:\/\/sites.usp.br\/pgeha\/wp-json\/wp\/v2\/pages"}],"about":[{"href":"https:\/\/sites.usp.br\/pgeha\/wp-json\/wp\/v2\/types\/page"}],"author":[{"embeddable":true,"href":"https:\/\/sites.usp.br\/pgeha\/wp-json\/wp\/v2\/users\/1214"}],"replies":[{"embeddable":true,"href":"https:\/\/sites.usp.br\/pgeha\/wp-json\/wp\/v2\/comments?post=199"}],"version-history":[{"count":4,"href":"https:\/\/sites.usp.br\/pgeha\/wp-json\/wp\/v2\/pages\/199\/revisions"}],"predecessor-version":[{"id":1182,"href":"https:\/\/sites.usp.br\/pgeha\/wp-json\/wp\/v2\/pages\/199\/revisions\/1182"}],"wp:attachment":[{"href":"https:\/\/sites.usp.br\/pgeha\/wp-json\/wp\/v2\/media?parent=199"}],"curies":[{"name":"wp","href":"https:\/\/api.w.org\/{rel}","templated":true}]}}