{"id":234,"date":"2026-01-28T16:19:37","date_gmt":"2026-01-28T18:19:37","guid":{"rendered":"https:\/\/sites.usp.br\/pgeha\/?page_id=234"},"modified":"2026-03-09T17:42:33","modified_gmt":"2026-03-09T19:42:33","slug":"disciplinas-2","status":"publish","type":"page","link":"https:\/\/sites.usp.br\/pgeha\/disciplinas-2\/","title":{"rendered":"DISCIPLINAS"},"content":{"rendered":"<p><span style=\"font-family: arial, helvetica, sans-serif;\"><strong>QUADRO DE DISCIPLINAS DO 1\u00b0 SEMESTRE DE 2026<\/strong><\/span><\/p>\r\n<p>&nbsp;<\/p>\r\n\r\n<div class=\"wp-block-columns is-layout-flex wp-container-core-columns-is-layout-9d6595d7 wp-block-columns-is-layout-flex\">\r\n<div class=\"wp-block-column is-layout-flow wp-block-column-is-layout-flow\" style=\"flex-basis: 100%;\"><span style=\"font-family: arial, helvetica, sans-serif;\">  <\/span>\r\n<figure class=\"wp-block-table has-small-font-size\">\r\n<table class=\"has-fixed-layout\">\r\n<tbody>\r\n<tr>\r\n<td>\u00a0<\/td>\r\n<td><span style=\"font-family: arial, helvetica, sans-serif;\"><strong>Segunda<\/strong><\/span><\/td>\r\n<td><span style=\"font-family: arial, helvetica, sans-serif;\"><strong>Ter\u00e7a<\/strong><\/span><\/td>\r\n<td><span style=\"font-family: arial, helvetica, sans-serif;\"><strong>Quarta<\/strong><\/span><\/td>\r\n<td><span style=\"font-family: arial, helvetica, sans-serif;\"><strong>Quinta<\/strong><\/span><\/td>\r\n<td><span style=\"font-family: arial, helvetica, sans-serif;\"><strong>Sexta<\/strong><\/span><\/td>\r\n<\/tr>\r\n<tr>\r\n<td><span style=\"font-family: arial, helvetica, sans-serif;\"><strong>Manh\u00e3<\/strong><\/span><\/td>\r\n<td>\u00a0<\/td>\r\n<td>\u00a0<\/td>\r\n<td>\u00a0<\/td>\r\n<td><span style=\"font-family: arial, helvetica, sans-serif;\"><strong><mark class=\"has-inline-color has-vivid-red-color\" style=\"background-color: rgba(0, 0, 0, 0);\">EHA5727<\/mark><\/strong> &#8211; <a href=\"https:\/\/uspdigital.usp.br\/janus\/componente\/disciplinasOferecidasInicial.jsf?action=3&amp;sgldis=EHA5727\" target=\"_blank\" rel=\"noopener\">Espa\u00e7os da Arte: Hist\u00f3ria das Exposi\u00e7\u00f5es e Arquitetura de Museus<\/a><\/span><br \/><span style=\"font-family: arial, helvetica, sans-serif;\">MAC (audit\u00f3rio)<\/span><br \/><span style=\"font-family: arial, helvetica, sans-serif;\">9h \u00e0s 13h<\/span><br \/><span style=\"font-family: arial, helvetica, sans-serif;\">In\u00edcio: 12\/03<\/span><br \/><span style=\"font-family: arial, helvetica, sans-serif;\">Profa. Helouise Costa<\/span><\/td>\r\n<td><span style=\"font-family: arial, helvetica, sans-serif;\"><strong><mark class=\"has-inline-color has-vivid-red-color\" style=\"background-color: rgba(0, 0, 0, 0);\">EHA5748<\/mark><\/strong> &#8211; <a href=\"https:\/\/uspdigital.usp.br\/janus\/componente\/disciplinasOferecidasInicial.jsf?action=3&amp;sgldis=EHA5748\" target=\"_blank\" rel=\"noopener\">Estudo das Rela\u00e7\u00f5es entre Arte e Psican\u00e1lise<\/a><\/span><br \/><span style=\"font-family: arial, helvetica, sans-serif;\">ECA (sala 205)<\/span><br \/><span style=\"font-family: arial, helvetica, sans-serif;\">10h \u00e0s 12h30<\/span><br \/><span style=\"font-family: arial, helvetica, sans-serif;\">In\u00edcio: 13\/03<\/span><br \/><span style=\"font-family: arial, helvetica, sans-serif;\">Profa. Cristina Costa<\/span><\/td>\r\n<\/tr>\r\n<tr>\r\n<td><span style=\"font-family: arial, helvetica, sans-serif;\"><strong>Tarde<\/strong><\/span><\/td>\r\n<td><span style=\"font-family: arial, helvetica, sans-serif;\"><mark class=\"has-inline-color has-vivid-red-color\" style=\"background-color: rgba(0, 0, 0, 0);\"><strong>EHA5714<\/strong><\/mark> &#8211; <a href=\"https:\/\/uspdigital.usp.br\/janus\/componente\/disciplinasOferecidasInicial.jsf?action=3&amp;sgldis=EHA5714\" target=\"_blank\" rel=\"noopener\">Aspectos Econ\u00f4micos e Mercadol\u00f3gicos da Arte<\/a><\/span><br \/><span style=\"font-family: arial, helvetica, sans-serif;\">PGEHA<\/span><br \/><span style=\"font-family: arial, helvetica, sans-serif;\">14h \u00e0s 17h<\/span><br \/><span style=\"font-family: arial, helvetica, sans-serif;\">In\u00edcio: 02\/03<\/span><br \/><span style=\"font-family: arial, helvetica, sans-serif;\">Profa. Jane Marques<\/span><\/td>\r\n<td><span style=\"font-family: arial, helvetica, sans-serif;\"><strong><mark class=\"has-inline-color has-vivid-red-color\" style=\"background-color: rgba(0, 0, 0, 0);\">EHA5747<\/mark><\/strong> &#8211; <a href=\"https:\/\/uspdigital.usp.br\/janus\/componente\/disciplinasOferecidasInicial.jsf?action=3&amp;sgldis=EHA5747\" target=\"_blank\" rel=\"noopener\">Hist\u00f3ria(s) e historiografia(s) da Arte<\/a><\/span><br \/><span style=\"font-family: arial, helvetica, sans-serif;\">MAC (audit\u00f3rio)<\/span><br \/><span style=\"font-family: arial, helvetica, sans-serif;\">14h \u00e0s 17h<\/span><br \/><span style=\"font-family: arial, helvetica, sans-serif;\">In\u00edcio: 24\/02<\/span><br \/><span style=\"font-family: arial, helvetica, sans-serif;\">Profa. Ana Magalh\u00e3es<\/span><\/td>\r\n<td><span style=\"font-family: arial, helvetica, sans-serif;\"><strong><mark class=\"has-inline-color has-vivid-red-color\" style=\"background-color: rgba(0, 0, 0, 0);\">EHA5715<\/mark><\/strong> &#8211; <a href=\"https:\/\/uspdigital.usp.br\/janus\/componente\/disciplinasOferecidasInicial.jsf?action=3&amp;sgldis=EHA5715\" target=\"_blank\" rel=\"noopener\">Produ\u00e7\u00e3o e Percep\u00e7\u00e3o na Arte<\/a><\/span><br \/><span style=\"font-family: arial, helvetica, sans-serif;\">ECA (sala 102)<\/span><br \/><span style=\"font-family: arial, helvetica, sans-serif;\">9h \u00e0s 12h<\/span><br \/><span style=\"font-family: arial, helvetica, sans-serif;\">In\u00edcio: 04\/03<\/span><br \/><span style=\"font-family: arial, helvetica, sans-serif;\">Profas. Elza Ajzenberg e Roseli Lopes<\/span><br \/><br \/><\/td>\r\n<td><span style=\"font-family: arial, helvetica, sans-serif;\"><strong><mark class=\"has-inline-color has-vivid-red-color\" style=\"background-color: rgba(0, 0, 0, 0);\">EHA5750<\/mark><\/strong> &#8211; <a href=\"https:\/\/uspdigital.usp.br\/janus\/componente\/disciplinasOferecidasInicial.jsf?action=3&amp;sgldis=EHA5750\" target=\"_blank\" rel=\"noopener\">Semin\u00e1rio de Pesquisa: Semi\u00f3tica das artes nas culturas negras contempor\u00e2neas<\/a><\/span><br \/><span style=\"font-family: arial, helvetica, sans-serif;\">PGEHA<\/span><br \/><span style=\"font-family: arial, helvetica, sans-serif;\">14h \u00e0s 18h<\/span><br \/><span style=\"font-family: arial, helvetica, sans-serif;\">In\u00edcio: 26\/02<\/span><br \/><span style=\"font-family: arial, helvetica, sans-serif;\">Profa. Irene Machado<\/span><\/td>\r\n<td>\u00a0<\/td>\r\n<\/tr>\r\n<tr>\r\n<td><span style=\"font-family: arial, helvetica, sans-serif;\"><strong>Noite<\/strong><\/span><\/td>\r\n<td>\u00a0<\/td>\r\n<td>\u00a0<\/td>\r\n<td><span style=\"font-family: arial, helvetica, sans-serif;\"><strong><mark class=\"has-inline-color has-vivid-red-color\" style=\"background-color: rgba(0, 0, 0, 0);\">EHA5744<\/mark><\/strong> &#8211; <a href=\"https:\/\/uspdigital.usp.br\/janus\/componente\/disciplinasOferecidasInicial.jsf?action=3&amp;sgldis=EHA5744\" target=\"_blank\" rel=\"noopener\">T\u00f3picos sobre artes do contempor\u00e2neo em contextos africanos<\/a><\/span><br \/><span style=\"font-family: arial, helvetica, sans-serif;\">ONLINE<\/span><br \/><span style=\"font-family: arial, helvetica, sans-serif;\">18h30 \u00e0s 20h30<\/span><br \/><span style=\"font-family: arial, helvetica, sans-serif;\">In\u00edcio: 22\/04<\/span><br \/><span style=\"font-family: arial, helvetica, sans-serif;\">Profs. Denise Barros \/ colab.: Mahfouz Ag Adnane<\/span><\/td>\r\n<td>\u00a0<\/td>\r\n<td>\u00a0<\/td>\r\n<\/tr>\r\n<\/tbody>\r\n<\/table>\r\n<\/figure>\r\n<span style=\"font-family: arial, helvetica, sans-serif;\">  <\/span><\/div>\r\n<span style=\"font-family: arial, helvetica, sans-serif;\"> <\/span><\/div>\r\n","protected":false},"excerpt":{"rendered":"<p>QUADRO DE DISCIPLINAS DO 1\u00b0 SEMESTRE DE 2026 &nbsp; \u00a0 Segunda Ter\u00e7a Quarta Quinta Sexta Manh\u00e3 \u00a0 \u00a0 \u00a0 EHA5727 &#8211; Espa\u00e7os da Arte: Hist\u00f3ria das Exposi\u00e7\u00f5es e Arquitetura de MuseusMAC (audit\u00f3rio)9h \u00e0s 13hIn\u00edcio: 12\/03Profa. Helouise Costa EHA5748 &#8211; Estudo das Rela\u00e7\u00f5es entre Arte e Psican\u00e1liseECA (sala 205)10h \u00e0s 12h30In\u00edcio: 13\/03Profa. Cristina Costa Tarde EHA5714 &#8211; Aspectos Econ\u00f4micos e Mercadol\u00f3gicos da ArtePGEHA14h \u00e0s 17hIn\u00edcio: 02\/03Profa. Jane Marques EHA5747 &#8211; Hist\u00f3ria(s) e historiografia(s) da ArteMAC (audit\u00f3rio)14h \u00e0s 17hIn\u00edcio: 24\/02Profa. Ana Magalh\u00e3es EHA5715 &#8211; Produ\u00e7\u00e3o e Percep\u00e7\u00e3o na ArteECA (sala 102)9h \u00e0s 12hIn\u00edcio: 04\/03Profas. Elza Ajzenberg e Roseli Lopes EHA5750 &#8211; Semin\u00e1rio de Pesquisa: Semi\u00f3tica das artes nas culturas negras contempor\u00e2neasPGEHA14h \u00e0s 18hIn\u00edcio: 26\/02Profa. Irene Machado \u00a0 Noite \u00a0 \u00a0 EHA5744 &#8211; T\u00f3picos sobre artes do contempor\u00e2neo em contextos africanosONLINE18h30 \u00e0s 20h30In\u00edcio: 22\/04Profs. Denise Barros \/ colab.: Mahfouz Ag Adnane \u00a0 \u00a0<\/p>\n","protected":false},"author":1214,"featured_media":0,"parent":0,"menu_order":0,"comment_status":"closed","ping_status":"closed","template":"","meta":{"footnotes":"","_links_to":"","_links_to_target":""},"class_list":["post-234","page","type-page","status-publish","hentry"],"_links":{"self":[{"href":"https:\/\/sites.usp.br\/pgeha\/wp-json\/wp\/v2\/pages\/234","targetHints":{"allow":["GET"]}}],"collection":[{"href":"https:\/\/sites.usp.br\/pgeha\/wp-json\/wp\/v2\/pages"}],"about":[{"href":"https:\/\/sites.usp.br\/pgeha\/wp-json\/wp\/v2\/types\/page"}],"author":[{"embeddable":true,"href":"https:\/\/sites.usp.br\/pgeha\/wp-json\/wp\/v2\/users\/1214"}],"replies":[{"embeddable":true,"href":"https:\/\/sites.usp.br\/pgeha\/wp-json\/wp\/v2\/comments?post=234"}],"version-history":[{"count":4,"href":"https:\/\/sites.usp.br\/pgeha\/wp-json\/wp\/v2\/pages\/234\/revisions"}],"predecessor-version":[{"id":1225,"href":"https:\/\/sites.usp.br\/pgeha\/wp-json\/wp\/v2\/pages\/234\/revisions\/1225"}],"wp:attachment":[{"href":"https:\/\/sites.usp.br\/pgeha\/wp-json\/wp\/v2\/media?parent=234"}],"curies":[{"name":"wp","href":"https:\/\/api.w.org\/{rel}","templated":true}]}}