{"id":252,"date":"2026-01-28T16:34:15","date_gmt":"2026-01-28T18:34:15","guid":{"rendered":"https:\/\/sites.usp.br\/pgeha\/?page_id=252"},"modified":"2026-03-09T16:24:37","modified_gmt":"2026-03-09T18:24:37","slug":"biblioteca-virtual","status":"publish","type":"page","link":"https:\/\/sites.usp.br\/pgeha\/biblioteca-virtual\/","title":{"rendered":"BIBLIOTECA VIRTUAL"},"content":{"rendered":"\r\n<h3 class=\"wp-block-heading is-layout-flow wp-block-quote-is-layout-flow\"><span style=\"font-family: arial, helvetica, sans-serif;\">E-BOOKS<\/span><\/h3>\r\n<p>&nbsp;<\/p>\r\n\r\n\r\n\r\n<figure class=\"wp-block-gallery has-nested-images columns-4 is-cropped wp-block-gallery-1 is-layout-flex wp-block-gallery-is-layout-flex\">\r\n<figure class=\"wp-block-image size-thumbnail\"><a href=\"https:\/\/sites.usp.br\/pgeha\/wp-content\/uploads\/sites\/1794\/2026\/02\/Diag_Livro02_RenataRocco_V10_ISBNeFICHA_Final-CapaInfo-H.jpg\"><img loading=\"lazy\" decoding=\"async\" width=\"150\" height=\"150\" data-id=\"728\" class=\"wp-image-728\" src=\"https:\/\/sites.usp.br\/pgeha\/wp-content\/uploads\/sites\/1794\/2026\/02\/Diag_Livro02_RenataRocco_V10_ISBNeFICHA_Final-CapaInfo-H-150x150.jpg\" alt=\"\" srcset=\"https:\/\/sites.usp.br\/pgeha\/wp-content\/uploads\/sites\/1794\/2026\/02\/Diag_Livro02_RenataRocco_V10_ISBNeFICHA_Final-CapaInfo-H-150x150.jpg 150w, https:\/\/sites.usp.br\/pgeha\/wp-content\/uploads\/sites\/1794\/2026\/02\/Diag_Livro02_RenataRocco_V10_ISBNeFICHA_Final-CapaInfo-H-200x200.jpg 200w\" sizes=\"auto, (max-width: 150px) 100vw, 150px\" \/><\/a><\/figure>\r\n\r\n\r\n\r\n<figure class=\"wp-block-image size-thumbnail\"><a href=\"https:\/\/sites.usp.br\/pgeha\/wp-content\/uploads\/sites\/1794\/2026\/02\/Diag_Livro03_RachelVallego_V12_ISBNeFicha_Final-CapaInfo-H.jpg\"><img loading=\"lazy\" decoding=\"async\" width=\"150\" height=\"150\" data-id=\"733\" class=\"wp-image-733\" src=\"https:\/\/sites.usp.br\/pgeha\/wp-content\/uploads\/sites\/1794\/2026\/02\/Diag_Livro03_RachelVallego_V12_ISBNeFicha_Final-CapaInfo-H-150x150.jpg\" alt=\"\" srcset=\"https:\/\/sites.usp.br\/pgeha\/wp-content\/uploads\/sites\/1794\/2026\/02\/Diag_Livro03_RachelVallego_V12_ISBNeFicha_Final-CapaInfo-H-150x150.jpg 150w, https:\/\/sites.usp.br\/pgeha\/wp-content\/uploads\/sites\/1794\/2026\/02\/Diag_Livro03_RachelVallego_V12_ISBNeFicha_Final-CapaInfo-H-200x200.jpg 200w\" sizes=\"auto, (max-width: 150px) 100vw, 150px\" \/><\/a><\/figure>\r\n\r\n\r\n\r\n<figure class=\"wp-block-image size-thumbnail\"><a href=\"https:\/\/sites.usp.br\/pgeha\/wp-content\/uploads\/sites\/1794\/2026\/02\/Diag_Livro04_Isabela-Valent_V12_Final2-CapaInfo-H.jpg\"><img loading=\"lazy\" decoding=\"async\" width=\"150\" height=\"150\" data-id=\"734\" class=\"wp-image-734\" src=\"https:\/\/sites.usp.br\/pgeha\/wp-content\/uploads\/sites\/1794\/2026\/02\/Diag_Livro04_Isabela-Valent_V12_Final2-CapaInfo-H-150x150.jpg\" alt=\"\" srcset=\"https:\/\/sites.usp.br\/pgeha\/wp-content\/uploads\/sites\/1794\/2026\/02\/Diag_Livro04_Isabela-Valent_V12_Final2-CapaInfo-H-150x150.jpg 150w, https:\/\/sites.usp.br\/pgeha\/wp-content\/uploads\/sites\/1794\/2026\/02\/Diag_Livro04_Isabela-Valent_V12_Final2-CapaInfo-H-200x200.jpg 200w\" sizes=\"auto, (max-width: 150px) 100vw, 150px\" \/><\/a><\/figure>\r\n\r\n\r\n\r\n<figure class=\"wp-block-image size-thumbnail\"><a href=\"https:\/\/sites.usp.br\/pgeha\/wp-content\/uploads\/sites\/1794\/2026\/02\/Diag_Livro01_Meiron_V14_ISBNeFICHA_Final-CapaInfo-H-1.jpg\"><img loading=\"lazy\" decoding=\"async\" width=\"150\" height=\"150\" data-id=\"761\" class=\"wp-image-761\" src=\"https:\/\/sites.usp.br\/pgeha\/wp-content\/uploads\/sites\/1794\/2026\/02\/Diag_Livro01_Meiron_V14_ISBNeFICHA_Final-CapaInfo-H-1-150x150.jpg\" alt=\"\" srcset=\"https:\/\/sites.usp.br\/pgeha\/wp-content\/uploads\/sites\/1794\/2026\/02\/Diag_Livro01_Meiron_V14_ISBNeFICHA_Final-CapaInfo-H-1-150x150.jpg 150w, https:\/\/sites.usp.br\/pgeha\/wp-content\/uploads\/sites\/1794\/2026\/02\/Diag_Livro01_Meiron_V14_ISBNeFICHA_Final-CapaInfo-H-1-200x200.jpg 200w\" sizes=\"auto, (max-width: 150px) 100vw, 150px\" \/><\/a><\/figure>\r\n<\/figure>\r\n\r\n\r\n\r\n<p>&nbsp;<\/p>\r\n\r\n\r\n\r\n<div class=\"wp-block-buttons has-custom-font-size has-small-font-size is-content-justification-left is-layout-flex wp-container-core-buttons-is-layout-fdcfc74e wp-block-buttons-is-layout-flex\">\r\n<div class=\"wp-block-button is-style-fill\"><a class=\"wp-block-button__link wp-element-button\" href=\"https:\/\/sites.usp.br\/pgeha\/category\/publicacoes-e-books\/\">Acessar<\/a><\/div>\r\n<\/div>\r\n\r\n\r\n\r\n<p>&nbsp;<\/p>\r\n\r\n\r\n\r\n<h3 class=\"wp-block-heading\"><span style=\"font-family: arial, helvetica, sans-serif;\">CI EHA<\/span> (Congresso Internacional de Est\u00e9tica e Hist\u00f3ria da Arte)<\/h3>\r\n\r\n\r\n\r\n<p>&nbsp;<\/p>\r\n\r\n\r\n\r\n<figure class=\"wp-block-gallery has-nested-images columns-4 is-cropped wp-block-gallery-2 is-layout-flex wp-block-gallery-is-layout-flex\">\r\n<figure class=\"wp-block-image size-full\"><a href=\"https:\/\/sites.usp.br\/pgeha\/wp-content\/uploads\/sites\/1794\/2026\/02\/2010_interdisciplinaridade.png\"><img loading=\"lazy\" decoding=\"async\" width=\"628\" height=\"404\" data-id=\"757\" class=\"wp-image-757\" src=\"https:\/\/sites.usp.br\/pgeha\/wp-content\/uploads\/sites\/1794\/2026\/02\/2010_interdisciplinaridade.png\" alt=\"\" srcset=\"https:\/\/sites.usp.br\/pgeha\/wp-content\/uploads\/sites\/1794\/2026\/02\/2010_interdisciplinaridade.png 628w, https:\/\/sites.usp.br\/pgeha\/wp-content\/uploads\/sites\/1794\/2026\/02\/2010_interdisciplinaridade-300x193.png 300w, https:\/\/sites.usp.br\/pgeha\/wp-content\/uploads\/sites\/1794\/2026\/02\/2010_interdisciplinaridade-400x257.png 400w\" sizes=\"auto, (max-width: 628px) 100vw, 628px\" \/><\/a><\/figure>\r\n\r\n\r\n\r\n<figure class=\"wp-block-image size-full\"><a href=\"https:\/\/sites.usp.br\/pgeha\/wp-content\/uploads\/sites\/1794\/2026\/02\/2010_Arte-cidade-meio.png\"><img loading=\"lazy\" decoding=\"async\" width=\"628\" height=\"404\" data-id=\"756\" class=\"wp-image-756\" src=\"https:\/\/sites.usp.br\/pgeha\/wp-content\/uploads\/sites\/1794\/2026\/02\/2010_Arte-cidade-meio.png\" alt=\"\" srcset=\"https:\/\/sites.usp.br\/pgeha\/wp-content\/uploads\/sites\/1794\/2026\/02\/2010_Arte-cidade-meio.png 628w, https:\/\/sites.usp.br\/pgeha\/wp-content\/uploads\/sites\/1794\/2026\/02\/2010_Arte-cidade-meio-300x193.png 300w, https:\/\/sites.usp.br\/pgeha\/wp-content\/uploads\/sites\/1794\/2026\/02\/2010_Arte-cidade-meio-400x257.png 400w\" sizes=\"auto, (max-width: 628px) 100vw, 628px\" \/><\/a><\/figure>\r\n\r\n\r\n\r\n<figure class=\"wp-block-image size-full\"><a href=\"https:\/\/sites.usp.br\/pgeha\/wp-content\/uploads\/sites\/1794\/2026\/02\/2006_Arteconhecimento-1.png\"><img loading=\"lazy\" decoding=\"async\" width=\"628\" height=\"404\" data-id=\"752\" class=\"wp-image-752\" src=\"https:\/\/sites.usp.br\/pgeha\/wp-content\/uploads\/sites\/1794\/2026\/02\/2006_Arteconhecimento-1.png\" alt=\"\" srcset=\"https:\/\/sites.usp.br\/pgeha\/wp-content\/uploads\/sites\/1794\/2026\/02\/2006_Arteconhecimento-1.png 628w, https:\/\/sites.usp.br\/pgeha\/wp-content\/uploads\/sites\/1794\/2026\/02\/2006_Arteconhecimento-1-300x193.png 300w, https:\/\/sites.usp.br\/pgeha\/wp-content\/uploads\/sites\/1794\/2026\/02\/2006_Arteconhecimento-1-400x257.png 400w\" sizes=\"auto, (max-width: 628px) 100vw, 628px\" \/><\/a><\/figure>\r\n\r\n\r\n\r\n<figure class=\"wp-block-image size-full\"><a href=\"https:\/\/sites.usp.br\/pgeha\/wp-content\/uploads\/sites\/1794\/2026\/02\/2005_Arte_brasileira-1.png\"><img loading=\"lazy\" decoding=\"async\" width=\"628\" height=\"404\" data-id=\"751\" class=\"wp-image-751\" src=\"https:\/\/sites.usp.br\/pgeha\/wp-content\/uploads\/sites\/1794\/2026\/02\/2005_Arte_brasileira-1.png\" alt=\"\" srcset=\"https:\/\/sites.usp.br\/pgeha\/wp-content\/uploads\/sites\/1794\/2026\/02\/2005_Arte_brasileira-1.png 628w, https:\/\/sites.usp.br\/pgeha\/wp-content\/uploads\/sites\/1794\/2026\/02\/2005_Arte_brasileira-1-300x193.png 300w, https:\/\/sites.usp.br\/pgeha\/wp-content\/uploads\/sites\/1794\/2026\/02\/2005_Arte_brasileira-1-400x257.png 400w\" sizes=\"auto, (max-width: 628px) 100vw, 628px\" \/><\/a><\/figure>\r\n<\/figure>\r\n\r\n\r\n\r\n<p>&nbsp;<\/p>\r\n\r\n\r\n\r\n<div class=\"wp-block-buttons has-custom-font-size has-small-font-size is-layout-flex wp-block-buttons-is-layout-flex\">\r\n<div class=\"wp-block-button\"><span style=\"font-family: arial, helvetica, sans-serif;\"><a class=\"wp-block-button__link wp-element-button\" href=\"https:\/\/sites.usp.br\/pgeha\/category\/ci-eha\/\">Acessar<\/a><\/span><\/div>\r\n<\/div>\r\n\r\n\r\n\r\n<p>&nbsp;<\/p>\r\n\r\n\r\n\r\n<h3 class=\"wp-block-heading\"><span style=\"font-family: arial, helvetica, sans-serif;\">SIEM<\/span> (Simp\u00f3sio Internacional Espa\u00e7os da Media\u00e7\u00e3o)<\/h3>\r\n\r\n\r\n\r\n<figure class=\"wp-block-gallery has-nested-images columns-4 is-cropped wp-block-gallery-3 is-layout-flex wp-block-gallery-is-layout-flex\">\r\n<figure class=\"wp-block-image size-thumbnail\"><a href=\"https:\/\/sites.usp.br\/pgeha\/wp-content\/uploads\/sites\/1794\/2026\/02\/2012_desenhos_pesquisa.png\"><img loading=\"lazy\" decoding=\"async\" width=\"150\" height=\"150\" data-id=\"829\" class=\"wp-image-829\" src=\"https:\/\/sites.usp.br\/pgeha\/wp-content\/uploads\/sites\/1794\/2026\/02\/2012_desenhos_pesquisa-150x150.png\" alt=\"\" srcset=\"https:\/\/sites.usp.br\/pgeha\/wp-content\/uploads\/sites\/1794\/2026\/02\/2012_desenhos_pesquisa-150x150.png 150w, https:\/\/sites.usp.br\/pgeha\/wp-content\/uploads\/sites\/1794\/2026\/02\/2012_desenhos_pesquisa-200x200.png 200w\" sizes=\"auto, (max-width: 150px) 100vw, 150px\" \/><\/a><\/figure>\r\n\r\n\r\n\r\n<figure class=\"wp-block-image size-thumbnail\"><a href=\"https:\/\/sites.usp.br\/pgeha\/wp-content\/uploads\/sites\/1794\/2026\/02\/Espacos-da_Mediacao-1.jpg\"><img loading=\"lazy\" decoding=\"async\" width=\"150\" height=\"150\" data-id=\"789\" class=\"wp-image-789\" src=\"https:\/\/sites.usp.br\/pgeha\/wp-content\/uploads\/sites\/1794\/2026\/02\/Espacos-da_Mediacao-1-150x150.jpg\" alt=\"\" srcset=\"https:\/\/sites.usp.br\/pgeha\/wp-content\/uploads\/sites\/1794\/2026\/02\/Espacos-da_Mediacao-1-150x150.jpg 150w, https:\/\/sites.usp.br\/pgeha\/wp-content\/uploads\/sites\/1794\/2026\/02\/Espacos-da_Mediacao-1-200x200.jpg 200w\" sizes=\"auto, (max-width: 150px) 100vw, 150px\" \/><\/a><\/figure>\r\n\r\n\r\n\r\n<figure class=\"wp-block-image size-thumbnail\"><a href=\"https:\/\/sites.usp.br\/pgeha\/wp-content\/uploads\/sites\/1794\/2026\/02\/2011_espacos_mediacao.png\"><img loading=\"lazy\" decoding=\"async\" width=\"150\" height=\"150\" data-id=\"758\" class=\"wp-image-758\" src=\"https:\/\/sites.usp.br\/pgeha\/wp-content\/uploads\/sites\/1794\/2026\/02\/2011_espacos_mediacao-150x150.png\" alt=\"\" srcset=\"https:\/\/sites.usp.br\/pgeha\/wp-content\/uploads\/sites\/1794\/2026\/02\/2011_espacos_mediacao-150x150.png 150w, https:\/\/sites.usp.br\/pgeha\/wp-content\/uploads\/sites\/1794\/2026\/02\/2011_espacos_mediacao-200x200.png 200w\" sizes=\"auto, (max-width: 150px) 100vw, 150px\" \/><\/a><\/figure>\r\n\r\n\r\n\r\n<figure class=\"wp-block-image size-thumbnail\"><a href=\"https:\/\/sites.usp.br\/pgeha\/wp-content\/uploads\/sites\/1794\/2026\/02\/2013_simposio-int_espacos_med.png\"><img loading=\"lazy\" decoding=\"async\" width=\"150\" height=\"150\" data-id=\"793\" class=\"wp-image-793\" src=\"https:\/\/sites.usp.br\/pgeha\/wp-content\/uploads\/sites\/1794\/2026\/02\/2013_simposio-int_espacos_med-150x150.png\" alt=\"\" srcset=\"https:\/\/sites.usp.br\/pgeha\/wp-content\/uploads\/sites\/1794\/2026\/02\/2013_simposio-int_espacos_med-150x150.png 150w, https:\/\/sites.usp.br\/pgeha\/wp-content\/uploads\/sites\/1794\/2026\/02\/2013_simposio-int_espacos_med-200x200.png 200w\" sizes=\"auto, (max-width: 150px) 100vw, 150px\" \/><\/a><\/figure>\r\n<\/figure>\r\n\r\n\r\n\r\n<p>&nbsp;<\/p>\r\n\r\n\r\n\r\n<div class=\"wp-block-buttons has-custom-font-size has-small-font-size is-layout-flex wp-block-buttons-is-layout-flex\">\r\n<div class=\"wp-block-button\"><span style=\"font-family: arial, helvetica, sans-serif;\"><a class=\"wp-block-button__link wp-element-button\" href=\"https:\/\/sites.usp.br\/pgeha\/category\/siem\/\">Acessar<\/a><\/span><\/div>\r\n<\/div>\r\n\r\n\r\n\r\n<p>&nbsp;<\/p>\r\n\r\n\r\n\r\n<h3 class=\"wp-block-heading\">\u00a0DIVERSOS<\/h3>\r\n\r\n\r\n\r\n<figure class=\"wp-block-gallery has-nested-images columns-4 is-cropped wp-block-gallery-4 is-layout-flex wp-block-gallery-is-layout-flex\">\r\n<figure class=\"wp-block-image size-thumbnail\"><a href=\"https:\/\/sites.usp.br\/pgeha\/wp-content\/uploads\/sites\/1794\/2026\/02\/Musicarte-Campo-dos-Sentidos-1.jpg\"><img loading=\"lazy\" decoding=\"async\" width=\"150\" height=\"150\" data-id=\"849\" class=\"wp-image-849\" src=\"https:\/\/sites.usp.br\/pgeha\/wp-content\/uploads\/sites\/1794\/2026\/02\/Musicarte-Campo-dos-Sentidos-1-150x150.jpg\" alt=\"\" srcset=\"https:\/\/sites.usp.br\/pgeha\/wp-content\/uploads\/sites\/1794\/2026\/02\/Musicarte-Campo-dos-Sentidos-1-150x150.jpg 150w, https:\/\/sites.usp.br\/pgeha\/wp-content\/uploads\/sites\/1794\/2026\/02\/Musicarte-Campo-dos-Sentidos-1-200x200.jpg 200w\" sizes=\"auto, (max-width: 150px) 100vw, 150px\" \/><\/a><\/figure>\r\n\r\n\r\n\r\n<figure class=\"wp-block-image size-thumbnail\"><a href=\"https:\/\/sites.usp.br\/pgeha\/wp-content\/uploads\/sites\/1794\/2026\/02\/2008_metaforas_arte.png\"><img loading=\"lazy\" decoding=\"async\" width=\"150\" height=\"150\" data-id=\"753\" class=\"wp-image-753\" src=\"https:\/\/sites.usp.br\/pgeha\/wp-content\/uploads\/sites\/1794\/2026\/02\/2008_metaforas_arte-150x150.png\" alt=\"\" srcset=\"https:\/\/sites.usp.br\/pgeha\/wp-content\/uploads\/sites\/1794\/2026\/02\/2008_metaforas_arte-150x150.png 150w, https:\/\/sites.usp.br\/pgeha\/wp-content\/uploads\/sites\/1794\/2026\/02\/2008_metaforas_arte-200x200.png 200w\" sizes=\"auto, (max-width: 150px) 100vw, 150px\" \/><\/a><\/figure>\r\n\r\n\r\n\r\n<figure class=\"wp-block-image size-thumbnail\"><a href=\"https:\/\/sites.usp.br\/pgeha\/wp-content\/uploads\/sites\/1794\/2026\/02\/2009_poetica-natureza.png\"><img loading=\"lazy\" decoding=\"async\" width=\"150\" height=\"150\" data-id=\"755\" class=\"wp-image-755\" src=\"https:\/\/sites.usp.br\/pgeha\/wp-content\/uploads\/sites\/1794\/2026\/02\/2009_poetica-natureza-150x150.png\" alt=\"\" srcset=\"https:\/\/sites.usp.br\/pgeha\/wp-content\/uploads\/sites\/1794\/2026\/02\/2009_poetica-natureza-150x150.png 150w, https:\/\/sites.usp.br\/pgeha\/wp-content\/uploads\/sites\/1794\/2026\/02\/2009_poetica-natureza-200x200.png 200w\" sizes=\"auto, (max-width: 150px) 100vw, 150px\" \/><\/a><\/figure>\r\n\r\n\r\n\r\n<figure class=\"wp-block-image size-thumbnail\"><a href=\"https:\/\/sites.usp.br\/pgeha\/wp-content\/uploads\/sites\/1794\/2026\/02\/2004_arteconhecimento-1.png\"><img loading=\"lazy\" decoding=\"async\" width=\"150\" height=\"150\" data-id=\"794\" class=\"wp-image-794\" src=\"https:\/\/sites.usp.br\/pgeha\/wp-content\/uploads\/sites\/1794\/2026\/02\/2004_arteconhecimento-1-150x150.png\" alt=\"\" srcset=\"https:\/\/sites.usp.br\/pgeha\/wp-content\/uploads\/sites\/1794\/2026\/02\/2004_arteconhecimento-1-150x150.png 150w, https:\/\/sites.usp.br\/pgeha\/wp-content\/uploads\/sites\/1794\/2026\/02\/2004_arteconhecimento-1-200x200.png 200w\" sizes=\"auto, (max-width: 150px) 100vw, 150px\" \/><\/a><\/figure>\r\n<\/figure>\r\n\r\n\r\n\r\n<p>&nbsp;<\/p>\r\n\r\n\r\n\r\n<div class=\"wp-block-buttons has-custom-font-size has-small-font-size is-layout-flex wp-block-buttons-is-layout-flex\">\r\n<div class=\"wp-block-button\"><span style=\"font-family: arial, helvetica, sans-serif;\"><a class=\"wp-block-button__link wp-element-button\" href=\"https:\/\/sites.usp.br\/pgeha\/category\/publicacoes\/\">Acessar<\/a><\/span><\/div>\r\n<\/div>\r\n","protected":false},"excerpt":{"rendered":"<p>E-BOOKS &nbsp; &nbsp; Acessar &nbsp; CI EHA (Congresso Internacional de Est\u00e9tica e Hist\u00f3ria da Arte) &nbsp; &nbsp; Acessar &nbsp; SIEM (Simp\u00f3sio Internacional Espa\u00e7os da Media\u00e7\u00e3o) &nbsp; Acessar &nbsp; \u00a0DIVERSOS &nbsp; Acessar<\/p>\n","protected":false},"author":1214,"featured_media":0,"parent":0,"menu_order":0,"comment_status":"closed","ping_status":"closed","template":"","meta":{"footnotes":"","_links_to":"","_links_to_target":""},"class_list":["post-252","page","type-page","status-publish","hentry"],"_links":{"self":[{"href":"https:\/\/sites.usp.br\/pgeha\/wp-json\/wp\/v2\/pages\/252","targetHints":{"allow":["GET"]}}],"collection":[{"href":"https:\/\/sites.usp.br\/pgeha\/wp-json\/wp\/v2\/pages"}],"about":[{"href":"https:\/\/sites.usp.br\/pgeha\/wp-json\/wp\/v2\/types\/page"}],"author":[{"embeddable":true,"href":"https:\/\/sites.usp.br\/pgeha\/wp-json\/wp\/v2\/users\/1214"}],"replies":[{"embeddable":true,"href":"https:\/\/sites.usp.br\/pgeha\/wp-json\/wp\/v2\/comments?post=252"}],"version-history":[{"count":4,"href":"https:\/\/sites.usp.br\/pgeha\/wp-json\/wp\/v2\/pages\/252\/revisions"}],"predecessor-version":[{"id":1224,"href":"https:\/\/sites.usp.br\/pgeha\/wp-json\/wp\/v2\/pages\/252\/revisions\/1224"}],"wp:attachment":[{"href":"https:\/\/sites.usp.br\/pgeha\/wp-json\/wp\/v2\/media?parent=252"}],"curies":[{"name":"wp","href":"https:\/\/api.w.org\/{rel}","templated":true}]}}