{"id":938,"date":"2026-02-20T15:40:15","date_gmt":"2026-02-20T17:40:15","guid":{"rendered":"https:\/\/sites.usp.br\/pgeha\/?page_id=938"},"modified":"2026-02-23T17:04:38","modified_gmt":"2026-02-23T19:04:38","slug":"premiacoes","status":"publish","type":"page","link":"https:\/\/sites.usp.br\/pgeha\/premiacoes\/","title":{"rendered":"PREMIA\u00c7\u00d5ES"},"content":{"rendered":"\r\n<p>&nbsp;<\/p>\r\n\r\n\r\n<div class=\"wp-block-image\">\r\n<figure class=\"aligncenter size-medium\"><a href=\"https:\/\/sites.usp.br\/pgeha\/wp-content\/uploads\/sites\/1794\/2026\/02\/Arte-Contemporanea-Global.jpg\"><img loading=\"lazy\" decoding=\"async\" width=\"300\" height=\"168\" class=\"wp-image-871\" src=\"https:\/\/sites.usp.br\/pgeha\/wp-content\/uploads\/sites\/1794\/2026\/02\/Arte-Contemporanea-Global-300x168.jpg\" alt=\"\" srcset=\"https:\/\/sites.usp.br\/pgeha\/wp-content\/uploads\/sites\/1794\/2026\/02\/Arte-Contemporanea-Global-300x168.jpg 300w, https:\/\/sites.usp.br\/pgeha\/wp-content\/uploads\/sites\/1794\/2026\/02\/Arte-Contemporanea-Global-1024x575.jpg 1024w, https:\/\/sites.usp.br\/pgeha\/wp-content\/uploads\/sites\/1794\/2026\/02\/Arte-Contemporanea-Global-768x431.jpg 768w, https:\/\/sites.usp.br\/pgeha\/wp-content\/uploads\/sites\/1794\/2026\/02\/Arte-Contemporanea-Global-1536x863.jpg 1536w, https:\/\/sites.usp.br\/pgeha\/wp-content\/uploads\/sites\/1794\/2026\/02\/Arte-Contemporanea-Global-310x174.jpg 310w, https:\/\/sites.usp.br\/pgeha\/wp-content\/uploads\/sites\/1794\/2026\/02\/Arte-Contemporanea-Global-400x225.jpg 400w, https:\/\/sites.usp.br\/pgeha\/wp-content\/uploads\/sites\/1794\/2026\/02\/Arte-Contemporanea-Global.jpg 1599w\" sizes=\"auto, (max-width: 300px) 100vw, 300px\" \/><\/a><\/figure>\r\n<\/div>\r\n\r\n\r\n<p>&nbsp;<\/p>\r\n\r\n\r\n\r\n<h3 class=\"wp-block-heading has-text-align-center\">Arte Contempor\u00e2nea Global<\/h3>\r\n\r\n\r\n\r\n<p>&nbsp;<\/p>\r\n\r\n\r\n<div class=\"wp-block-image\">\r\n<figure class=\"aligncenter size-medium\"><a href=\"https:\/\/sites.usp.br\/pgeha\/wp-content\/uploads\/sites\/1794\/2026\/02\/O-artista-como-marca-no-mercado-de-arte.jpg\"><img loading=\"lazy\" decoding=\"async\" width=\"300\" height=\"169\" class=\"wp-image-877\" src=\"https:\/\/sites.usp.br\/pgeha\/wp-content\/uploads\/sites\/1794\/2026\/02\/O-artista-como-marca-no-mercado-de-arte-300x169.jpg\" alt=\"\" srcset=\"https:\/\/sites.usp.br\/pgeha\/wp-content\/uploads\/sites\/1794\/2026\/02\/O-artista-como-marca-no-mercado-de-arte-300x169.jpg 300w, https:\/\/sites.usp.br\/pgeha\/wp-content\/uploads\/sites\/1794\/2026\/02\/O-artista-como-marca-no-mercado-de-arte-1024x576.jpg 1024w, https:\/\/sites.usp.br\/pgeha\/wp-content\/uploads\/sites\/1794\/2026\/02\/O-artista-como-marca-no-mercado-de-arte-768x432.jpg 768w, https:\/\/sites.usp.br\/pgeha\/wp-content\/uploads\/sites\/1794\/2026\/02\/O-artista-como-marca-no-mercado-de-arte-1536x865.jpg 1536w, https:\/\/sites.usp.br\/pgeha\/wp-content\/uploads\/sites\/1794\/2026\/02\/O-artista-como-marca-no-mercado-de-arte-310x174.jpg 310w, https:\/\/sites.usp.br\/pgeha\/wp-content\/uploads\/sites\/1794\/2026\/02\/O-artista-como-marca-no-mercado-de-arte-400x225.jpg 400w, https:\/\/sites.usp.br\/pgeha\/wp-content\/uploads\/sites\/1794\/2026\/02\/O-artista-como-marca-no-mercado-de-arte.jpg 1597w\" sizes=\"auto, (max-width: 300px) 100vw, 300px\" \/><\/a><\/figure>\r\n<\/div>\r\n\r\n\r\n<p>&nbsp;<\/p>\r\n\r\n\r\n\r\n<h3 class=\"wp-block-heading has-text-align-center\">O artista como marca no mercado de arte: o caso de Beatriz Milhazes.<\/h3>\r\n\r\n\r\n\r\n<p>&nbsp;<\/p>\r\n\r\n\r\n<div class=\"wp-block-image\">\r\n<figure class=\"aligncenter size-medium is-resized\"><a href=\"https:\/\/sites.usp.br\/pgeha\/wp-content\/uploads\/sites\/1794\/2026\/02\/Retratos_transatlanticos.jpg\"><img loading=\"lazy\" decoding=\"async\" width=\"300\" height=\"169\" class=\"wp-image-951\" style=\"width: 436px; height: auto;\" src=\"https:\/\/sites.usp.br\/pgeha\/wp-content\/uploads\/sites\/1794\/2026\/02\/Retratos_transatlanticos-300x169.jpg\" alt=\"\" srcset=\"https:\/\/sites.usp.br\/pgeha\/wp-content\/uploads\/sites\/1794\/2026\/02\/Retratos_transatlanticos-300x169.jpg 300w, https:\/\/sites.usp.br\/pgeha\/wp-content\/uploads\/sites\/1794\/2026\/02\/Retratos_transatlanticos-1024x576.jpg 1024w, https:\/\/sites.usp.br\/pgeha\/wp-content\/uploads\/sites\/1794\/2026\/02\/Retratos_transatlanticos-768x432.jpg 768w, https:\/\/sites.usp.br\/pgeha\/wp-content\/uploads\/sites\/1794\/2026\/02\/Retratos_transatlanticos-1536x864.jpg 1536w, https:\/\/sites.usp.br\/pgeha\/wp-content\/uploads\/sites\/1794\/2026\/02\/Retratos_transatlanticos-310x174.jpg 310w, https:\/\/sites.usp.br\/pgeha\/wp-content\/uploads\/sites\/1794\/2026\/02\/Retratos_transatlanticos-400x225.jpg 400w, https:\/\/sites.usp.br\/pgeha\/wp-content\/uploads\/sites\/1794\/2026\/02\/Retratos_transatlanticos.jpg 1920w\" sizes=\"auto, (max-width: 300px) 100vw, 300px\" \/><\/a><\/figure>\r\n<\/div>\r\n\r\n\r\n<p>&nbsp;<\/p>\r\n\r\n\r\n\r\n<h3 class=\"wp-block-heading has-text-align-center\"><span style=\"font-family: arial, helvetica, sans-serif;\">Retratos Transatl\u00e2nticos: circula\u00e7\u00e3o de representa\u00e7\u00f5es da afrodi\u00e1spora brasileira na fotografia de Alberto Henschel.<\/span><\/h3>\r\n\r\n\r\n\r\n<p>&nbsp;<\/p>\r\n\r\n\r\n\r\n<div class=\"wp-block-buttons has-custom-font-size has-small-font-size is-layout-flex wp-block-buttons-is-layout-flex\">\r\n<div class=\"wp-block-button\"><span style=\"font-family: arial, helvetica, sans-serif;\"><a class=\"wp-block-button__link wp-element-button\" href=\"https:\/\/sites.usp.br\/pgeha\/category\/premiacoes\/\">Acessar premia\u00e7\u00f5es<\/a><\/span><\/div>\r\n<\/div>\r\n\r\n\r\n\r\n<p>&nbsp;<\/p>\r\n","protected":false},"excerpt":{"rendered":"<p>&nbsp; &nbsp; Arte Contempor\u00e2nea Global &nbsp; &nbsp; O artista como marca no mercado de arte: o caso de Beatriz Milhazes. &nbsp; &nbsp; Retratos Transatl\u00e2nticos: circula\u00e7\u00e3o de representa\u00e7\u00f5es da afrodi\u00e1spora brasileira na fotografia de Alberto Henschel. &nbsp; Acessar premia\u00e7\u00f5es &nbsp;<\/p>\n","protected":false},"author":1214,"featured_media":0,"parent":0,"menu_order":0,"comment_status":"closed","ping_status":"closed","template":"","meta":{"footnotes":"","_links_to":"","_links_to_target":""},"class_list":["post-938","page","type-page","status-publish","hentry"],"_links":{"self":[{"href":"https:\/\/sites.usp.br\/pgeha\/wp-json\/wp\/v2\/pages\/938","targetHints":{"allow":["GET"]}}],"collection":[{"href":"https:\/\/sites.usp.br\/pgeha\/wp-json\/wp\/v2\/pages"}],"about":[{"href":"https:\/\/sites.usp.br\/pgeha\/wp-json\/wp\/v2\/types\/page"}],"author":[{"embeddable":true,"href":"https:\/\/sites.usp.br\/pgeha\/wp-json\/wp\/v2\/users\/1214"}],"replies":[{"embeddable":true,"href":"https:\/\/sites.usp.br\/pgeha\/wp-json\/wp\/v2\/comments?post=938"}],"version-history":[{"count":4,"href":"https:\/\/sites.usp.br\/pgeha\/wp-json\/wp\/v2\/pages\/938\/revisions"}],"predecessor-version":[{"id":1064,"href":"https:\/\/sites.usp.br\/pgeha\/wp-json\/wp\/v2\/pages\/938\/revisions\/1064"}],"wp:attachment":[{"href":"https:\/\/sites.usp.br\/pgeha\/wp-json\/wp\/v2\/media?parent=938"}],"curies":[{"name":"wp","href":"https:\/\/api.w.org\/{rel}","templated":true}]}}