{"id":239,"date":"2021-05-19T13:29:55","date_gmt":"2021-05-19T15:29:55","guid":{"rendered":"https:\/\/sites.usp.br\/pggen\/?page_id=239"},"modified":"2021-05-19T23:09:48","modified_gmt":"2021-05-20T01:09:48","slug":"calendario-semestral","status":"publish","type":"page","link":"https:\/\/sites.usp.br\/pggen\/calendario-semestral\/","title":{"rendered":"Calend\u00e1rio semestral"},"content":{"rendered":"\t\t<div data-elementor-type=\"wp-page\" data-elementor-id=\"239\" class=\"elementor elementor-239\" data-elementor-post-type=\"page\">\n\t\t\t\t\t\t<section class=\"elementor-section elementor-top-section elementor-element elementor-element-1b72a4e elementor-section-boxed elementor-section-height-default elementor-section-height-default\" data-id=\"1b72a4e\" data-element_type=\"section\">\n\t\t\t\t\t\t<div class=\"elementor-container elementor-column-gap-default\">\n\t\t\t\t\t<div class=\"elementor-column elementor-col-100 elementor-top-column elementor-element elementor-element-ffc0a02\" data-id=\"ffc0a02\" data-element_type=\"column\">\n\t\t\t<div class=\"elementor-widget-wrap elementor-element-populated\">\n\t\t\t\t\t\t<div class=\"elementor-element elementor-element-9462b6e elementor-widget elementor-widget-text-editor\" data-id=\"9462b6e\" data-element_type=\"widget\" data-widget_type=\"text-editor.default\">\n\t\t\t\t<div class=\"elementor-widget-container\">\n\t\t\t\t\t\t\t<table border=\"1\" width=\"0\" cellspacing=\"0\" cellpadding=\"0\"><tbody><tr><td colspan=\"2\"><p align=\"center\"><strong>\u00a0<\/strong><\/p><p align=\"center\"><strong>CALEND\u00c1RIO CPG 2021<\/strong><\/p><p align=\"center\">\u00a0<\/p><\/td><\/tr><tr><td><p align=\"center\"><strong>Data da reuni\u00e3o<\/strong><\/p><\/td><td><p align=\"center\"><strong>Entrada de Material e Bancas<\/strong><\/p><\/td><\/tr><tr><td><p align=\"center\"><strong>02\/fev\/2021<\/strong><\/p><\/td><td><p align=\"center\"><strong>18\/jan\/2021<\/strong><\/p><\/td><\/tr><tr><td><p align=\"center\"><strong>02\/mar\/2021<\/strong><\/p><\/td><td><p align=\"center\"><strong>12\/fev\/2021<\/strong><\/p><\/td><\/tr><tr><td><p align=\"center\"><strong>06\/abr\/2021<\/strong><\/p><\/td><td><p align=\"center\"><strong>22\/mar\/2021<\/strong><\/p><\/td><\/tr><tr><td><p align=\"center\"><strong>04\/mai\/2021<\/strong><\/p><\/td><td><p align=\"center\"><strong>19\/abr\/2021<\/strong><\/p><\/td><\/tr><tr><td><p align=\"center\"><strong>01\/jun\/2021<\/strong><\/p><\/td><td><p align=\"center\"><strong>17\/mai\/2021<\/strong><\/p><\/td><\/tr><tr><td><p align=\"center\"><strong>06\/jul\/2021<\/strong><\/p><\/td><td><p align=\"center\"><strong>21\/jun\/2021<\/strong><\/p><\/td><\/tr><tr><td><p align=\"center\"><strong>03\/ago\/2021<\/strong><\/p><\/td><td><p align=\"center\"><strong>19\/jul\/2021<\/strong><\/p><\/td><\/tr><tr><td><p align=\"center\"><strong>31\/ago\/2021<\/strong><\/p><\/td><td><p align=\"center\"><strong>16\/ago\/2021<\/strong><\/p><\/td><\/tr><tr><td><p align=\"center\"><strong>05\/out\/2021<\/strong><\/p><\/td><td><p align=\"center\"><strong>20\/set\/2021<\/strong><\/p><\/td><\/tr><tr><td><p align=\"center\"><strong>09\/nov\/2021<\/strong><\/p><\/td><td><p align=\"center\"><strong>25\/out\/2021<\/strong><\/p><\/td><\/tr><tr><td><p align=\"center\"><strong>07\/dez\/2021<\/strong><\/p><\/td><td><p align=\"center\"><strong>22\/nov\/2021<\/strong><\/p><\/td><\/tr><\/tbody><\/table><p>\u00a0<\/p><div id=\"cke_pastebin\"><p><strong>OBS:<\/strong><\/p><p><strong>Favor deixar o material na Secretaria da P\u00f3s-Gradua\u00e7\u00e3o do Departamento com 3 (tr\u00eas) dias de anteced\u00eancia.<\/strong><\/p><\/div>\t\t\t\t\t\t<\/div>\n\t\t\t\t<\/div>\n\t\t\t\t\t<\/div>\n\t\t<\/div>\n\t\t\t\t\t<\/div>\n\t\t<\/section>\n\t\t\t\t<\/div>\n\t\t","protected":false},"excerpt":{"rendered":"<p>\u00a0 CALEND\u00c1RIO CPG 2021 \u00a0 Data da reuni\u00e3o Entrada de Material e Bancas 02\/fev\/2021 18\/jan\/2021 02\/mar\/2021 12\/fev\/2021 06\/abr\/2021 22\/mar\/2021 04\/mai\/2021 19\/abr\/2021 01\/jun\/2021 17\/mai\/2021 06\/jul\/2021 21\/jun\/2021 03\/ago\/2021 19\/jul\/2021 31\/ago\/2021 16\/ago\/2021 05\/out\/2021 20\/set\/2021 09\/nov\/2021 25\/out\/2021 07\/dez\/2021 22\/nov\/2021 \u00a0 OBS: Favor deixar o material na Secretaria da P\u00f3s-Gradua\u00e7\u00e3o do Departamento com 3 (tr\u00eas) dias de anteced\u00eancia.<\/p>\n","protected":false},"author":22211,"featured_media":0,"parent":0,"menu_order":0,"comment_status":"closed","ping_status":"closed","template":"","meta":{"footnotes":"","_links_to":"","_links_to_target":""},"class_list":["post-239","page","type-page","status-publish","hentry","entry"],"_links":{"self":[{"href":"https:\/\/sites.usp.br\/pggen\/wp-json\/wp\/v2\/pages\/239","targetHints":{"allow":["GET"]}}],"collection":[{"href":"https:\/\/sites.usp.br\/pggen\/wp-json\/wp\/v2\/pages"}],"about":[{"href":"https:\/\/sites.usp.br\/pggen\/wp-json\/wp\/v2\/types\/page"}],"author":[{"embeddable":true,"href":"https:\/\/sites.usp.br\/pggen\/wp-json\/wp\/v2\/users\/22211"}],"replies":[{"embeddable":true,"href":"https:\/\/sites.usp.br\/pggen\/wp-json\/wp\/v2\/comments?post=239"}],"version-history":[{"count":2,"href":"https:\/\/sites.usp.br\/pggen\/wp-json\/wp\/v2\/pages\/239\/revisions"}],"predecessor-version":[{"id":278,"href":"https:\/\/sites.usp.br\/pggen\/wp-json\/wp\/v2\/pages\/239\/revisions\/278"}],"wp:attachment":[{"href":"https:\/\/sites.usp.br\/pggen\/wp-json\/wp\/v2\/media?parent=239"}],"curies":[{"name":"wp","href":"https:\/\/api.w.org\/{rel}","templated":true}]}}