{"id":927,"date":"2017-08-31T17:44:56","date_gmt":"2017-08-31T20:44:56","guid":{"rendered":"http:\/\/sites.usp.br\/pgimunoicb\/?page_id=927"},"modified":"2026-02-27T20:02:32","modified_gmt":"2026-02-27T23:02:32","slug":"exame-de-proficiencia","status":"publish","type":"page","link":"https:\/\/sites.usp.br\/pgimunoicb\/programa\/area-para-alunos\/exame-de-proficiencia\/","title":{"rendered":"Exame de Profici\u00eancia"},"content":{"rendered":"<p><strong>V &#8211; L\u00cdNGUA ESTRANGEIRA<\/strong><\/p>\n<p>V.1 Ingl\u00eas \u00e9 o \u00fanico idioma estrangeiro cuja profici\u00eancia ser\u00e1 exigida para todos os ingressantes no Programa. O aluno dever\u00e1 comprovar a profici\u00eancia na l\u00edngua inglesa no ato da matr\u00edcula atrav\u00e9s dos certificados descritos nos itens V.1.1 e V.1.2 sendo a profici\u00eancia, previamente, avaliada pela CCP.<br \/>\nV.1.1 Para inscri\u00e7\u00e3o no processo seletivo de mestrado, doutorado direto e doutorado, ser\u00e3o aceitos os Exames de Profici\u00eancia TOEFL, IELTS, Cambridge e Michigan, realizados at\u00e9 5 (cinco) anos antes da data de matr\u00edcula do candidato no processo seletivo.<br \/>\nV.1.2 As notas ou conceitos m\u00ednimos para aceita\u00e7\u00e3o dos referidos exames ser\u00e1 divulgada em edital espec\u00edfico de processo seletivo na p\u00e1gina do Programa na Internet e no Di\u00e1rio Oficial do Estado de S\u00e3o Paulo.<\/p>\n<p>V.2 Profici\u00eancia em L\u00edngua Portuguesa para Estrangeiros<br \/>\nV.2.1 N\u00e3o ser\u00e1 exigido demonstra\u00e7\u00e3o de profici\u00eancia em l\u00edngua portuguesa para alunos estrangeiros.<\/p>\n<p>&nbsp;<\/p>\n","protected":false},"excerpt":{"rendered":"<p>V &#8211; L\u00cdNGUA ESTRANGEIRA V.1 Ingl\u00eas \u00e9 o \u00fanico idioma estrangeiro cuja profici\u00eancia ser\u00e1 exigida para todos os ingressantes no Programa. O aluno dever\u00e1 comprovar a profici\u00eancia na l\u00edngua inglesa no ato da matr\u00edcula atrav\u00e9s dos certificados descritos nos itens V.1.1 e V.1.2 sendo a profici\u00eancia, previamente, avaliada pela CCP. V.1.1 Para inscri\u00e7\u00e3o no processo seletivo de mestrado, doutorado direto e doutorado, ser\u00e3o aceitos os Exames de Profici\u00eancia TOEFL, IELTS, Cambridge e Michigan, realizados at\u00e9 5 (cinco) anos antes da data de matr\u00edcula do candidato no processo seletivo. V.1.2 As notas ou conceitos m\u00ednimos para aceita\u00e7\u00e3o dos referidos exames ser\u00e1 divulgada em edital espec\u00edfico de processo seletivo na p\u00e1gina do Programa na Internet e no Di\u00e1rio Oficial do Estado de S\u00e3o Paulo. V.2 Profici\u00eancia em L\u00edngua Portuguesa para Estrangeiros V.2.1 N\u00e3o ser\u00e1 exigido demonstra\u00e7\u00e3o de profici\u00eancia em l\u00edngua portuguesa para alunos estrangeiros. &nbsp;<\/p>\n","protected":false},"author":584,"featured_media":0,"parent":924,"menu_order":0,"comment_status":"closed","ping_status":"closed","template":"","meta":{"footnotes":"","_links_to":"","_links_to_target":""},"categories":[],"tags":[],"class_list":["post-927","page","type-page","status-publish","hentry"],"_links":{"self":[{"href":"https:\/\/sites.usp.br\/pgimunoicb\/wp-json\/wp\/v2\/pages\/927","targetHints":{"allow":["GET"]}}],"collection":[{"href":"https:\/\/sites.usp.br\/pgimunoicb\/wp-json\/wp\/v2\/pages"}],"about":[{"href":"https:\/\/sites.usp.br\/pgimunoicb\/wp-json\/wp\/v2\/types\/page"}],"author":[{"embeddable":true,"href":"https:\/\/sites.usp.br\/pgimunoicb\/wp-json\/wp\/v2\/users\/584"}],"replies":[{"embeddable":true,"href":"https:\/\/sites.usp.br\/pgimunoicb\/wp-json\/wp\/v2\/comments?post=927"}],"version-history":[{"count":4,"href":"https:\/\/sites.usp.br\/pgimunoicb\/wp-json\/wp\/v2\/pages\/927\/revisions"}],"predecessor-version":[{"id":3882,"href":"https:\/\/sites.usp.br\/pgimunoicb\/wp-json\/wp\/v2\/pages\/927\/revisions\/3882"}],"up":[{"embeddable":true,"href":"https:\/\/sites.usp.br\/pgimunoicb\/wp-json\/wp\/v2\/pages\/924"}],"wp:attachment":[{"href":"https:\/\/sites.usp.br\/pgimunoicb\/wp-json\/wp\/v2\/media?parent=927"}],"wp:term":[{"taxonomy":"category","embeddable":true,"href":"https:\/\/sites.usp.br\/pgimunoicb\/wp-json\/wp\/v2\/categories?post=927"},{"taxonomy":"post_tag","embeddable":true,"href":"https:\/\/sites.usp.br\/pgimunoicb\/wp-json\/wp\/v2\/tags?post=927"}],"curies":[{"name":"wp","href":"https:\/\/api.w.org\/{rel}","templated":true}]}}