{"id":936,"date":"2017-08-31T18:00:27","date_gmt":"2017-08-31T21:00:27","guid":{"rendered":"http:\/\/sites.usp.br\/pgimunoicb\/?page_id=936"},"modified":"2026-02-27T20:05:22","modified_gmt":"2026-02-27T23:05:22","slug":"protocolo-de-etica","status":"publish","type":"page","link":"https:\/\/sites.usp.br\/pgimunoicb\/programa\/area-para-alunos\/protocolo-de-etica\/","title":{"rendered":"Protocolo de \u00c9tica"},"content":{"rendered":"<p><u>ATEN\u00c7\u00c3O<\/u>: No ato da matr\u00edcula, o(a) aluno(a) dever\u00e1 apresentar comprovante de submiss\u00e3o de protocolo \u00e0 Comiss\u00e3o de \u00c9tica de Uso de Animais (<a href=\"https:\/\/ww3.icb.usp.br\/ceua\/\">CEUA<\/a>) e\/ou \u00e0 Comiss\u00e3o de \u00c9tica em Pesquisa Envolvendo Seres Humanos (<a href=\"https:\/\/ww3.icb.usp.br\/cepsh\/\">CEPSH<\/a>).<br \/>\nPara maiores informa\u00e7\u00f5es, acessar os respectivos websites ou entrar em contato com a secret\u00e1ria, a Sra. Janicleide de Lira Monteiro, atrav\u00e9s do e-mail: <a href=\"mailto:cep@icb.usp.br\">cep@icb.usp.br<\/a>, ou do telefone: 3091-7733.<\/p>\n<p>&nbsp;<\/p>\n","protected":false},"excerpt":{"rendered":"<p>ATEN\u00c7\u00c3O: No ato da matr\u00edcula, o(a) aluno(a) dever\u00e1 apresentar comprovante de submiss\u00e3o de protocolo \u00e0 Comiss\u00e3o de \u00c9tica de Uso de Animais (CEUA) e\/ou \u00e0 Comiss\u00e3o de \u00c9tica em Pesquisa Envolvendo Seres Humanos (CEPSH). Para maiores informa\u00e7\u00f5es, acessar os respectivos websites ou entrar em contato com a secret\u00e1ria, a Sra. Janicleide de Lira Monteiro, atrav\u00e9s do e-mail: cep@icb.usp.br, ou do telefone: 3091-7733. &nbsp;<\/p>\n","protected":false},"author":584,"featured_media":0,"parent":924,"menu_order":0,"comment_status":"closed","ping_status":"closed","template":"","meta":{"footnotes":"","_links_to":"","_links_to_target":""},"categories":[],"tags":[],"class_list":["post-936","page","type-page","status-publish","hentry"],"_links":{"self":[{"href":"https:\/\/sites.usp.br\/pgimunoicb\/wp-json\/wp\/v2\/pages\/936","targetHints":{"allow":["GET"]}}],"collection":[{"href":"https:\/\/sites.usp.br\/pgimunoicb\/wp-json\/wp\/v2\/pages"}],"about":[{"href":"https:\/\/sites.usp.br\/pgimunoicb\/wp-json\/wp\/v2\/types\/page"}],"author":[{"embeddable":true,"href":"https:\/\/sites.usp.br\/pgimunoicb\/wp-json\/wp\/v2\/users\/584"}],"replies":[{"embeddable":true,"href":"https:\/\/sites.usp.br\/pgimunoicb\/wp-json\/wp\/v2\/comments?post=936"}],"version-history":[{"count":4,"href":"https:\/\/sites.usp.br\/pgimunoicb\/wp-json\/wp\/v2\/pages\/936\/revisions"}],"predecessor-version":[{"id":3886,"href":"https:\/\/sites.usp.br\/pgimunoicb\/wp-json\/wp\/v2\/pages\/936\/revisions\/3886"}],"up":[{"embeddable":true,"href":"https:\/\/sites.usp.br\/pgimunoicb\/wp-json\/wp\/v2\/pages\/924"}],"wp:attachment":[{"href":"https:\/\/sites.usp.br\/pgimunoicb\/wp-json\/wp\/v2\/media?parent=936"}],"wp:term":[{"taxonomy":"category","embeddable":true,"href":"https:\/\/sites.usp.br\/pgimunoicb\/wp-json\/wp\/v2\/categories?post=936"},{"taxonomy":"post_tag","embeddable":true,"href":"https:\/\/sites.usp.br\/pgimunoicb\/wp-json\/wp\/v2\/tags?post=936"}],"curies":[{"name":"wp","href":"https:\/\/api.w.org\/{rel}","templated":true}]}}