{"id":951,"date":"2017-09-01T11:18:04","date_gmt":"2017-09-01T14:18:04","guid":{"rendered":"http:\/\/sites.usp.br\/pgimunoicb\/?page_id=951"},"modified":"2026-02-27T19:58:36","modified_gmt":"2026-02-27T22:58:36","slug":"formularios","status":"publish","type":"page","link":"https:\/\/sites.usp.br\/pgimunoicb\/programa\/formularios\/","title":{"rendered":"Formul\u00e1rios"},"content":{"rendered":"<p>&nbsp;<\/p>\n<div class=\"single_content\">\n<ul>\n<li><a href=\"https:\/\/sites.usp.br\/pgimunoicb\/wp-content\/uploads\/sites\/317\/2024\/10\/Ficha-de-Inscricao-PIPD.doc\">Ficha de Inscri\u00e7\u00e3o PIPD<\/a><\/li>\n<li><a href=\"https:\/\/sites.usp.br\/pgimunoicb\/wp-content\/uploads\/sites\/317\/2025\/03\/Ficha_de_inscricao_Pos_Graduacao_ATUALIZADA.doc\">Ficha_de_inscri\u00e7\u00e3o_P\u00f3s_Gradua\u00e7\u00e3o_ATUALIZADA<\/a><\/li>\n<li><a href=\"https:\/\/sites.usp.br\/pgimunoicb\/wp-content\/uploads\/sites\/317\/2021\/01\/Matricula-inicial.doc\">Formul\u00e1rio Matr\u00edcula-inicial<\/a><\/li>\n<li><a href=\"https:\/\/sites.usp.br\/pgimunoicb\/wp-content\/uploads\/sites\/317\/2021\/01\/FORMULARIO-INSCRICAO-ALUNO-ESPECIAL.doc\">FORMULARIO-INSCRICAO-ALUNO-ESPECIAL<\/a><\/li>\n<\/ul>\n<ul>\n<li><a href=\"https:\/\/sites.usp.br\/pgimunoicb\/wp-content\/uploads\/sites\/317\/2021\/01\/Formulario-de-cadastro-de-docente-externo.doc\">Formul\u00e1rio-de-cadastro-de-docente-externo<\/a><\/li>\n<\/ul>\n<ul>\n<li><a href=\"https:\/\/sites.usp.br\/pgimunoicb\/wp-content\/uploads\/sites\/317\/2021\/01\/Formulario-para-assinatura-da-Comissao-Julgadora-ME-e-DO.doc\">Formul\u00e1rio-para-assinatura-da-Comiss\u00e3o-Julgadora-ME-e-DO<\/a><\/li>\n<\/ul>\n<ul>\n<li><a href=\"https:\/\/sites.usp.br\/pgimunoicb\/wp-content\/uploads\/sites\/317\/2021\/01\/Formulario-para-autorizacao-de-deposito-de-exemplares.doc\">Formul\u00e1rio-para-autoriza\u00e7\u00e3o-de-dep\u00f3sito-de-exemplares<\/a><\/li>\n<li><a href=\"https:\/\/sites.usp.br\/pgimunoicb\/wp-content\/uploads\/sites\/317\/2021\/01\/Formulario-solic.-para-nao-dispon.-a-versao-integral-da-tese-ou-dissertacao-no-portal-da-BDTD.pdf\">Formul\u00e1rio-solic.-para-n\u00e3o-dispon.-a-vers\u00e3o-integral-da-tese-ou-disserta\u00e7\u00e3o-no-portal-da-BDTD<\/a><\/li>\n<\/ul>\n<ul>\n<li><a href=\"https:\/\/sites.usp.br\/pgimunoicb\/wp-content\/uploads\/sites\/317\/2021\/01\/Formulario-para-entrega-de-versoes-corrig-da-Dissert-ou-Tese-1.doc\">Formulario-para-entrega-de-versoes-corrig-da-Dissert-ou-Tese-1<\/a><\/li>\n<li><a href=\"https:\/\/sites.usp.br\/pgimunoicb\/wp-content\/uploads\/sites\/317\/2019\/11\/Procedimentos-para-entrega-do-exemplar-corrigido.doc\">Procedimentos-para-entrega-do-exemplar-corrigido<\/a><\/li>\n<\/ul>\n<ul>\n<li><a href=\"https:\/\/sites.usp.br\/pgimunoicb\/wp-content\/uploads\/sites\/317\/2022\/01\/Formulario-CRIACAO-DISCIPLINAS-04-03-21.docx\">Formulario-CRIACAO-DISCIPLINAS-04-03-21<\/a><\/li>\n<li><a href=\"https:\/\/sites.usp.br\/pgimunoicb\/wp-content\/uploads\/sites\/317\/2021\/01\/Formulario-atribuicao-de-creditos-por-participacao-em-congressos.doc\">Formul\u00e1rio-atribui\u00e7\u00e3o-de-cr\u00e9ditos-por-participa\u00e7\u00e3o-em-congressos<\/a><\/li>\n<li><a href=\"https:\/\/sites.usp.br\/pgimunoicb\/wp-content\/uploads\/sites\/317\/2021\/01\/Formulario-atribuicao-creditos-por-publicacoes.doc\">Formul\u00e1rio-atribui\u00e7\u00e3o-cr\u00e9ditos-por-publica\u00e7\u00f5es<\/a><\/li>\n<li><a href=\"https:\/\/sites.usp.br\/pgimunoicb\/wp-content\/uploads\/sites\/317\/2021\/01\/Formulario-atribuicao-de-creditos-estagio-do-programa-PAE.doc\">Formul\u00e1rio-atribui\u00e7\u00e3o-de-cr\u00e9ditos-est\u00e1gio-do-programa-PAE<\/a><\/li>\n<li><a href=\"https:\/\/sites.usp.br\/pgimunoicb\/wp-content\/uploads\/sites\/317\/2021\/01\/Formulario-cancelamento-de-matricula-em-disciplinas.doc\">Formul\u00e1rio-cancelamento-de-matr\u00edcula-em-disciplinas<\/a><\/li>\n<li><a href=\"https:\/\/sites.usp.br\/pgimunoicb\/wp-content\/uploads\/sites\/317\/2021\/01\/Formulario-para-trancamento-de-matricula.doc\">Formul\u00e1rio-para-trancamento-de-matr\u00edcula<\/a><\/li>\n<li><a href=\"https:\/\/sites.usp.br\/pgimunoicb\/wp-content\/uploads\/sites\/317\/2021\/01\/Formulario-para-cadastro-de-estudante-estrangeiro-_-programa-de-mobilidade.doc\">Formulario-para-cadastro-de-estudante-estrangeiro-_-programa-de-mobilidade<\/a><\/li>\n<li><a href=\"https:\/\/sites.usp.br\/pgimunoicb\/wp-content\/uploads\/sites\/317\/2021\/01\/Formulario-para-solicitar-atribuicao-de-creditos-em-disciplinas.doc\">Formul\u00e1rio para solicitar atribui\u00e7\u00e3o de cr\u00e9ditos em disciplinas (realizadas dentro e fora da USP)<\/a><\/li>\n<li><a href=\"https:\/\/sites.usp.br\/pgimunoicb\/wp-content\/uploads\/sites\/317\/2020\/06\/Formulario-para-prorroga\u00e7ao-de-prazo-de-exame-de-qualifica\u00e7ao_defesa.docx\">Formulario para prorroga\u00e7ao de prazo de exame de qualifica\u00e7ao_defesa<\/a><\/li>\n<\/ul>\n<p><strong>Matr\u00edcula<\/strong><\/p>\n<ul>\n<li><a href=\"https:\/\/sites.usp.br\/pgimunoicb\/wp-content\/uploads\/sites\/317\/2021\/01\/Matricula-inicial-1.doc\">Matr\u00edcula-inicial<\/a><\/li>\n<li><a href=\"https:\/\/sites.usp.br\/pgimunoicb\/wp-content\/uploads\/sites\/317\/2021\/01\/Inscricao-em-disciplinas-fora-de-prazo.doc\">Inscri\u00e7\u00e3o-em-disciplinas-fora-de-prazo<\/a><\/li>\n<li><a href=\"https:\/\/sites.usp.br\/pgimunoicb\/wp-content\/uploads\/sites\/317\/2021\/01\/Formulario-aceite-de-orientacao.doc\">Formul\u00e1rio-aceite-de-orienta\u00e7\u00e3o<\/a>\u00a0<strong><br \/>\n<\/strong><\/li>\n<li><a href=\"https:\/\/sites.usp.br\/pgimunoicb\/wp-content\/uploads\/sites\/317\/2021\/01\/Formulario-para-mudanca-de-orientacao.doc\">Formul\u00e1rio-para-mudan\u00e7a-de-orienta\u00e7\u00e3o<\/a><\/li>\n<\/ul>\n<p><strong>Composi\u00e7\u00e3o<br \/>\n<\/strong><\/p>\n<ul>\n<li><a href=\"https:\/\/sites.usp.br\/pgimunoicb\/wp-content\/uploads\/sites\/317\/2021\/01\/Alunos-do-novo-regulamento.doc\">Alunos do novo regulamento (2018) (ME e DO) (doc)<\/a><em>\u00a0 Obs. Alunos dos regulamentos anteriores dever\u00e3o entrar em contato com a secretaria do Programa.<\/em><\/li>\n<\/ul>\n<p><strong>V\u00e1rios<\/strong><\/p>\n<ul>\n<li><a href=\"https:\/\/sites.usp.br\/pgimunoicb\/wp-content\/uploads\/sites\/317\/2022\/01\/Formulario-para-parecer-_-Credenciamento.-de-resp.-por-disciplina.docx\">Formulario-para-parecer-_-Credenciamento.-de-resp.-por-disciplina<\/a><\/li>\n<li><a href=\"https:\/\/sites.usp.br\/pgimunoicb\/wp-content\/uploads\/sites\/317\/2022\/01\/Formulario-de-credenciamento-de-orientador-e-co-orientadores-1.docx\">Formulario-de-credenciamento-de-orientador-e-co-orientadores-1<\/a><\/li>\n<li><a href=\"https:\/\/sites.usp.br\/pgimunoicb\/wp-content\/uploads\/sites\/317\/2022\/01\/Formulario-para-parecer-_-Credenciamento-de-orientador.docx\">Formulario-para-parecer-_-Credenciamento-de-orientador<\/a><\/li>\n<li><a href=\"https:\/\/sites.usp.br\/pgimunoicb\/wp-content\/uploads\/sites\/317\/2022\/01\/Formulario-para-parecer-_-Credenciamento.-de-resp.-por-disciplina-1.docx\">Formulario-para-parecer-_-Credenciamento.-de-resp.-por-disciplina<\/a><\/li>\n<li><a href=\"https:\/\/ww3.icb.usp.br\/pes\/etica-no-uso-dos-animais-ceua\/\">Comiss\u00e3o de \u00c9tica em Pesquisa com Animais de Experimenta\u00e7\u00e3o do ICB<\/a><\/li>\n<li><a href=\"https:\/\/sites.usp.br\/pgimunoicb\/wp-content\/uploads\/sites\/317\/2021\/01\/Formulario-para-equivalencia-de-titulos.doc\">Formul\u00e1rio-para-equival\u00eancia-de-t\u00edtulos (\u00e2mbito USP) (doc)<\/a><\/li>\n<li><a href=\"https:\/\/sites.usp.br\/pgimunoicb\/wp-content\/uploads\/sites\/317\/2021\/01\/Formulario-para-reconhecimento-de-titulos.doc\">Formul\u00e1rio-para-reconhecimento-de-t\u00edtulos (antiga revalida\u00e7\u00e3o)<\/a>(doc)<strong><br \/>\n<\/strong><\/li>\n<li><a href=\"https:\/\/sites.usp.br\/pgimunoicb\/wp-content\/uploads\/sites\/317\/2020\/06\/Formulario-para-eventos-remotos.docx\">Formulario para eventos remotos<\/a><\/li>\n<li><a href=\"https:\/\/sites.usp.br\/pgimunoicb\/wp-content\/uploads\/sites\/317\/2022\/01\/Formulario-para-qualificacao-mestrado-e-doutorado_2021.doc\">Formulario para qualifica\u00e7\u00e3o mestrado e doutorado_2021<\/a><\/li>\n<\/ul>\n<\/div>\n<p>&nbsp;<\/p>\n<p>Para mais formul\u00e1rios, visite o site: <a href=\"https:\/\/ww3.icb.usp.br\/pos\/programa-de-pos-graduacao-do-icb-usp-formularios\/\">Programa de P\u00f3s-Gradua\u00e7\u00e3o do ICB-USP \u2013 Formul\u00e1rios<\/a><\/p>\n<p>&nbsp;<\/p>\n<ul>\n<li><a href=\"https:\/\/sites.usp.br\/pgimunoicb\/wp-content\/uploads\/sites\/317\/2022\/01\/Initial-Enrollment-Form.doc\">Initial Enrollment Form<\/a><\/li>\n<li><a href=\"https:\/\/sites.usp.br\/pgimunoicb\/wp-content\/uploads\/sites\/317\/2022\/01\/SPECIAL-STUDENT-ENROLLMENT-FORM.doc\">SPECIAL-STUDENT-ENROLLMENT-FORM<\/a><\/li>\n<\/ul>\n<ul>\n<li><a href=\"https:\/\/sites.usp.br\/pgimunoicb\/wp-content\/uploads\/sites\/317\/2022\/01\/External-faculty-registration-form.doc\">External-faculty-registration-form<\/a><\/li>\n<\/ul>\n<ul>\n<li><a href=\"https:\/\/sites.usp.br\/pgimunoicb\/wp-content\/uploads\/sites\/317\/2022\/01\/Formulario-para-assinatura-da-Comissao-Julgadora-ME-e-DO.doc\">Formulario-para-assinatura-da-Comissao-Julgadora-ME-e-DO<\/a><\/li>\n<\/ul>\n<ul>\n<li><a href=\"https:\/\/sites.usp.br\/pgimunoicb\/wp-content\/uploads\/sites\/317\/2022\/01\/Hard-copy-deposit-authorization-form.docx\">Hard-copy-deposit-authorization-form<\/a><\/li>\n<li><a href=\"https:\/\/sites.usp.br\/pgimunoicb\/wp-content\/uploads\/sites\/317\/2022\/01\/Request-not-to-publish-the-full-version-of-the-thesis-or-dissertation-in-BDTD-website-form.pdf\">Request-not-to-publish-the-full-version-of-the-thesis-or-dissertation-in-BDTD-website-form<\/a><\/li>\n<\/ul>\n<ul>\n<li><a href=\"https:\/\/sites.usp.br\/pgimunoicb\/wp-content\/uploads\/sites\/317\/2022\/01\/Thesis-or-dissertation-corrected-version-submission-form-1.doc\">Thesis-or-dissertation-corrected-version-submission-form-1<\/a><\/li>\n<li><a href=\"https:\/\/sites.usp.br\/pgimunoicb\/wp-content\/uploads\/sites\/317\/2022\/01\/Corrected-copy-submission-procedures.doc\">Corrected-copy-submission-procedures<\/a><\/li>\n<\/ul>\n<ul>\n<li><a href=\"https:\/\/sites.usp.br\/pgimunoicb\/wp-content\/uploads\/sites\/317\/2022\/01\/Formulario-CRIACAO-DISCIPLINAS-04-03-21.docx\">Formulario-CRIACAO-DISCIPLINAS-04-03-21<\/a><\/li>\n<li><a href=\"https:\/\/sites.usp.br\/pgimunoicb\/wp-content\/uploads\/sites\/317\/2022\/01\/Credits-granted-due-to-congress-attendance-form.doc\">Credits-granted-due-to-congress-attendance-form<\/a><\/li>\n<li><a href=\"https:\/\/sites.usp.br\/pgimunoicb\/wp-content\/uploads\/sites\/317\/2022\/01\/Credits-granted-due-to-publications-form.doc\">Credits-granted-due-to-publications-form<\/a><\/li>\n<li><a href=\"https:\/\/sites.usp.br\/pgimunoicb\/wp-content\/uploads\/sites\/317\/2022\/01\/Credits-granted-due-to-internship-at-PAE-program.doc\">Credits-granted-due-to-internship-at-PAE-program<\/a><\/li>\n<li><a href=\"https:\/\/sites.usp.br\/pgimunoicb\/wp-content\/uploads\/sites\/317\/2022\/01\/Course-cancellation-form.doc\">Course-cancellation-form<\/a><\/li>\n<li><a href=\"https:\/\/sites.usp.br\/pgimunoicb\/wp-content\/uploads\/sites\/317\/2022\/01\/Leave-of-absence-form.doc\">Leave-of-absence-form<\/a><\/li>\n<li><a href=\"https:\/\/sites.usp.br\/pgimunoicb\/wp-content\/uploads\/sites\/317\/2022\/01\/Foreign-student-registration-form-_-mobility-program.doc\">Foreign-student-registration-form-_-mobility-program<\/a><\/li>\n<li><strong><a href=\"https:\/\/sites.usp.br\/pgimunoicb\/wp-content\/uploads\/sites\/317\/2022\/01\/Form-to-request-credits-due-to-course-attendance-at-USP-or-elsewhere.doc\">Form to request credits due to course attendance (at USP or elsewhere)<\/a><\/strong><\/li>\n<li><a href=\"https:\/\/sites.usp.br\/pgimunoicb\/wp-content\/uploads\/sites\/317\/2025\/03\/Ficha_de_inscricao_Pos_Graduacao_ATUALIZADA.doc\">GRADUATE PROGRAM REGISTRATION FORM<\/a><\/li>\n<li><a href=\"https:\/\/sites.usp.br\/pgimunoicb\/wp-content\/uploads\/sites\/317\/2022\/01\/Deadline-extension-request-form-for-preliminary-exam_defense.docx\">Deadline extension request form for preliminary exam_defense<\/a><\/li>\n<\/ul>\n<p><strong>Enrollment<\/strong><\/p>\n<ul>\n<li><a href=\"https:\/\/sites.usp.br\/pgimunoicb\/wp-content\/uploads\/sites\/317\/2022\/01\/Initial-Enrollment-Form-1.doc\">Initial Enrollment Form<\/a><\/li>\n<li><a href=\"https:\/\/sites.usp.br\/pgimunoicb\/wp-content\/uploads\/sites\/317\/2022\/01\/Late-course-enrollment.doc\">Late-course-enrollment<\/a><\/li>\n<li><strong><a href=\"https:\/\/sites.usp.br\/pgimunoicb\/wp-content\/uploads\/sites\/317\/2022\/01\/Advisor-consent-form.doc\">Advisor-consent-form<\/a><\/strong><\/li>\n<li><a href=\"https:\/\/sites.usp.br\/pgimunoicb\/wp-content\/uploads\/sites\/317\/2022\/01\/Change-of-advisor-form.doc\">Change-of-advisor-form<\/a><\/li>\n<\/ul>\n<p><strong>Composition<br \/>\n<\/strong><\/p>\n<ul>\n<li><em><a href=\"https:\/\/sites.usp.br\/pgimunoicb\/wp-content\/uploads\/sites\/317\/2022\/01\/Students-governed-by-the-new-guidelines-2018-MA-and-PhD-doc.docx\">Students-governed-by-the-new-guidelines (2018) (MA and PhD) (doc)<\/a> Note: Students who are governed by previous regulations should contact the Program Secretariat.<\/em><\/li>\n<\/ul>\n<p><strong>Miscellaneous<\/strong><\/p>\n<ul>\n<li><a href=\"https:\/\/sites.usp.br\/pgimunoicb\/wp-content\/uploads\/sites\/317\/2022\/01\/Formulario-para-parecer-_-Credenciamento.-de-resp.-por-disciplina.docx\">Formulario-para-parecer-_-Credenciamento.-de-resp.-por-disciplina<\/a><\/li>\n<li><a href=\"https:\/\/sites.usp.br\/pgimunoicb\/wp-content\/uploads\/sites\/317\/2022\/01\/Formulario-de-credenciamento-de-orientador-e-co-orientadores-1.docx\">Formulario-de-credenciamento-de-orientador-e-co-orientadores-1<\/a><\/li>\n<li><a href=\"https:\/\/sites.usp.br\/pgimunoicb\/wp-content\/uploads\/sites\/317\/2022\/01\/Formulario-para-parecer-_-Credenciamento-de-orientador.docx\">Formulario-para-parecer-_-Credenciamento-de-orientador<\/a><\/li>\n<li><a href=\"https:\/\/sites.usp.br\/pgimunoicb\/wp-content\/uploads\/sites\/317\/2022\/01\/Formulario-para-parecer-_-Credenciamento.-de-resp.-por-disciplina-1.docx\">Formulario-para-parecer-_-Credenciamento.-de-resp.-por-disciplina<\/a><\/li>\n<li><a href=\"https:\/\/ww3.icb.usp.br\/pes\/etica-no-uso-dos-animais-ceua\/\">Comiss\u00e3o de \u00c9tica em Pesquisa com Animais de Experimenta\u00e7\u00e3o do ICB<\/a><\/li>\n<li><a href=\"https:\/\/sites.usp.br\/pgimunoicb\/wp-content\/uploads\/sites\/317\/2021\/01\/Formulario-para-equivalencia-de-titulos.doc\">Formul\u00e1rio-para-equival\u00eancia-de-t\u00edtulos (\u00e2mbito USP) (doc)<\/a><\/li>\n<li><strong><a href=\"https:\/\/sites.usp.br\/pgimunoicb\/wp-content\/uploads\/sites\/317\/2022\/01\/Degree-recognition-form-former-revalidation.doc\">Degree-recognition-form (former revalidation)<\/a><\/strong><\/li>\n<li><a href=\"https:\/\/sites.usp.br\/pgimunoicb\/wp-content\/uploads\/sites\/317\/2022\/01\/Online-events-form.docx\">Online-events-form<\/a><\/li>\n<\/ul>\n<p>&nbsp;<\/p>\n<p>For more forms, visit the website: <a href=\"https:\/\/ww3.icb.usp.br\/pos\/programa-de-pos-graduacao-do-icb-usp-formularios\/\">ICB-USP Graduate Program \u2013 Forms<\/a><\/p>\n<p>&nbsp;<\/p>\n","protected":false},"excerpt":{"rendered":"<p>&nbsp; Ficha de Inscri\u00e7\u00e3o PIPD Ficha_de_inscri\u00e7\u00e3o_P\u00f3s_Gradua\u00e7\u00e3o_ATUALIZADA Formul\u00e1rio Matr\u00edcula-inicial FORMULARIO-INSCRICAO-ALUNO-ESPECIAL Formul\u00e1rio-de-cadastro-de-docente-externo Formul\u00e1rio-para-assinatura-da-Comiss\u00e3o-Julgadora-ME-e-DO Formul\u00e1rio-para-autoriza\u00e7\u00e3o-de-dep\u00f3sito-de-exemplares Formul\u00e1rio-solic.-para-n\u00e3o-dispon.-a-vers\u00e3o-integral-da-tese-ou-disserta\u00e7\u00e3o-no-portal-da-BDTD Formulario-para-entrega-de-versoes-corrig-da-Dissert-ou-Tese-1 Procedimentos-para-entrega-do-exemplar-corrigido Formulario-CRIACAO-DISCIPLINAS-04-03-21 Formul\u00e1rio-atribui\u00e7\u00e3o-de-cr\u00e9ditos-por-participa\u00e7\u00e3o-em-congressos Formul\u00e1rio-atribui\u00e7\u00e3o-cr\u00e9ditos-por-publica\u00e7\u00f5es Formul\u00e1rio-atribui\u00e7\u00e3o-de-cr\u00e9ditos-est\u00e1gio-do-programa-PAE Formul\u00e1rio-cancelamento-de-matr\u00edcula-em-disciplinas Formul\u00e1rio-para-trancamento-de-matr\u00edcula Formulario-para-cadastro-de-estudante-estrangeiro-_-programa-de-mobilidade Formul\u00e1rio para solicitar atribui\u00e7\u00e3o de cr\u00e9ditos em disciplinas (realizadas dentro e fora da USP) Formulario para prorroga\u00e7ao de prazo de exame de qualifica\u00e7ao_defesa Matr\u00edcula Matr\u00edcula-inicial Inscri\u00e7\u00e3o-em-disciplinas-fora-de-prazo Formul\u00e1rio-aceite-de-orienta\u00e7\u00e3o\u00a0 Formul\u00e1rio-para-mudan\u00e7a-de-orienta\u00e7\u00e3o Composi\u00e7\u00e3o Alunos do novo regulamento (2018) (ME e DO) (doc)\u00a0 Obs. Alunos dos regulamentos anteriores dever\u00e3o entrar em contato com a secretaria do Programa. V\u00e1rios Formulario-para-parecer-_-Credenciamento.-de-resp.-por-disciplina Formulario-de-credenciamento-de-orientador-e-co-orientadores-1 Formulario-para-parecer-_-Credenciamento-de-orientador Formulario-para-parecer-_-Credenciamento.-de-resp.-por-disciplina Comiss\u00e3o de \u00c9tica em Pesquisa com Animais de Experimenta\u00e7\u00e3o do ICB Formul\u00e1rio-para-equival\u00eancia-de-t\u00edtulos (\u00e2mbito USP) (doc) Formul\u00e1rio-para-reconhecimento-de-t\u00edtulos (antiga revalida\u00e7\u00e3o)(doc) Formulario para eventos remotos Formulario para qualifica\u00e7\u00e3o mestrado e doutorado_2021 &nbsp; Para mais formul\u00e1rios, visite o site: Programa de P\u00f3s-Gradua\u00e7\u00e3o do ICB-USP \u2013 Formul\u00e1rios &nbsp; Initial Enrollment Form SPECIAL-STUDENT-ENROLLMENT-FORM External-faculty-registration-form Formulario-para-assinatura-da-Comissao-Julgadora-ME-e-DO Hard-copy-deposit-authorization-form Request-not-to-publish-the-full-version-of-the-thesis-or-dissertation-in-BDTD-website-form Thesis-or-dissertation-corrected-version-submission-form-1 Corrected-copy-submission-procedures Formulario-CRIACAO-DISCIPLINAS-04-03-21 Credits-granted-due-to-congress-attendance-form Credits-granted-due-to-publications-form Credits-granted-due-to-internship-at-PAE-program Course-cancellation-form Leave-of-absence-form Foreign-student-registration-form-_-mobility-program Form to request credits due to course attendance (at USP or elsewhere) GRADUATE PROGRAM REGISTRATION FORM Deadline extension request form for preliminary exam_defense Enrollment Initial Enrollment Form Late-course-enrollment Advisor-consent-form Change-of-advisor-form Composition Students-governed-by-the-new-guidelines (2018) (MA and PhD) (doc) Note: Students who are governed by previous regulations should contact the Program Secretariat. Miscellaneous Formulario-para-parecer-_-Credenciamento.-de-resp.-por-disciplina Formulario-de-credenciamento-de-orientador-e-co-orientadores-1 Formulario-para-parecer-_-Credenciamento-de-orientador Formulario-para-parecer-_-Credenciamento.-de-resp.-por-disciplina Comiss\u00e3o de \u00c9tica em Pesquisa com [&#8230;]<\/p>\n","protected":false},"author":584,"featured_media":0,"parent":901,"menu_order":0,"comment_status":"closed","ping_status":"closed","template":"","meta":{"footnotes":"","_links_to":"","_links_to_target":""},"categories":[],"tags":[],"class_list":["post-951","page","type-page","status-publish","hentry"],"_links":{"self":[{"href":"https:\/\/sites.usp.br\/pgimunoicb\/wp-json\/wp\/v2\/pages\/951","targetHints":{"allow":["GET"]}}],"collection":[{"href":"https:\/\/sites.usp.br\/pgimunoicb\/wp-json\/wp\/v2\/pages"}],"about":[{"href":"https:\/\/sites.usp.br\/pgimunoicb\/wp-json\/wp\/v2\/types\/page"}],"author":[{"embeddable":true,"href":"https:\/\/sites.usp.br\/pgimunoicb\/wp-json\/wp\/v2\/users\/584"}],"replies":[{"embeddable":true,"href":"https:\/\/sites.usp.br\/pgimunoicb\/wp-json\/wp\/v2\/comments?post=951"}],"version-history":[{"count":4,"href":"https:\/\/sites.usp.br\/pgimunoicb\/wp-json\/wp\/v2\/pages\/951\/revisions"}],"predecessor-version":[{"id":3876,"href":"https:\/\/sites.usp.br\/pgimunoicb\/wp-json\/wp\/v2\/pages\/951\/revisions\/3876"}],"up":[{"embeddable":true,"href":"https:\/\/sites.usp.br\/pgimunoicb\/wp-json\/wp\/v2\/pages\/901"}],"wp:attachment":[{"href":"https:\/\/sites.usp.br\/pgimunoicb\/wp-json\/wp\/v2\/media?parent=951"}],"wp:term":[{"taxonomy":"category","embeddable":true,"href":"https:\/\/sites.usp.br\/pgimunoicb\/wp-json\/wp\/v2\/categories?post=951"},{"taxonomy":"post_tag","embeddable":true,"href":"https:\/\/sites.usp.br\/pgimunoicb\/wp-json\/wp\/v2\/tags?post=951"}],"curies":[{"name":"wp","href":"https:\/\/api.w.org\/{rel}","templated":true}]}}