{"id":17,"date":"2021-02-15T09:22:06","date_gmt":"2021-02-15T12:22:06","guid":{"rendered":"https:\/\/sites.usp.br\/pgmphb\/?page_id=17"},"modified":"2021-02-17T10:46:32","modified_gmt":"2021-02-17T13:46:32","slug":"objetivos","status":"publish","type":"page","link":"https:\/\/sites.usp.br\/pgmphb\/objetivos\/","title":{"rendered":"Objetivos"},"content":{"rendered":"<p>O programa de Mestrado Profissional em Hemoterapia e Biotecnologia tem por objetivo a forma\u00e7\u00e3o e especializa\u00e7\u00e3o t\u00e9cnico-cient\u00edficas s\u00f3lidas de profissionais nas suas respectivas \u00e1reas com capacidade de identificar problemas, criar solu\u00e7\u00f5es novas e contribuir para o desenvolvimento do seu local de trabalho. O intuito final \u00e9 inser\u00e7\u00e3o profissional em coloca\u00e7\u00f5es de ponta de seus egressos, formando l\u00edderes em suas respectivas \u00e1reas de trabalho.<\/p>\n<p>O programa busca tamb\u00e9m a especializa\u00e7\u00e3o de um profissional capaz de participar do desenvolvimento e promo\u00e7\u00e3o da sa\u00fade no Brasil tornando-o apto para executar atividades que possibilitem a continuidade de sua forma\u00e7\u00e3o e especializa\u00e7\u00e3o.<\/p>\n","protected":false},"excerpt":{"rendered":"<p>O programa de Mestrado Profissional em Hemoterapia e Biotecnologia tem por objetivo a forma\u00e7\u00e3o e especializa\u00e7\u00e3o t\u00e9cnico-cient\u00edficas s\u00f3lidas de profissionais nas suas respectivas \u00e1reas com capacidade de identificar problemas, criar solu\u00e7\u00f5es novas e contribuir para o desenvolvimento do seu local de trabalho. O intuito final \u00e9 inser\u00e7\u00e3o profissional em coloca\u00e7\u00f5es de ponta de seus egressos,<a href=\"https:\/\/sites.usp.br\/pgmphb\/objetivos\/\">[&#8230;]<\/a><\/p>\n","protected":false},"author":457,"featured_media":0,"parent":0,"menu_order":0,"comment_status":"closed","ping_status":"closed","template":"","meta":{"footnotes":"","_links_to":"","_links_to_target":""},"class_list":["post-17","page","type-page","status-publish","hentry"],"_links":{"self":[{"href":"https:\/\/sites.usp.br\/pgmphb\/wp-json\/wp\/v2\/pages\/17","targetHints":{"allow":["GET"]}}],"collection":[{"href":"https:\/\/sites.usp.br\/pgmphb\/wp-json\/wp\/v2\/pages"}],"about":[{"href":"https:\/\/sites.usp.br\/pgmphb\/wp-json\/wp\/v2\/types\/page"}],"author":[{"embeddable":true,"href":"https:\/\/sites.usp.br\/pgmphb\/wp-json\/wp\/v2\/users\/457"}],"replies":[{"embeddable":true,"href":"https:\/\/sites.usp.br\/pgmphb\/wp-json\/wp\/v2\/comments?post=17"}],"version-history":[{"count":2,"href":"https:\/\/sites.usp.br\/pgmphb\/wp-json\/wp\/v2\/pages\/17\/revisions"}],"predecessor-version":[{"id":97,"href":"https:\/\/sites.usp.br\/pgmphb\/wp-json\/wp\/v2\/pages\/17\/revisions\/97"}],"wp:attachment":[{"href":"https:\/\/sites.usp.br\/pgmphb\/wp-json\/wp\/v2\/media?parent=17"}],"curies":[{"name":"wp","href":"https:\/\/api.w.org\/{rel}","templated":true}]}}