{"id":48,"date":"2021-02-17T09:35:44","date_gmt":"2021-02-17T12:35:44","guid":{"rendered":"https:\/\/sites.usp.br\/pgmphb\/?page_id=48"},"modified":"2021-03-01T09:50:22","modified_gmt":"2021-03-01T12:50:22","slug":"alunos-regulares","status":"publish","type":"page","link":"https:\/\/sites.usp.br\/pgmphb\/alunos-regulares\/","title":{"rendered":"Alunos Regulares"},"content":{"rendered":"<p><a href=\"http:\/\/cpg.fmrp.usp.br\/alunos\/regulares\">(Matr\u00edcula semestral, Solicita\u00e7\u00f5es de Alunos, Declara\u00e7\u00f5es, Defesas, Alunos Estrangeiros)<\/a><\/p>\n<p><strong>&#8211; BOLSAS E AUX\u00cdLIOS<\/strong><\/p>\n<ul>\n<li><strong>N\u00e3o se aplica para o mestrado profissional<\/strong><\/li>\n<\/ul>\n<p><strong>&#8211; EXAME DE QUALIFICA\u00c7\u00c3O<\/strong><\/p>\n<p>NORMAS PARA <u>INSCRI\u00c7\u00c3O<\/u> DO EXAME DE QUALIFICA\u00c7\u00c3O (MESTRADO)<\/p>\n<p>REQUISITOS:<\/p>\n<ul>\n<li>ter completado pelo menos 50% dos cr\u00e9ditos m\u00ednimos em disciplina para a realiza\u00e7\u00e3o do exame, at\u00e9 na data de inscri\u00e7\u00e3o;<\/li>\n<li>ter atendido as Diretrizes de Integridade Cient\u00edfica e Boas Pr\u00e1ticas em Pesquisa na FMRP;<\/li>\n<li>ter sido aprovado em todos os Relat\u00f3rios semestrais;<\/li>\n<li>ter submetido o projeto ao CEP.<\/li>\n<\/ul>\n<p>DOCUMENTOS NECESS\u00c1RIOS:<\/p>\n<p>Enviar no m\u00ednimo com 60 dias de anteced\u00eancia da data limite no sistema Janus:<\/p>\n<ol>\n<li>O formul\u00e1rio para inscri\u00e7\u00e3o em qualifica\u00e7\u00e3o e enviar um e-mail: para: <a href=\"mailto:secretariaceduc@hemocentro.fmrp.usp.br\">secretariaceduc@hemocentro.fmrp.usp.br<\/a> contendo as informa\u00e7\u00f5es abaixo. Para acessar o formul\u00e1rio, <a href=\"https:\/\/docs.google.com\/document\/d\/1iQxkDBppWxJZdpx5IZHcme3usXV-M2bC\/edit\"><strong>CLIQUE AQUI<\/strong><\/a><\/li>\n<li>No formul\u00e1rio precisa obrigatoriamente conter:<\/li>\n<\/ol>\n<ul>\n<li>T\u00edtulo atual do trabalho de disserta\u00e7\u00e3o;<\/li>\n<li>Resumo: O intuito \u00e9 apenas conhecer melhor o trabalho de disserta\u00e7\u00e3o, por isso, n\u00e3o precisa resultados, apenas um breve resumo com no m\u00e1ximo 500 palavras.<\/li>\n<li>Lista (com ci\u00eancia do orientador) com sugest\u00e3o de <u>6 nomes de docentes de Programas de P\u00f3s-Gradua\u00e7\u00e3o da FMRP <\/u>em ordem de prefer\u00eancia, para compor a banca examinadora, sendo 3 primeiros titulares e os 3 restantes suplentes. A banca examinadora dever\u00e1 ser composta por tr\u00eas Doutores(as), sendo pelo menos um deles, Orientador(a) Pleno do Programa, por isso, ao elaborar a lista lembre de colocar pelo menos dois docentes plenos (titular e suplente). Para acessar lista de orientadores:<\/li>\n<\/ul>\n<p><strong>17156- BIOTECNOLOGIA &#8211; <\/strong><a href=\"https:\/\/uspdigital.usp.br\/janus\/componente\/orientadoresInicial.jsf?action=2&amp;codcpg=17&amp;codare=17156\"><strong>CLIQUE AQUI<\/strong><\/a><\/p>\n<p><strong>17155 &#8211; HEMOTERAPIA E MEDICINA TRANSFUSIONAL &#8211; <\/strong><a href=\"https:\/\/uspdigital.usp.br\/janus\/componente\/orientadoresInicial.jsf?action=2&amp;codcpg=17&amp;codare=17155\"><strong>CLIQUE AQUI<\/strong><\/a><\/p>\n<ul>\n<li>N\u00famero total de cr\u00e9ditos em disciplinas.<\/li>\n<\/ul>\n<ol start=\"3\">\n<li>C\u00f3pia da Ficha de Aluno;<\/li>\n<li>C\u00f3pia do Trabalho de Disserta\u00e7\u00e3o para Exame de Qualifica\u00e7\u00e3o;<\/li>\n<li>Comprovante de submiss\u00e3o do projeto ao CEP.<\/li>\n<\/ol>\n<p>OBS.:<\/p>\n<ol>\n<li>A apresenta\u00e7\u00e3o em Power Point \u00e9 de responsabilidade do aluno e dever\u00e1 ser transferida para o computador onde ser\u00e1 feita a apresenta\u00e7\u00e3o (via pen drive, CD, email, etc.) 30 minutos antes do in\u00edcio do exame.<\/li>\n<li>A lista com sugest\u00e3o de nomes para a banca examinadora enviada ser\u00e1 submetida a an\u00e1lise pela Comiss\u00e3o Coordenadora do Programa-CCP, do Mestrado Profissional em Hemoterapia e Biotecnologia, que escolher\u00e1 tr\u00eas titulares e tr\u00eas suplentes. Ressaltando que a comiss\u00e3o tem autoridade para alterar a lista e incluir outros docentes.<\/li>\n<li>Ap\u00f3s a reuni\u00e3o da CCP, ser\u00e1 divulgada por e-mail para o aluno, a lista com os membros titulares e suplentes.<\/li>\n<li>\u00c9 responsabilidade do aluno informar, com 15 dias de anteced\u00eancia, a data, hor\u00e1rio e local da apresenta\u00e7\u00e3o e enviar o projeto de sua apresenta\u00e7\u00e3o para todos os docentes titulares aprovados para sua banca e tamb\u00e9m para a secretaria do Programa de P\u00f3s-Gradua\u00e7\u00e3o.<\/li>\n<li>O trabalho para exame de qualifica\u00e7\u00e3o, deve ser Documento em formato de disserta\u00e7\u00e3o, contendo os elementos textuais exigidos pelo Programa de Mestrado Profissional em Hemoterapia e Biotecnologia, para disserta\u00e7\u00e3o (Introdu\u00e7\u00e3o, Justificativa e Objetivos, Metodologia, Resultados obtidos, Planejamento Futuro e Refer\u00eancias Bibliogr\u00e1ficas), sem necessidade de todos os elementos pr\u00e9-textuais da Disserta\u00e7\u00e3o definitiva.<\/li>\n<\/ol>\n<p>&nbsp;<\/p>\n<table width=\"495\">\n<tbody>\n<tr>\n<td width=\"495\">NORMAS PARA <u>REALIZA\u00c7\u00c3O<\/u> E <u>JULGAMENTO<\/u> DO EXAME DE QUALIFICA\u00c7\u00c3O (MESTRADO) (Regimento 7493)<\/p>\n<p><em>1. O objetivo do exame de qualifica\u00e7\u00e3o no MESTRADO, DOUTORADO e DOUTORADO \u00e9 avaliar o conhecimento adquirido em disciplinas e sobre o tema de seu projeto, al\u00e9m da capacidade do estudante em desenvolver, de forma independente, o seu projeto dentro de sua \u00e1rea de pesquisa.<\/em><\/p>\n<p><em>2. O exame de qualifica\u00e7\u00e3o constar\u00e1 de uma apresenta\u00e7\u00e3o p\u00fablica de, no m\u00ednimo 30 (trinta) e, no m\u00e1ximo, 60 (sessenta) minutos, na qual o candidato apresentar\u00e1 o<\/em> andamento do projeto de pesquisa no formato de disserta\u00e7\u00e3o\/tese incluindo Introdu\u00e7\u00e3o sobre o tema, Justificativa e Objetivos, Resultados alcan\u00e7ados, Discuss\u00e3o e Planejamento futuro. <em>A seguir, dever\u00e1 haver argui\u00e7\u00e3o individual pelos Membros da Comiss\u00e3o Julgadora. Ser\u00e3o julgados conhecimento, viabilidade da finaliza\u00e7\u00e3o do projeto e capacidade did\u00e1tica do candidato de apresentar o tema.<\/em><\/p>\n<p><em>3. Sugere-se que cada examinador utilize o tempo m\u00e1ximo de 30 (trinta) minutos para arguir o candidato, incluindo o tempo de resposta do mesmo.<\/em><\/p>\n<p><em>4. Encerrada a argui\u00e7\u00e3o, a Comiss\u00e3o Julgadora reunir-se-\u00e1 em sess\u00e3o secreta na qual cada examinador expressar\u00e1 seu julgamento, considerando o candidato aprovado ou reprovado. Cada examinador que expressar pela reprova\u00e7\u00e3o do candidato apresentar\u00e1 seu parecer, que ser\u00e1 anexado ao relat\u00f3rio da Comiss\u00e3o Julgadora.<\/em><\/p>\n<p><em>5. O resultado ser\u00e1 divulgado publicamente pela Comiss\u00e3o Julgadora, considerando-se habilitado o candidato que for aprovado pela maioria dos examinadores.<\/em><\/td>\n<\/tr>\n<\/tbody>\n<\/table>\n<p>&nbsp;<\/p>\n<p><strong>&#8211; RELAT\u00d3RIOS SEMESTRAIS<\/strong><\/p>\n<p>Conforme Regulamento do Programa:<\/p>\n<p><strong>IX \u2013 AVALIA\u00c7\u00c3O DO DESEMPENHO ACAD\u00caMICO E CIENT\u00cdFICO DO ALUNO<\/strong><\/p>\n<p>IX.1 Os estudantes ser\u00e3o avaliados semestralmente atrav\u00e9s de seus relat\u00f3rios de atividades. Os relat\u00f3rios dever\u00e3o ser entregues semestralmente pelo estudante de acordo com o cronograma estabelecido pela CCP, divulgado pela secretaria e publicado na p\u00e1gina eletr\u00f4nica do Programa.<\/p>\n<p>IX.2 O relat\u00f3rio dever\u00e1 conter um resumo do projeto de pesquisa do estudante, descri\u00e7\u00e3o das atividades realizadas e do cumprimento das metas planejadas, planejamento ou replanejamento das atividades futuras. Dever\u00e1 tamb\u00e9m ser acompanhado com a avalia\u00e7\u00e3o, pelo orientador, do desempenho acad\u00eamico e cient\u00edfico do aluno.<\/p>\n<p>IX.3 O estudante que tiver seu relat\u00f3rio reprovado dever\u00e1 providenciar a entrega de novo relat\u00f3rio no prazo m\u00e1ximo de 30 (trinta) dias, contados a partir da data de divulga\u00e7\u00e3o do resultado da avalia\u00e7\u00e3o pela secretaria do Programa.<\/p>\n<p>IX.4 Al\u00e9m das regras estabelecidas no Regimento de P\u00f3s-Gradua\u00e7\u00e3o da USP, o estudante poder\u00e1 ser desligado do programa de p\u00f3s-gradua\u00e7\u00e3o, do curso de Mestrado, se ocorrer uma das seguintes situa\u00e7\u00f5es:<\/p>\n<ol>\n<li>a) reprova\u00e7\u00e3o do relat\u00f3rio semestral de atividades por duas vezes consecutivas;<br \/>\nb) n\u00e3o entregar o relat\u00f3rio semestral na data limite prevista no calend\u00e1rio anual, divulgado pela secretaria de p\u00f3s-gradua\u00e7\u00e3o e na p\u00e1gina do programa na internet.<\/li>\n<li>c) n\u00e3o cumprimento das atividades programadas estabelecidas no in\u00edcio do curso pelo orientador, junto com o aluno e com o aval da CCP.<\/li>\n<li>d) falta \u00e9tica ou m\u00e1 conduta, acad\u00eamica ou cient\u00edfica, atestada, por escrito, por seu orientador, aprovada pela CCP e CPG, sendo garantida ampla defesa do aluno.<\/li>\n<\/ol>\n<p><strong>&#8211; PAE &#8211; Programa de Aperfei\u00e7oamento de Ensino<\/strong><\/p>\n<p>Para obter informa\u00e7\u00f5es <a href=\"http:\/\/cpg.fmrp.usp.br\/alunos\/pae\">CLIQUE AQUI<\/a><\/p>\n<p><b>\u2013 <a href=\"http:\/\/www.alumni.usp.br\/\">Plataforma de ex-alunos USP<\/a><\/b><\/p>\n<p><b>\u2013 <a href=\"https:\/\/www.hemocentro.fmrp.usp.br\/contato\/\">Acesso ao Hemocentro de Ribeir\u00e3o Preto<\/a><\/b><\/p>\n<p><b>\u2013 <a href=\"https:\/\/www.hemocentro.fmrp.usp.br\/pesquisa\/cibio\/\">Treinamentos de biosseguran\u00e7a<\/a><\/b><\/p>\n<p><b>\u2013 <a href=\"https:\/\/eduroam.usp.br\/\">Acesso \u00e0 rede wifi USP<\/a>.<\/b><\/p>\n<hr \/>\n<p>&#8211; Dep\u00f3sito da Disserta\u00e7\u00e3o de Mestrado: entrar em contato com a Secretaria do Programa<\/p>\n<p>&#8211; Oficializa\u00e7\u00e3o da Defesa da Disserta\u00e7\u00e3o de Mestrado: entrar em contato com a Secretaria do Programa<\/p>\n","protected":false},"excerpt":{"rendered":"<p>(Matr\u00edcula semestral, Solicita\u00e7\u00f5es de Alunos, Declara\u00e7\u00f5es, Defesas, Alunos Estrangeiros) &#8211; BOLSAS E AUX\u00cdLIOS N\u00e3o se aplica para o mestrado profissional &#8211; EXAME DE QUALIFICA\u00c7\u00c3O NORMAS PARA INSCRI\u00c7\u00c3O DO EXAME DE QUALIFICA\u00c7\u00c3O (MESTRADO) REQUISITOS: ter completado pelo menos 50% dos cr\u00e9ditos m\u00ednimos em disciplina para a realiza\u00e7\u00e3o do exame, at\u00e9 na data de inscri\u00e7\u00e3o; ter atendido<a href=\"https:\/\/sites.usp.br\/pgmphb\/alunos-regulares\/\">[&#8230;]<\/a><\/p>\n","protected":false},"author":457,"featured_media":0,"parent":0,"menu_order":0,"comment_status":"closed","ping_status":"closed","template":"","meta":{"footnotes":"","_links_to":"","_links_to_target":""},"class_list":["post-48","page","type-page","status-publish","hentry"],"_links":{"self":[{"href":"https:\/\/sites.usp.br\/pgmphb\/wp-json\/wp\/v2\/pages\/48","targetHints":{"allow":["GET"]}}],"collection":[{"href":"https:\/\/sites.usp.br\/pgmphb\/wp-json\/wp\/v2\/pages"}],"about":[{"href":"https:\/\/sites.usp.br\/pgmphb\/wp-json\/wp\/v2\/types\/page"}],"author":[{"embeddable":true,"href":"https:\/\/sites.usp.br\/pgmphb\/wp-json\/wp\/v2\/users\/457"}],"replies":[{"embeddable":true,"href":"https:\/\/sites.usp.br\/pgmphb\/wp-json\/wp\/v2\/comments?post=48"}],"version-history":[{"count":4,"href":"https:\/\/sites.usp.br\/pgmphb\/wp-json\/wp\/v2\/pages\/48\/revisions"}],"predecessor-version":[{"id":186,"href":"https:\/\/sites.usp.br\/pgmphb\/wp-json\/wp\/v2\/pages\/48\/revisions\/186"}],"wp:attachment":[{"href":"https:\/\/sites.usp.br\/pgmphb\/wp-json\/wp\/v2\/media?parent=48"}],"curies":[{"name":"wp","href":"https:\/\/api.w.org\/{rel}","templated":true}]}}