{"id":1144,"date":"2022-09-20T15:12:37","date_gmt":"2022-09-20T18:12:37","guid":{"rendered":"https:\/\/sites.usp.br\/pgonco\/?page_id=1144"},"modified":"2022-11-01T14:30:33","modified_gmt":"2022-11-01T17:30:33","slug":"workshop","status":"publish","type":"page","link":"https:\/\/sites.usp.br\/pgonco\/workshop\/","title":{"rendered":"Workshop"},"content":{"rendered":"<h2><strong>II Workshop dos Programas de P\u00f3s-Gradua\u00e7\u00e3o em Oncologia Cl\u00ednica, C\u00e9lulas-Tronco e Terapia Celular e Mestrado Profissional em Hemoterapia e Biotecnologia<\/strong><\/h2>\n<p><span style=\"font-weight: 400;\">O II Workshop dos Programas de P\u00f3s-Gradua\u00e7\u00e3o em Oncologia Cl\u00ednica, C\u00e9lulas-Tronco e Terapia Celular e Mestrado Profissional em Hemoterapia e Biotecnologia ser\u00e1 realizado no dia <strong>10 de novembro de 2022<\/strong> no Anfiteatro Vermelho do Hemocentro de Ribeir\u00e3o Preto, e contamos com a participa\u00e7\u00e3o de todos.<\/span><\/p>\n<p><span style=\"font-weight: 400;\">Seguem informa\u00e7\u00f5es importantes:<\/span><\/p>\n<ol>\n<li><span style=\"font-weight: 400;\"> Todos os alunos de Mestrado e Doutorado e os orientadores dos Programas de P\u00f3s-Gradua\u00e7\u00e3o em Oncologia Cl\u00ednica, C\u00e9lulas-Tronco e Terapia Celular e do Mestrado Profissional em Hemoterapia e Biotecnologia est\u00e3o convidados a se inscreverem.<\/span><\/li>\n<li><span style=\"font-weight: 400;\"> A inscri\u00e7\u00e3o e o envio de resumos s\u00e3o obrigat\u00f3rios para todos os alunos de Doutorado e de Mestrado dos Programas de P\u00f3s-Gradua\u00e7\u00e3o em Oncologia Cl\u00ednica, C\u00e9lulas-Tronco e Terapia Celular e do Mestrado Profissional em Hemoterapia e Biotecnologia, em substitui\u00e7\u00e3o ao relat\u00f3rio do segundo semestre de 2022.<\/span><\/li>\n<li><span style=\"font-weight: 400;\"> O per\u00edodo de inscri\u00e7\u00e3o e envio dos resumos ser\u00e1 de 20\/09\/2022 a <b>15\/10\/2022 (at\u00e9 meia noite)<\/b>, por meio do formul\u00e1rio do Google Forms: <\/span><a href=\"https:\/\/forms.gle\/zbMePWuQF9zApEJP6\"><span style=\"font-weight: 400;\">https:\/\/forms.gle\/zbMePWuQF9zApEJP6<\/span><\/a><span style=\"font-weight: 400;\">.\u00a0<\/span><\/li>\n<li><span style=\"font-weight: 400;\"> Orienta\u00e7\u00f5es para elabora\u00e7\u00e3o dos resumos:\u00a0<\/span><\/li>\n<\/ol>\n<ul>\n<li><span style=\"font-weight: 400;\"> Conter no m\u00e1ximo 3.800 caracteres (espa\u00e7os, t\u00edtulo, nomes dos autores e afilia\u00e7\u00f5es n\u00e3o est\u00e3o inclu\u00eddos na contagem de caracteres).<\/span><\/li>\n<li><span style=\"font-weight: 400;\"> \u00c9 desej\u00e1vel que os resumos contenham introdu\u00e7\u00e3o, objetivos, m\u00e9todos, resultados, conclus\u00f5es e discuss\u00e3o.<\/span><\/li>\n<li><span style=\"font-weight: 400;\"> Para alunos com ingresso recente, o resumo pode conter apenas introdu\u00e7\u00e3o, objetivos e m\u00e9todos referentes ao projeto de pesquisa.<\/span><\/li>\n<\/ul>\n<ol start=\"5\">\n<li><span style=\"font-weight: 400;\"> Todos os trabalhos ser\u00e3o apresentados pelo discente, no formato de p\u00f4ster ou oral. Os trabalhos selecionados para apresenta\u00e7\u00e3o oral ou p\u00f4ster ser\u00e3o divulgados em 25\/10\/2022. Excepcionalmente, os alunos que n\u00e3o tiverem disponibilidade de estarem presentes no dia do workshop devem enviar uma justificativa \u00e0 secretaria por e-mail (<\/span><a href=\"mailto:secretariaceduc@hemocentro.fmrp.usp.br\"><span style=\"font-weight: 400;\">secretariaceduc@hemocentro.fmrp.usp.br<\/span><\/a><span style=\"font-weight: 400;\">); e a apresenta\u00e7\u00e3o dever\u00e1 ser realizada pelo orientador.\u00a0<\/span><\/li>\n<li><span style=\"font-weight: 400;\"> Informamos que para as(os) alunas(os) matriculadas(os) nos Programas de P\u00f3s-Gradua\u00e7\u00e3o em Oncologia Cl\u00ednica, C\u00e9lulas-Tronco e Terapia Celular e Mestrado Profissional em Hemoterapia e Biotecnologia, haver\u00e1 premia\u00e7\u00e3o para cada categoria: doutorado e mestrado acad\u00eamicos e mestrado profissional, sendo:<\/span><\/li>\n<\/ol>\n<p><span style=\"font-weight: 400;\">1\u00ba colocado: Pr\u00eamio de melhor trabalho<br \/>\n<\/span><span style=\"font-weight: 400;\">2\u00ba colocado: Men\u00e7\u00e3o honrosa<br \/>\n<\/span><span style=\"font-weight: 400;\">3\u00ba colocado: Men\u00e7\u00e3o honrosa<\/span><\/p>\n<ol start=\"7\">\n<li><span style=\"font-weight: 400;\"> O certificado ser\u00e1 em formato eletr\u00f4nico. Os autores que apresentaram seus trabalhos poder\u00e3o emitir seus certificados via sites dos programas, 10 dias ap\u00f3s o evento.<\/span><\/li>\n<li><span style=\"font-weight: 400;\"> Outras informa\u00e7\u00f5es sobre o Evento estar\u00e3o dispon\u00edveis nos sites dos programas (<\/span><a href=\"https:\/\/sites.usp.br\/pgonco\/\"><span style=\"font-weight: 400;\">https:\/\/sites.usp.br\/pgonco\/<\/span><\/a><span style=\"font-weight: 400;\"> e <\/span><a href=\"https:\/\/sites.usp.br\/pgmphb\/\"><span style=\"font-weight: 400;\">https:\/\/sites.usp.br\/pgmphb\/<\/span><\/a><span style=\"font-weight: 400;\">).<\/span><\/li>\n<\/ol>\n<p><span style=\"font-weight: 400;\">Atenciosamente,<br \/>\n<\/span><b>Comiss\u00e3o Organizadora<\/b><\/p>\n<p><span style=\"font-weight: 400;\">Comiss\u00e3o organizadora:<br \/>\n<\/span><span style=\"font-weight: 400;\">Fab\u00edola Traina<br \/>\n<\/span><span style=\"font-weight: 400;\">Lorena L. Figueiredo Pontes<br \/>\n<\/span><span style=\"font-weight: 400;\">Maria Carolina de Oliveira Rodrigues<br \/>\n<\/span><span style=\"font-weight: 400;\">Jonathan Milhomens dos Santos Lima<br \/>\n<\/span>Natasha Peixoto Fonseca<\/p>\n<p><span style=\"font-weight: 400;\">Secretaria:<br \/>\n<\/span><span style=\"font-weight: 400;\">Silvia Helena Costa<br \/>\n<\/span><span style=\"font-weight: 400;\">Rosana Maria de Oliveira<\/span><\/p>\n<h3>Data do evento: 10 de novembro de 2022<br \/>\nLocal do evento: Anfiteatro vermelho do Hemocentro de Ribeir\u00e3o Preto<\/h3>\n<h4>Programa<\/h4>\n<p><img fetchpriority=\"high\" decoding=\"async\" class=\"alignleft size-large wp-image-1176\" src=\"https:\/\/sites.usp.br\/pgonco\/wp-content\/uploads\/sites\/850\/2022\/11\/Bloco-1-1024x927.png\" alt=\"\" width=\"640\" height=\"579\" srcset=\"https:\/\/sites.usp.br\/pgonco\/wp-content\/uploads\/sites\/850\/2022\/11\/Bloco-1-1024x927.png 1024w, https:\/\/sites.usp.br\/pgonco\/wp-content\/uploads\/sites\/850\/2022\/11\/Bloco-1-300x272.png 300w, https:\/\/sites.usp.br\/pgonco\/wp-content\/uploads\/sites\/850\/2022\/11\/Bloco-1-768x695.png 768w, https:\/\/sites.usp.br\/pgonco\/wp-content\/uploads\/sites\/850\/2022\/11\/Bloco-1.png 1498w\" sizes=\"(max-width: 640px) 100vw, 640px\" \/> <img decoding=\"async\" class=\"alignleft size-large wp-image-1177\" src=\"https:\/\/sites.usp.br\/pgonco\/wp-content\/uploads\/sites\/850\/2022\/11\/Bloco-2-1024x573.png\" alt=\"\" width=\"640\" height=\"358\" srcset=\"https:\/\/sites.usp.br\/pgonco\/wp-content\/uploads\/sites\/850\/2022\/11\/Bloco-2-1024x573.png 1024w, https:\/\/sites.usp.br\/pgonco\/wp-content\/uploads\/sites\/850\/2022\/11\/Bloco-2-300x168.png 300w, https:\/\/sites.usp.br\/pgonco\/wp-content\/uploads\/sites\/850\/2022\/11\/Bloco-2-768x430.png 768w, https:\/\/sites.usp.br\/pgonco\/wp-content\/uploads\/sites\/850\/2022\/11\/Bloco-2-310x174.png 310w, https:\/\/sites.usp.br\/pgonco\/wp-content\/uploads\/sites\/850\/2022\/11\/Bloco-2.png 1498w\" sizes=\"(max-width: 640px) 100vw, 640px\" \/> <img decoding=\"async\" class=\"alignleft size-large wp-image-1178\" src=\"https:\/\/sites.usp.br\/pgonco\/wp-content\/uploads\/sites\/850\/2022\/11\/Bloco-3-1024x679.png\" alt=\"\" width=\"640\" height=\"424\" srcset=\"https:\/\/sites.usp.br\/pgonco\/wp-content\/uploads\/sites\/850\/2022\/11\/Bloco-3-1024x679.png 1024w, https:\/\/sites.usp.br\/pgonco\/wp-content\/uploads\/sites\/850\/2022\/11\/Bloco-3-300x199.png 300w, https:\/\/sites.usp.br\/pgonco\/wp-content\/uploads\/sites\/850\/2022\/11\/Bloco-3-768x510.png 768w, https:\/\/sites.usp.br\/pgonco\/wp-content\/uploads\/sites\/850\/2022\/11\/Bloco-3.png 1498w\" sizes=\"(max-width: 640px) 100vw, 640px\" \/> <img loading=\"lazy\" decoding=\"async\" class=\"alignleft size-large wp-image-1180\" src=\"https:\/\/sites.usp.br\/pgonco\/wp-content\/uploads\/sites\/850\/2022\/11\/Bloco-4-1024x793.png\" alt=\"\" width=\"640\" height=\"496\" srcset=\"https:\/\/sites.usp.br\/pgonco\/wp-content\/uploads\/sites\/850\/2022\/11\/Bloco-4-1024x793.png 1024w, https:\/\/sites.usp.br\/pgonco\/wp-content\/uploads\/sites\/850\/2022\/11\/Bloco-4-300x232.png 300w, https:\/\/sites.usp.br\/pgonco\/wp-content\/uploads\/sites\/850\/2022\/11\/Bloco-4-768x595.png 768w, https:\/\/sites.usp.br\/pgonco\/wp-content\/uploads\/sites\/850\/2022\/11\/Bloco-4.png 1498w\" sizes=\"(max-width: 640px) 100vw, 640px\" \/><img loading=\"lazy\" decoding=\"async\" class=\"alignleft size-large wp-image-1179\" src=\"https:\/\/sites.usp.br\/pgonco\/wp-content\/uploads\/sites\/850\/2022\/11\/Bloco-5-1024x741.png\" alt=\"\" width=\"640\" height=\"463\" srcset=\"https:\/\/sites.usp.br\/pgonco\/wp-content\/uploads\/sites\/850\/2022\/11\/Bloco-5-1024x741.png 1024w, https:\/\/sites.usp.br\/pgonco\/wp-content\/uploads\/sites\/850\/2022\/11\/Bloco-5-300x217.png 300w, https:\/\/sites.usp.br\/pgonco\/wp-content\/uploads\/sites\/850\/2022\/11\/Bloco-5-768x556.png 768w, https:\/\/sites.usp.br\/pgonco\/wp-content\/uploads\/sites\/850\/2022\/11\/Bloco-5.png 1498w\" sizes=\"(max-width: 640px) 100vw, 640px\" \/><\/p>\n<p>&nbsp;<\/p>\n<p>&nbsp;<\/p>\n<p>&nbsp;<\/p>\n<p>&nbsp;<\/p>\n<p>&nbsp;<\/p>\n<p>&nbsp;<\/p>\n<p>&nbsp;<\/p>\n<p>&nbsp;<\/p>\n<p>&nbsp;<\/p>\n<p>&nbsp;<\/p>\n<p>&nbsp;<\/p>\n<p>&nbsp;<\/p>\n<p>&nbsp;<\/p>\n<p>&nbsp;<\/p>\n<p>&nbsp;<\/p>\n<p>&nbsp;<\/p>\n<p>&nbsp;<\/p>\n","protected":false},"excerpt":{"rendered":"<p>II Workshop dos Programas de P\u00f3s-Gradua\u00e7\u00e3o em Oncologia Cl\u00ednica, C\u00e9lulas-Tronco e Terapia Celular e Mestrado Profissional em Hemoterapia e Biotecnologia O II Workshop dos Programas de P\u00f3s-Gradua\u00e7\u00e3o em Oncologia Cl\u00ednica, C\u00e9lulas-Tronco e Terapia Celular e Mestrado Profissional em Hemoterapia e Biotecnologia ser\u00e1 realizado no dia 10 de novembro de 2022 no Anfiteatro Vermelho do Hemocentro<a href=\"https:\/\/sites.usp.br\/pgonco\/workshop\/\">[&#8230;]<\/a><\/p>\n","protected":false},"author":453,"featured_media":0,"parent":0,"menu_order":0,"comment_status":"closed","ping_status":"closed","template":"","meta":{"footnotes":"","_links_to":"","_links_to_target":""},"class_list":["post-1144","page","type-page","status-publish","hentry"],"_links":{"self":[{"href":"https:\/\/sites.usp.br\/pgonco\/wp-json\/wp\/v2\/pages\/1144","targetHints":{"allow":["GET"]}}],"collection":[{"href":"https:\/\/sites.usp.br\/pgonco\/wp-json\/wp\/v2\/pages"}],"about":[{"href":"https:\/\/sites.usp.br\/pgonco\/wp-json\/wp\/v2\/types\/page"}],"author":[{"embeddable":true,"href":"https:\/\/sites.usp.br\/pgonco\/wp-json\/wp\/v2\/users\/453"}],"replies":[{"embeddable":true,"href":"https:\/\/sites.usp.br\/pgonco\/wp-json\/wp\/v2\/comments?post=1144"}],"version-history":[{"count":5,"href":"https:\/\/sites.usp.br\/pgonco\/wp-json\/wp\/v2\/pages\/1144\/revisions"}],"predecessor-version":[{"id":1184,"href":"https:\/\/sites.usp.br\/pgonco\/wp-json\/wp\/v2\/pages\/1144\/revisions\/1184"}],"wp:attachment":[{"href":"https:\/\/sites.usp.br\/pgonco\/wp-json\/wp\/v2\/media?parent=1144"}],"curies":[{"name":"wp","href":"https:\/\/api.w.org\/{rel}","templated":true}]}}