{"id":1356,"date":"2025-08-08T11:39:24","date_gmt":"2025-08-08T14:39:24","guid":{"rendered":"https:\/\/sites.usp.br\/pgonco\/?page_id=1356"},"modified":"2025-08-08T11:39:24","modified_gmt":"2025-08-08T14:39:24","slug":"eventos","status":"publish","type":"page","link":"https:\/\/sites.usp.br\/pgonco\/eventos\/","title":{"rendered":"Eventos"},"content":{"rendered":"<p><b>Curso de Ver\u00e3o Genoma, Proteoma e Universo Celular<\/b><\/p>\n<p><span style=\"font-weight: 400;\">O curso de extens\u00e3o \u201cCurso de Ver\u00e3o: Genoma, Proteoma e Universo Celular\u201d, promovido anualmente pelo PPG em OCCTTC em parceria com a Funda\u00e7\u00e3o Hemocentro de RP, \u00e9 um importante instrumento de divulga\u00e7\u00e3o cient\u00edfica. Organizado por alunos e docentes do PPG, o curso \u00e9 voltado a estudantes de gradua\u00e7\u00e3o da \u00e1rea da sa\u00fade e ci\u00eancias biol\u00f3gicas. Com a pandemia, o evento foi suspenso em 2021 e adaptado para o formato online em 2022 e 2023, e h\u00edbrido em 2024, o que ampliou sua abrang\u00eancia em 400% entre 2018 e 2023. Atingiu estudantes de 5 pa\u00edses, 26 estados e 375 cidades brasileiras, com inscri\u00e7\u00f5es concentradas na Regi\u00e3o Sudeste (56%). Os n\u00fameros de participantes foram 1590 (2022), 1337 (2023) e 1419 (2024); a maioria com ensino superior incompleto (52%) ou completo (23%) (<\/span><a href=\"https:\/\/www.youtube.com\/@hemocentrorp\"><span style=\"font-weight: 400;\">https:\/\/www.youtube.com\/@hemocentrorp<\/span><\/a><span style=\"font-weight: 400;\">).<\/span><\/p>\n<p>&nbsp;<\/p>\n<p><b>Simp\u00f3sio de Susceptibilidade Gen\u00e9tica Aplicada \u00e0 Sa\u00fade<\/b><\/p>\n<p><span style=\"font-weight: 400;\">O evento \u201cSimp\u00f3sio sobre susceptibilidade gen\u00e9tica aplicada \u00e0 sa\u00fade\u201d teve como objetivo discutir as implica\u00e7\u00f5es da variabilidade gen\u00e9tica na sa\u00fade humana. O evento foi coordenado pelo orientador permanente do PPG, Leandro Machado Colli, organizado em parceria com o Genomas SUS e o DECIT-MS, recebeu financiamento FAPESP,\u00a0 de 18 e 20\/11\/2024 no Anfiteatro da FMRP USP (<\/span><a href=\"https:\/\/doity.com.br\/simposio-de-susceptibilidade-genetica-aplicada-a-saude\"><span style=\"font-weight: 400;\">https:\/\/doity.com.br\/simposio-de-susceptibilidade-genetica-aplicada-a-saude<\/span><\/a><span style=\"font-weight: 400;\">). O evento incluiu palestras de orientadores do PPG e apresenta\u00e7\u00e3o de trabalhos em formato de posters pelos discentes do PPG em OCCTTC. Cita-se os pesquisadores internacionais que participaram do evento como palestrantes e como avaliadores de posteres: Stephen Chanock, Dr. Mitchell Machiela, Jiyeon Choi, Timothy A. Myers e Roelof Koster.<\/span><\/p>\n<p>&nbsp;<\/p>\n<p><b>American Association for Cancer Research on Campus 2024<\/b><\/p>\n<p><span style=\"font-weight: 400;\">Em 2024, o AACR (American Association for Cancer Research) on Campus se uniu ao Instituto do C\u00e2ncer de S\u00e3o Paulo e \u00e0 Universidade de S\u00e3o Paulo (USP) para realizar edi\u00e7\u00f5es do evento \u201cAACR on Campus 2024\u201d nas cidades de S\u00e3o Paulo e Ribeir\u00e3o Preto. O evento foi realizado no Hemocentro de RP na data de 22 a 23\/02\/2024 e foi coordenado pelo Prof. Leandro Machado Colli, orientador permanente do PPG. O AACR on Campus \u2013Defeating Cancer through Global Education and Training \u00e9 um programa de extens\u00e3o cooperativa que oferece a profissionais em in\u00edcio de carreira perspectivas locais e globais sobre tend\u00eancias e inova\u00e7\u00f5es na pesquisa do c\u00e2ncer. Os palestrantes internacionais presentes foram: Luis Diaz, Patricia LoRusso, Thomas Marron, Dr. Renata Pasqualini. Os palestrantes nacionais inclu\u00edram pelo menos 5 orientadores permanentes do PPG. Os discentes e egressos do programa e de outras IES do Brasil tiveram a oportunidade de apresentar o seu trabalho no formato de posteres e concorrer a premia\u00e7\u00e3o para receber uma bolsa de viagem no valor de $2.500 USD para participa\u00e7\u00e3o na Reuni\u00e3o Anual da AACR 2025. Uma das alunas do PPG em OCCTTC foi indicada para o pr\u00eamio, Manuela Albuquerque de Melo (<\/span><a href=\"https:\/\/myaacr.aacr.org\/LiveEventsList?ac__id=a4j8W0000019qoR\"><span style=\"font-weight: 400;\">https:\/\/myaacr.aacr.org\/LiveEventsList?ac__id=a4j8W0000019qoR<\/span><\/a><span style=\"font-weight: 400;\">).<\/span><\/p>\n<p>&nbsp;<\/p>\n<p><b>Workshop do Programa<\/b><\/p>\n<p><span style=\"font-weight: 400;\">Al\u00e9m dos cursos de extens\u00e3o, o programa manteve a realiza\u00e7\u00e3o dos seus workshops cient\u00edficos. O II Workshop dos Programas de P\u00f3s-Gradua\u00e7\u00e3o em Oncologia Cl\u00ednica, C\u00e9lulas-Tronco e Terapia Celular e do Mestrado Profissional em Hemoterapia e Biotecnologia, realizado no dia 10 de novembro de 2022 no Hemocentro de Ribeir\u00e3o Preto, foi um evento cient\u00edfico que reuniu alunos, docentes e pesquisadores para discutir avan\u00e7os nas \u00e1reas de oncologia, terapia celular, biotecnologia e medicina transfusional. O workshop foi organizado em cinco sess\u00f5es tem\u00e1ticas, combinando palestras de convidados especialistas com apresenta\u00e7\u00f5es orais de alunos dos programas de p\u00f3s-gradua\u00e7\u00e3o: (a) Biomarcadores Tumorais, (b) C\u00e9lulas-Tronco Som\u00e1ticas, (c) C\u00e9lulas-Tronco Neopl\u00e1sicas, (d) Hemoterapia e Medicina Transfusional, (e) Biotecnologia e Terapia Celular: O evento foi encerrado com uma cerim\u00f4nia de premia\u00e7\u00e3o, reconhecendo os melhores trabalhos apresentados na forma de apresenta\u00e7\u00e3o oral e na forma de p\u00f4steres. O workshop destacou-se pela integra\u00e7\u00e3o entre ci\u00eancia b\u00e1sica e aplicada, promovendo um ambiente colaborativo e inovador entre os participantes, contando com a participa\u00e7\u00e3o do pesquisador internacional Robert S. Welner da Universidade do Alabama (<\/span><a href=\"https:\/\/sites.usp.br\/pgmphb\/\"><span style=\"font-weight: 400;\">https:\/\/sites.usp.br\/pgmphb\/<\/span><\/a><span style=\"font-weight: 400;\">).<\/span><\/p>\n<p>&nbsp;<\/p>\n<p><b>Outras a\u00e7\u00f5es de divulga\u00e7\u00e3o de conhecimento cient\u00edfico para a sociedade<\/b><\/p>\n<p><span style=\"font-weight: 400;\">Ao longo dos \u00faltimos quatro anos, o Hemocentro de Ribeir\u00e3o Preto e o seu \u201cCentro de Terapia Celular (CTC-USP)\u201d fortaleceram sua miss\u00e3o de popularizar o conhecimento cient\u00edfico por meio de diversas iniciativas de difus\u00e3o, consolidando sua atua\u00e7\u00e3o tanto no meio acad\u00eamico quanto junto \u00e0 sociedade: A utiliza\u00e7\u00e3o de v\u00eddeo como recurso paradid\u00e1tico \u00e9 de vital import\u00e2ncia para a democratiza\u00e7\u00e3o da ci\u00eancia. A TV Hemocentro em conjunto com o Programa de Oncologia Cl\u00ednica, C\u00e9lulas-Tronco e Terapia Celular presta um importante papel a esta causa, produzindo entrevistas, document\u00e1rios e v\u00eddeos-aulas de excelente qualidade, promovendo divulga\u00e7\u00e3o cient\u00edfica, apoiando e difundindo o conhecimento cient\u00edfico, conforme detalhado a seguir (<\/span><a href=\"https:\/\/www.youtube.com\/user\/hemocentroribeirao\"><span style=\"font-weight: 400;\">https:\/\/www.youtube.com\/user\/hemocentroribeirao<\/span><\/a><span style=\"font-weight: 400;\">).<\/span><\/p>\n","protected":false},"excerpt":{"rendered":"<p>Curso de Ver\u00e3o Genoma, Proteoma e Universo Celular O curso de extens\u00e3o \u201cCurso de Ver\u00e3o: Genoma, Proteoma e Universo Celular\u201d, promovido anualmente pelo PPG em OCCTTC em parceria com a Funda\u00e7\u00e3o Hemocentro de RP, \u00e9 um importante instrumento de divulga\u00e7\u00e3o cient\u00edfica. Organizado por alunos e docentes do PPG, o curso \u00e9 voltado a estudantes de<a href=\"https:\/\/sites.usp.br\/pgonco\/eventos\/\">[&#8230;]<\/a><\/p>\n","protected":false},"author":23292,"featured_media":0,"parent":0,"menu_order":0,"comment_status":"closed","ping_status":"closed","template":"","meta":{"footnotes":"","_links_to":"","_links_to_target":""},"class_list":["post-1356","page","type-page","status-publish","hentry"],"_links":{"self":[{"href":"https:\/\/sites.usp.br\/pgonco\/wp-json\/wp\/v2\/pages\/1356","targetHints":{"allow":["GET"]}}],"collection":[{"href":"https:\/\/sites.usp.br\/pgonco\/wp-json\/wp\/v2\/pages"}],"about":[{"href":"https:\/\/sites.usp.br\/pgonco\/wp-json\/wp\/v2\/types\/page"}],"author":[{"embeddable":true,"href":"https:\/\/sites.usp.br\/pgonco\/wp-json\/wp\/v2\/users\/23292"}],"replies":[{"embeddable":true,"href":"https:\/\/sites.usp.br\/pgonco\/wp-json\/wp\/v2\/comments?post=1356"}],"version-history":[{"count":1,"href":"https:\/\/sites.usp.br\/pgonco\/wp-json\/wp\/v2\/pages\/1356\/revisions"}],"predecessor-version":[{"id":1359,"href":"https:\/\/sites.usp.br\/pgonco\/wp-json\/wp\/v2\/pages\/1356\/revisions\/1359"}],"wp:attachment":[{"href":"https:\/\/sites.usp.br\/pgonco\/wp-json\/wp\/v2\/media?parent=1356"}],"curies":[{"name":"wp","href":"https:\/\/api.w.org\/{rel}","templated":true}]}}