{"id":731,"date":"2021-02-05T10:35:58","date_gmt":"2021-02-05T13:35:58","guid":{"rendered":"https:\/\/sites.usp.br\/pgonco\/?page_id=731"},"modified":"2024-01-31T16:06:16","modified_gmt":"2024-01-31T19:06:16","slug":"alunos-regulares","status":"publish","type":"page","link":"https:\/\/sites.usp.br\/pgonco\/alunos-regulares\/","title":{"rendered":"Alunos Regulares"},"content":{"rendered":"<p><a href=\"http:\/\/cpg.fmrp.usp.br\/alunos\/regulares\"><span style=\"font-weight: 400;\">(Matr\u00edcula semestral, Solicita\u00e7\u00f5es de Alunos, Declara\u00e7\u00f5es, Defesas, Alunos Estrangeiros)\u00a0\u00a0<\/span><\/a><\/p>\n<p style=\"text-align: justify;\"><b>&#8211; BOLSAS E AUX\u00cdLIOS<\/b><\/p>\n<p style=\"text-align: justify;\"><span style=\"font-weight: 400;\">A concess\u00e3o de bolsas provenientes do CNPq e da CAPES de responsabilidade do programa ser\u00e1 feita conforme disponibilidade, conforme os seguintes crit\u00e9rios:<\/span><\/p>\n<ul style=\"text-align: justify;\">\n<li style=\"font-weight: 400;\" aria-level=\"1\"><span style=\"font-weight: 400;\">Classifica\u00e7\u00e3o no exame de ingresso;<\/span><\/li>\n<li style=\"font-weight: 400;\" aria-level=\"1\"><span style=\"font-weight: 400;\">N\u00edvel socioecon\u00f4mico;<\/span><\/li>\n<li style=\"font-weight: 400;\" aria-level=\"1\"><span style=\"font-weight: 400;\">Dedica\u00e7\u00e3o integral ao curso;<\/span><\/li>\n<li style=\"font-weight: 400;\" aria-level=\"1\"><span style=\"font-weight: 400;\">Respeito aos crit\u00e9rios exigidos pelas ag\u00eancias de fomento que fornecem as bolsas, devendo o aluno assinar um termo de compromisso atestando as informa\u00e7\u00f5es no ato do recebimento.<\/span><\/li>\n<li style=\"font-weight: 400;\" aria-level=\"1\"><span style=\"font-weight: 400;\">Cumprimento com os prazos de relat\u00f3rios cient\u00edficos<\/span><\/li>\n<li style=\"font-weight: 400;\" aria-level=\"1\"><a href=\"http:\/\/cpg.fmrp.usp.br\/alunos\/bolsas-e-auxilios\"><span style=\"font-weight: 400;\">Mais informa\u00e7\u00f5es<\/span><\/a><\/li>\n<\/ul>\n<p style=\"text-align: justify;\"><b>&#8211; EXAME DE QUALIFICA\u00c7\u00c3O<\/b><span style=\"font-weight: 400;\">\u00a0<\/span><\/p>\n<div style=\"text-align: justify;\"><b>PARA A INSCRI\u00c7\u00c3O NO\u00a0<span class=\"il\">EXAME<\/span>\u00a0<span class=\"il\">DE<\/span>\u00a0<span class=\"il\">QUALIFICA\u00c7\u00c3O<\/span><\/b><\/div>\n<p style=\"text-align: justify;\"><span style=\"font-weight: 400;\">Os requisitos s\u00e3o:<br \/>\n&#8211; ter completado no m\u00ednimo 10 cr\u00e9ditos em disciplina para a realiza\u00e7\u00e3o <span class=\"il\">do<\/span>\u00a0<span class=\"il\">exame<\/span>, at\u00e9 na data\u00a0<span class=\"il\">de<\/span>\u00a0inscri\u00e7\u00e3o;<br \/>\n&#8211; ter atendido as Diretrizes\u00a0<span class=\"il\">de<\/span>\u00a0Integridade Cient\u00edfica e Boas Pr\u00e1ticas em Pesquisa na FMRP;<br \/>\n&#8211; ter sido aprovado em todos os Relat\u00f3rios semestrais;<br \/>\n&#8211; ter submetido o projeto ao CEP.<\/span><\/p>\n<div style=\"text-align: justify;\">\n<div>Os documentos necess\u00e1rios s\u00e3o:<\/div>\n<div>At\u00e9 o prazo\u00a0<span class=\"il\">de<\/span>\u00a0inscri\u00e7\u00e3o no\u00a0<span class=\"il\">exame<\/span>\u00a0(considerar dias \u00fateis), o discente dever\u00e1 encaminhar para o email\u00a0<span class=\"il\">do<\/span>\u00a0Programa, os seguintes documentos:<\/div>\n<div>&#8211; Formul\u00e1rio\u00a0<span class=\"il\">de<\/span>\u00a0inscri\u00e7\u00e3o no\u00a0<span class=\"il\">exame<\/span>\u00a0<span class=\"il\">de<\/span>\u00a0<span class=\"il\">qualifica\u00e7\u00e3o, <a href=\"https:\/\/sites.usp.br\/pgonco\/wp-content\/uploads\/sites\/850\/2024\/01\/FORMULARIO-DE-INSCRICAO-DO-EXAME-DE-QUALIFICACAO-OCTC.docx\" target=\"_blank\" rel=\"noopener\">CLIQUE AQUI<\/a><\/span>;<\/div>\n<div>&#8211; Arquivo da disserta\u00e7\u00e3o\/tese\u00a0<span class=\"il\">do<\/span>\u00a0<span class=\"il\">exame<\/span>\u00a0<span class=\"il\">de<\/span>\u00a0<span class=\"il\">qualifica\u00e7\u00e3o<\/span>\u00a0(*);<\/div>\n<div>&#8211; Comprovante\u00a0<span class=\"il\">de<\/span>\u00a0submiss\u00e3o\u00a0<span class=\"il\">do<\/span>\u00a0projeto ao Comit\u00ea\u00a0<span class=\"il\">de<\/span>\u00a0\u00c9tica em Pesquisa ou equivalente;<\/div>\n<div>Ap\u00f3s a inscri\u00e7\u00e3o, o discente ter\u00e1 at\u00e9 90 dias para agendar e realizar o\u00a0<span class=\"il\">exame<\/span>\u00a0<span class=\"il\">de<\/span>\u00a0<span class=\"il\">qualifica\u00e7\u00e3o<\/span>. A indica\u00e7\u00e3o da banca ser\u00e1 analisada pela CCP e ser\u00e1 informado por email a composi\u00e7\u00e3o final.<\/div>\n<p>(*) O trabalho para\u00a0<span class=\"il\">exame<\/span>\u00a0<span class=\"il\">de<\/span>\u00a0<span class=\"il\">qualifica\u00e7\u00e3o<\/span>, deve ser Documento em formato\u00a0<span class=\"il\">de<\/span>\u00a0disserta\u00e7\u00e3o\/tese, contendo os elementos textuais exigidos pelo PPG em Oncologia Cl\u00ednica, C\u00e9lulas-Tronco e Terapia Celular para disserta\u00e7\u00e3o\/tese (Introdu\u00e7\u00e3o, Justificativa e Objetivos, Metodologia, Resultados obtidos, Planejamento Futuro e Refer\u00eancias Bibliogr\u00e1ficas), sem necessidade\u00a0<span class=\"il\">de<\/span>\u00a0todos os elementos pr\u00e9-textuais da Disserta\u00e7\u00e3o\/Tese definitiva.<\/p>\n<\/div>\n<div style=\"text-align: justify;\">\n<div><b>O\u00a0<span class=\"il\">EXAME<\/span>\u00a0<span class=\"il\">DE<\/span>\u00a0<span class=\"il\">QUALIFICA\u00c7\u00c3O<\/span><\/b><\/div>\n<div>Na ocasi\u00e3o da realiza\u00e7\u00e3o\u00a0<span class=\"il\">do<\/span>\u00a0<span class=\"il\">exame<\/span>, o discente dever\u00e1 verificar a disponibilidade da banca (membros titulares) e enviar ao programa, por email, com 10 dias\u00a0<span class=\"il\">de<\/span>\u00a0anteced\u00eancia as seguintes informa\u00e7\u00f5es:<\/div>\n<div>&#8211; Dia;<\/div>\n<div>&#8211; Hor\u00e1rio (recomenda\u00e7\u00e3o para o agendamento a partir das 8:30h para o per\u00edodo da manh\u00e3 e \u00e0s 13:30h para o per\u00edodo da tarde);<\/div>\n<div>&#8211; Prefer\u00eancia\u00a0<span class=\"il\">do<\/span>\u00a0local; (*)<\/div>\n<div>\n<p>&#8211; Modalidade: presencial, h\u00edbrida ou remota. (**)<\/p>\n<div>(*) A Se\u00e7\u00e3o\u00a0<span class=\"il\">de<\/span>\u00a0P\u00f3s-gradua\u00e7\u00e3o da FMRP, localizada na Rua Pedreira\u00a0<span class=\"il\">de<\/span>\u00a0Freitas, casa 02, possui salas equipadas para a realiza\u00e7\u00e3o dos\u00a0<span class=\"il\">exames<\/span>\u00a0<span class=\"il\">de<\/span>\u00a0<span class=\"il\">qualifica\u00e7\u00e3o<\/span>\u00a0e defesas, com suporte\u00a0<span class=\"il\">de<\/span>\u00a0T.I para gest\u00e3o\u00a0<span class=\"il\">de<\/span>\u00a0link e possibilidade\u00a0<span class=\"il\">de<\/span>\u00a0transmiss\u00e3o pelo Youtube. As salas\u00a0<span class=\"il\">do<\/span>\u00a0Hemocentro tamb\u00e9m estar\u00e3o dispon\u00edveis para a realiza\u00e7\u00e3o das atividades, contudo o link\u00a0<span class=\"il\">do<\/span>\u00a0google meet ser\u00e1 criado pela secretaria e realizada a transfer\u00eancia da propriedade para o orientador(a), sendo\u00a0<span class=\"il\">de<\/span>\u00a0responsabilidade dele a gest\u00e3o, n\u00e3o sendo obrigat\u00f3rio a transmiss\u00e3o pelo Youtube.<\/div>\n<\/div>\n<div>(**) Presencial (aluno e presidente presentes na Unidade); H\u00edbrido (pelo menos um membro da banca na Unidade, sem a necessidade\u00a0<span class=\"il\">do<\/span>\u00a0aluno estar presente) e Remoto (aluno, presidente e membros remotos), com necessidade\u00a0<span class=\"il\">de<\/span>\u00a0envio da justificativa\u00a0<span class=\"il\">de<\/span>\u00a0excepcionalidade.<\/div>\n<\/div>\n<div style=\"text-align: justify;\"><\/div>\n<div style=\"text-align: justify;\">A oficializa\u00e7\u00e3o\u00a0<span class=\"il\">do<\/span>\u00a0<span class=\"il\">exame<\/span>\u00a0<span class=\"il\">de<\/span>\u00a0<span class=\"il\">qualifica\u00e7\u00e3o<\/span>\u00a0ser\u00e1 realizada pela secretaria\u00a0<span class=\"il\">do<\/span>\u00a0programa, com o envio dos documentos aos membros da comiss\u00e3o julgadora.<\/div>\n<table>\n<tbody>\n<tr>\n<td><span style=\"font-weight: 400;\">NORMAS PARA <\/span><span style=\"font-weight: 400;\">REALIZA\u00c7\u00c3O<\/span><span style=\"font-weight: 400;\"> E <\/span><span style=\"font-weight: 400;\">JULGAMENTO<\/span><span style=\"font-weight: 400;\"> DO EXAME DE QUALIFICA\u00c7\u00c3O (MESTRADO, DOUTORADO E DOUTORADO DIRETO) (Regimento 7493)<\/span><br \/>\n<i><span style=\"font-weight: 400;\">1. O objetivo do exame de qualifica\u00e7\u00e3o no MESTRADO, DOUTORADO e DOUTORADO \u00e9 avaliar o conhecimento adquirido em disciplinas e sobre o tema de seu projeto, al\u00e9m da capacidade do estudante em desenvolver, de forma independente, o seu projeto dentro de sua \u00e1rea de pesquisa.<\/span><\/i><br \/>\n<i><span style=\"font-weight: 400;\">2. O exame de qualifica\u00e7\u00e3o constar\u00e1 de uma apresenta\u00e7\u00e3o p\u00fablica de, no m\u00ednimo 30 (trinta) e, no m\u00e1ximo, 60 (sessenta) minutos, na qual o candidato apresentar\u00e1 o<\/span><\/i><span style=\"font-weight: 400;\"> andamento do projeto de pesquisa no formato de disserta\u00e7\u00e3o\/tese incluindo Introdu\u00e7\u00e3o sobre o tema, Justificativa e Objetivos, Resultados alcan\u00e7ados, Discuss\u00e3o e Planejamento futuro. <\/span><i><span style=\"font-weight: 400;\">A seguir, dever\u00e1 haver argui\u00e7\u00e3o individual pelos Membros da Comiss\u00e3o Julgadora. Ser\u00e3o julgados conhecimento, viabilidade da finaliza\u00e7\u00e3o do projeto e capacidade did\u00e1tica do candidato de apresentar o tema.<\/span><\/i><br \/>\n<i><span style=\"font-weight: 400;\">3. Sugere-se que cada examinador utilize o tempo m\u00e1ximo de 30 (trinta) minutos para arguir o candidato, incluindo o tempo de resposta do mesmo.<\/span><\/i><br \/>\n<i><span style=\"font-weight: 400;\">4. Encerrada a argui\u00e7\u00e3o, a Comiss\u00e3o Julgadora reunir-se-\u00e1 em sess\u00e3o secreta na qual cada examinador expressar\u00e1 seu julgamento, considerando o candidato aprovado ou reprovado. Cada examinador que expressar pela reprova\u00e7\u00e3o do candidato apresentar\u00e1 seu parecer, que ser\u00e1 anexado ao relat\u00f3rio da Comiss\u00e3o Julgadora.<\/span><\/i><br \/>\n<i><span style=\"font-weight: 400;\">5. O resultado ser\u00e1 divulgado publicamente pela Comiss\u00e3o Julgadora, considerando-se habilitado o candidato que for aprovado pela maioria dos examinadores.<\/span><\/i><\/td>\n<\/tr>\n<\/tbody>\n<\/table>\n<p><b>&#8211; RELAT\u00d3RIOS SEMESTRAIS<\/b><\/p>\n<p><span style=\"font-weight: 400;\">Conforme Regulamento do Programa:<\/span><\/p>\n<p><span style=\"font-weight: 400;\">IX \u2013 AVALIA\u00c7\u00c3O DO DESEMPENHO ACAD\u00caMICO E CIENT\u00cdFICO DO ALUNO<\/span><\/p>\n<p><span style=\"font-weight: 400;\">IX.1 Os estudantes ser\u00e3o avaliados semestralmente atrav\u00e9s de seus relat\u00f3rios de atividades. Os relat\u00f3rios dever\u00e3o ser entregues semestralmente pelo estudante de acordo com o cronograma estabelecido pela CCP, divulgado pela secretaria e publicado na p\u00e1gina eletr\u00f4nica do Programa.<\/span><\/p>\n<p><span style=\"font-weight: 400;\">IX.2 O relat\u00f3rio dever\u00e1 conter um resumo do projeto de pesquisa do estudante, descri\u00e7\u00e3o das atividades realizadas e do cumprimento das metas planejadas, planejamento ou replanejamento das atividades futuras. Dever\u00e1 tamb\u00e9m ser acompanhado com a avalia\u00e7\u00e3o, pelo orientador, do desempenho acad\u00eamico e cient\u00edfico do aluno.<\/span><\/p>\n<p><span style=\"font-weight: 400;\">IX.3 O estudante que tiver seu relat\u00f3rio reprovado dever\u00e1 providenciar a entrega de novo relat\u00f3rio no prazo m\u00e1ximo de 30 (trinta) dias, contados a partir da data de divulga\u00e7\u00e3o do resultado da avalia\u00e7\u00e3o pela secretaria do Programa.<\/span><\/p>\n<p><span style=\"font-weight: 400;\">IX.4 Al\u00e9m das regras estabelecidas no Regimento de P\u00f3s-Gradua\u00e7\u00e3o da USP, o estudante poder\u00e1 ser desligado do programa de p\u00f3s-gradua\u00e7\u00e3o, em qualquer um dos cursos (Mestrado, Doutorado e Doutorado Direto), se ocorrer uma das seguintes situa\u00e7\u00f5es:<\/span><\/p>\n<ol>\n<li><span style=\"font-weight: 400;\">a) reprova\u00e7\u00e3o do relat\u00f3rio semestral de atividades por duas vezes consecutivas;<\/span><\/li>\n<li><span style=\"font-weight: 400;\">b) n\u00e3o entregar o relat\u00f3rio semestral na data limite prevista no calend\u00e1rio anual, divulgado pela secretaria de p\u00f3s-gradua\u00e7\u00e3o e na p\u00e1gina do programa na internet.<\/span><\/li>\n<li><span style=\"font-weight: 400;\">c) n\u00e3o cumprimento das atividades programadas estabelecidas no in\u00edcio do curso pelo orientador, junto com o aluno e com o aval da CCP.<\/span><\/li>\n<li><span style=\"font-weight: 400;\">d) falta \u00e9tica ou m\u00e1 conduta, acad\u00eamica ou cient\u00edfica, atestada, por escrito, por seu orientador, aprovada pela CCP e CPG, sendo garantida ampla defesa do aluno.<\/span><\/li>\n<\/ol>\n<p><span style=\"font-weight: 400;\">Os prazos para a entrega do formul\u00e1rio de atividades junto com o relat\u00f3rio semestral, expiram em 31\/08, referente ao primeiro semestre e 31\/01, referente ao segundo semestre.<\/span><\/p>\n<p><b>&#8211; PAE &#8211; Programa de Aperfei\u00e7oamento de Ensino<\/b><\/p>\n<p><span style=\"font-weight: 400;\">Para obter informa\u00e7\u00f5es, <\/span><a href=\"http:\/\/cpg.fmrp.usp.br\/alunos\/pae\"><span style=\"font-weight: 400;\">CLIQUE AQUI<\/span><\/a><\/p>\n<p><b>&#8211; Plataforma de ex-alunos USP<\/b><span style=\"font-weight: 400;\">: <\/span><a href=\"http:\/\/www.alumni.usp.br\"><span style=\"font-weight: 400;\">http:\/\/www.alumni.usp.br<\/span><\/a><\/p>\n<p><b>&#8211; Acesso ao Hemocentro de Ribeir\u00e3o Preto <a href=\"https:\/\/www.hemocentro.fmrp.usp.br\/contato\/\">https:\/\/www.hemocentro.fmrp.usp.br\/contato\/<\/a><\/b><\/p>\n<p><b>&#8211; Treinamentos de biosseguran\u00e7a<\/b><a href=\"https:\/\/www.hemocentro.fmrp.usp.br\/pesquisa\/cibio\/\"><span style=\"font-weight: 400;\"> https:\/\/www.hemocentro.fmrp.usp.br\/pesquisa\/cibio\/<\/span><\/a><\/p>\n<p><b>&#8211; Acesso \u00e0 rede wifi USP. <a href=\"https:\/\/eduroam.usp.br\/\">https:\/\/eduroam.usp.br\/<\/a><\/b><\/p>\n","protected":false},"excerpt":{"rendered":"<p>(Matr\u00edcula semestral, Solicita\u00e7\u00f5es de Alunos, Declara\u00e7\u00f5es, Defesas, Alunos Estrangeiros)\u00a0\u00a0 &#8211; BOLSAS E AUX\u00cdLIOS A concess\u00e3o de bolsas provenientes do CNPq e da CAPES de responsabilidade do programa ser\u00e1 feita conforme disponibilidade, conforme os seguintes crit\u00e9rios: Classifica\u00e7\u00e3o no exame de ingresso; N\u00edvel socioecon\u00f4mico; Dedica\u00e7\u00e3o integral ao curso; Respeito aos crit\u00e9rios exigidos pelas ag\u00eancias de fomento que<a href=\"https:\/\/sites.usp.br\/pgonco\/alunos-regulares\/\">[&#8230;]<\/a><\/p>\n","protected":false},"author":457,"featured_media":0,"parent":0,"menu_order":0,"comment_status":"closed","ping_status":"closed","template":"","meta":{"footnotes":"","_links_to":"","_links_to_target":""},"class_list":["post-731","page","type-page","status-publish","hentry"],"_links":{"self":[{"href":"https:\/\/sites.usp.br\/pgonco\/wp-json\/wp\/v2\/pages\/731","targetHints":{"allow":["GET"]}}],"collection":[{"href":"https:\/\/sites.usp.br\/pgonco\/wp-json\/wp\/v2\/pages"}],"about":[{"href":"https:\/\/sites.usp.br\/pgonco\/wp-json\/wp\/v2\/types\/page"}],"author":[{"embeddable":true,"href":"https:\/\/sites.usp.br\/pgonco\/wp-json\/wp\/v2\/users\/457"}],"replies":[{"embeddable":true,"href":"https:\/\/sites.usp.br\/pgonco\/wp-json\/wp\/v2\/comments?post=731"}],"version-history":[{"count":5,"href":"https:\/\/sites.usp.br\/pgonco\/wp-json\/wp\/v2\/pages\/731\/revisions"}],"predecessor-version":[{"id":1260,"href":"https:\/\/sites.usp.br\/pgonco\/wp-json\/wp\/v2\/pages\/731\/revisions\/1260"}],"wp:attachment":[{"href":"https:\/\/sites.usp.br\/pgonco\/wp-json\/wp\/v2\/media?parent=731"}],"curies":[{"name":"wp","href":"https:\/\/api.w.org\/{rel}","templated":true}]}}